{"id":5319,"date":"2019-01-24T11:16:00","date_gmt":"2019-01-24T11:16:00","guid":{"rendered":"https:\/\/www.ogbl.lu\/info-press\/ogbl-elections-sociales-2019-groupe-1"},"modified":"2023-04-06T14:33:32","modified_gmt":"2023-04-06T12:33:32","slug":"ogbl-elections-sociales-2019-groupe-1","status":"publish","type":"mediatheque","link":"https:\/\/www.ogbl.lu\/en\/mediatheque\/media\/ogbl-elections-sociales-2019-groupe-1\/","title":{"rendered":"OGBL &#8211; Elections sociales 2019 &#8211; Groupe 1"},"content":{"rendered":"<p>Vous travaillez dans le secteur de la sid\u00e9rurgie?<br \/>\n#elsoc2019<br \/>\nPrenez connaissance des engagements que prend l\u2019OGBL envers les salari\u00e9s dans votre secteur et d\u00e9couvrez \u00e9galement les candidats que pr\u00e9sente l\u2019OGBL dans votre groupe (groupe 1) pour les \u00e9lections de la Chambre des salari\u00e9s (ici: https:\/\/elsoc.lu\/group\/siderurgie\/).<br \/>\nVotez OGBL. Votez la liste 1. (Vid\u00e9o explicative \u00abComment voter aux \u00e9lections de la CSL?\u00bb: https:\/\/www.youtube.com\/watch?v=WzY-9YNKOSU)<\/p>\n","protected":false},"featured_media":5320,"template":"","type_mediatheque":[60],"syndicat":[70],"acf":[],"yoast_head":"<!-- This site is optimized with the Yoast SEO plugin v23.1 - https:\/\/yoast.com\/wordpress\/plugins\/seo\/ -->\r\n<title>OGBL - Elections sociales 2019 - Groupe 1 - OGBL<\/title>\r\n<meta name=\"robots\" content=\"index, follow, max-snippet:-1, max-image-preview:large, max-video-preview:-1\" \/>\r\n<link rel=\"canonical\" href=\"https:\/\/www.ogbl.lu\/mediatheque\/media\/ogbl-elections-sociales-2019-groupe-1\/\" \/>\r\n<meta property=\"og:locale\" content=\"en_US\" \/>\r\n<meta property=\"og:type\" content=\"article\" \/>\r\n<meta property=\"og:title\" content=\"OGBL - Elections sociales 2019 - Groupe 1 - OGBL\" \/>\r\n<meta property=\"og:description\" content=\"Vous travaillez dans le secteur de la sid\u00e9rurgie? #elsoc2019 Prenez connaissance des engagements que prend l\u2019OGBL envers les salari\u00e9s dans \u2026\" \/>\r\n<meta property=\"og:url\" content=\"https:\/\/www.ogbl.lu\/mediatheque\/media\/ogbl-elections-sociales-2019-groupe-1\/\" \/>\r\n<meta property=\"og:site_name\" content=\"OGBL\" \/>\r\n<meta property=\"article:modified_time\" content=\"2023-04-06T12:33:32+00:00\" \/>\r\n<meta property=\"og:image\" content=\"https:\/\/www.ogbl.lu\/wp-content\/uploads\/2019\/01\/sddefault-5.jpg\" \/>\r\n\t<meta property=\"og:image:width\" content=\"640\" \/>\r\n\t<meta property=\"og:image:height\" content=\"480\" \/>\r\n\t<meta property=\"og:image:type\" content=\"image\/jpeg\" \/>\r\n<meta name=\"twitter:card\" content=\"summary_large_image\" \/>\r\n<script type=\"application\/ld+json\" class=\"yoast-schema-graph\">{\"@context\":\"https:\/\/schema.org\",\"@graph\":[{\"@type\":\"WebPage\",\"@id\":\"https:\/\/www.ogbl.lu\/mediatheque\/media\/ogbl-elections-sociales-2019-groupe-1\/\",\"url\":\"https:\/\/www.ogbl.lu\/mediatheque\/media\/ogbl-elections-sociales-2019-groupe-1\/\",\"name\":\"OGBL - Elections sociales 2019 - Groupe 1 - OGBL\",\"isPartOf\":{\"@id\":\"https:\/\/www.ogbl.lu\/de\/#website\"},\"primaryImageOfPage\":{\"@id\":\"https:\/\/www.ogbl.lu\/mediatheque\/media\/ogbl-elections-sociales-2019-groupe-1\/#primaryimage\"},\"image\":{\"@id\":\"https:\/\/www.ogbl.lu\/mediatheque\/media\/ogbl-elections-sociales-2019-groupe-1\/#primaryimage\"},\"thumbnailUrl\":\"https:\/\/www.ogbl.lu\/wp-content\/uploads\/2019\/01\/sddefault-5.jpg\",\"datePublished\":\"2019-01-24T11:16:00+00:00\",\"dateModified\":\"2023-04-06T12:33:32+00:00\",\"breadcrumb\":{\"@id\":\"https:\/\/www.ogbl.lu\/mediatheque\/media\/ogbl-elections-sociales-2019-groupe-1\/#breadcrumb\"},\"inLanguage\":\"en-US\",\"potentialAction\":[{\"@type\":\"ReadAction\",\"target\":[\"https:\/\/www.ogbl.lu\/mediatheque\/media\/ogbl-elections-sociales-2019-groupe-1\/\"]}]},{\"@type\":\"ImageObject\",\"inLanguage\":\"en-US\",\"@id\":\"https:\/\/www.ogbl.lu\/mediatheque\/media\/ogbl-elections-sociales-2019-groupe-1\/#primaryimage\",\"url\":\"https:\/\/www.ogbl.lu\/wp-content\/uploads\/2019\/01\/sddefault-5.jpg\",\"contentUrl\":\"https:\/\/www.ogbl.lu\/wp-content\/uploads\/2019\/01\/sddefault-5.jpg\",\"width\":640,\"height\":480},{\"@type\":\"BreadcrumbList\",\"@id\":\"https:\/\/www.ogbl.lu\/mediatheque\/media\/ogbl-elections-sociales-2019-groupe-1\/#breadcrumb\",\"itemListElement\":[{\"@type\":\"ListItem\",\"position\":1,\"name\":\"Home\",\"item\":\"https:\/\/www.ogbl.lu\/\"},{\"@type\":\"ListItem\",\"position\":2,\"name\":\"OGBL &#8211; Elections sociales 2019 &#8211; Groupe 1\"}]},{\"@type\":\"WebSite\",\"@id\":\"https:\/\/www.ogbl.lu\/de\/#website\",\"url\":\"https:\/\/www.ogbl.lu\/de\/\",\"name\":\"OGBL\",\"description\":\"THE TRADE UNION\",\"publisher\":{\"@id\":\"https:\/\/www.ogbl.lu\/de\/#organization\"},\"potentialAction\":[{\"@type\":\"SearchAction\",\"target\":{\"@type\":\"EntryPoint\",\"urlTemplate\":\"https:\/\/www.ogbl.lu\/de\/?s={search_term_string}\"},\"query-input\":\"required name=search_term_string\"}],\"inLanguage\":\"en-US\"},{\"@type\":\"Organization\",\"@id\":\"https:\/\/www.ogbl.lu\/de\/#organization\",\"name\":\"OGBL\",\"url\":\"https:\/\/www.ogbl.lu\/de\/\",\"logo\":{\"@type\":\"ImageObject\",\"inLanguage\":\"en-US\",\"@id\":\"https:\/\/www.ogbl.lu\/de\/#\/schema\/logo\/image\/\",\"url\":\"https:\/\/www.ogbl.lu\/wp-content\/uploads\/2024\/07\/LOGO_Red_FR-svg.png\",\"contentUrl\":\"https:\/\/www.ogbl.lu\/wp-content\/uploads\/2024\/07\/LOGO_Red_FR-svg.png\",\"width\":369,\"height\":171,\"caption\":\"OGBL\"},\"image\":{\"@id\":\"https:\/\/www.ogbl.lu\/de\/#\/schema\/logo\/image\/\"}}]}<\/script>\r\n<!-- \/ Yoast SEO plugin. -->","yoast_head_json":{"title":"OGBL - Elections sociales 2019 - Groupe 1 - OGBL","robots":{"index":"index","follow":"follow","max-snippet":"max-snippet:-1","max-image-preview":"max-image-preview:large","max-video-preview":"max-video-preview:-1"},"canonical":"https:\/\/www.ogbl.lu\/mediatheque\/media\/ogbl-elections-sociales-2019-groupe-1\/","og_locale":"en_US","og_type":"article","og_title":"OGBL - Elections sociales 2019 - Groupe 1 - OGBL","og_description":"Vous travaillez dans le secteur de la sid\u00e9rurgie? #elsoc2019 Prenez connaissance des engagements que prend l\u2019OGBL envers les salari\u00e9s dans \u2026","og_url":"https:\/\/www.ogbl.lu\/mediatheque\/media\/ogbl-elections-sociales-2019-groupe-1\/","og_site_name":"OGBL","article_modified_time":"2023-04-06T12:33:32+00:00","og_image":[{"width":640,"height":480,"url":"https:\/\/www.ogbl.lu\/wp-content\/uploads\/2019\/01\/sddefault-5.jpg","type":"image\/jpeg"}],"twitter_card":"summary_large_image","schema":{"@context":"https:\/\/schema.org","@graph":[{"@type":"WebPage","@id":"https:\/\/www.ogbl.lu\/mediatheque\/media\/ogbl-elections-sociales-2019-groupe-1\/","url":"https:\/\/www.ogbl.lu\/mediatheque\/media\/ogbl-elections-sociales-2019-groupe-1\/","name":"OGBL - Elections sociales 2019 - Groupe 1 - OGBL","isPartOf":{"@id":"https:\/\/www.ogbl.lu\/de\/#website"},"primaryImageOfPage":{"@id":"https:\/\/www.ogbl.lu\/mediatheque\/media\/ogbl-elections-sociales-2019-groupe-1\/#primaryimage"},"image":{"@id":"https:\/\/www.ogbl.lu\/mediatheque\/media\/ogbl-elections-sociales-2019-groupe-1\/#primaryimage"},"thumbnailUrl":"https:\/\/www.ogbl.lu\/wp-content\/uploads\/2019\/01\/sddefault-5.jpg","datePublished":"2019-01-24T11:16:00+00:00","dateModified":"2023-04-06T12:33:32+00:00","breadcrumb":{"@id":"https:\/\/www.ogbl.lu\/mediatheque\/media\/ogbl-elections-sociales-2019-groupe-1\/#breadcrumb"},"inLanguage":"en-US","potentialAction":[{"@type":"ReadAction","target":["https:\/\/www.ogbl.lu\/mediatheque\/media\/ogbl-elections-sociales-2019-groupe-1\/"]}]},{"@type":"ImageObject","inLanguage":"en-US","@id":"https:\/\/www.ogbl.lu\/mediatheque\/media\/ogbl-elections-sociales-2019-groupe-1\/#primaryimage","url":"https:\/\/www.ogbl.lu\/wp-content\/uploads\/2019\/01\/sddefault-5.jpg","contentUrl":"https:\/\/www.ogbl.lu\/wp-content\/uploads\/2019\/01\/sddefault-5.jpg","width":640,"height":480},{"@type":"BreadcrumbList","@id":"https:\/\/www.ogbl.lu\/mediatheque\/media\/ogbl-elections-sociales-2019-groupe-1\/#breadcrumb","itemListElement":[{"@type":"ListItem","position":1,"name":"Home","item":"https:\/\/www.ogbl.lu\/"},{"@type":"ListItem","position":2,"name":"OGBL &#8211; Elections sociales 2019 &#8211; Groupe 1"}]},{"@type":"WebSite","@id":"https:\/\/www.ogbl.lu\/de\/#website","url":"https:\/\/www.ogbl.lu\/de\/","name":"OGBL","description":"THE TRADE UNION","publisher":{"@id":"https:\/\/www.ogbl.lu\/de\/#organization"},"potentialAction":[{"@type":"SearchAction","target":{"@type":"EntryPoint","urlTemplate":"https:\/\/www.ogbl.lu\/de\/?s={search_term_string}"},"query-input":"required name=search_term_string"}],"inLanguage":"en-US"},{"@type":"Organization","@id":"https:\/\/www.ogbl.lu\/de\/#organization","name":"OGBL","url":"https:\/\/www.ogbl.lu\/de\/","logo":{"@type":"ImageObject","inLanguage":"en-US","@id":"https:\/\/www.ogbl.lu\/de\/#\/schema\/logo\/image\/","url":"https:\/\/www.ogbl.lu\/wp-content\/uploads\/2024\/07\/LOGO_Red_FR-svg.png","contentUrl":"https:\/\/www.ogbl.lu\/wp-content\/uploads\/2024\/07\/LOGO_Red_FR-svg.png","width":369,"height":171,"caption":"OGBL"},"image":{"@id":"https:\/\/www.ogbl.lu\/de\/#\/schema\/logo\/image\/"}}]}},"_links":{"self":[{"href":"https:\/\/www.ogbl.lu\/en\/wp-json\/wp\/v2\/mediatheque\/5319"}],"collection":[{"href":"https:\/\/www.ogbl.lu\/en\/wp-json\/wp\/v2\/mediatheque"}],"about":[{"href":"https:\/\/www.ogbl.lu\/en\/wp-json\/wp\/v2\/types\/mediatheque"}],"wp:featuredmedia":[{"embeddable":true,"href":"https:\/\/www.ogbl.lu\/en\/wp-json\/wp\/v2\/media\/5320"}],"wp:attachment":[{"href":"https:\/\/www.ogbl.lu\/en\/wp-json\/wp\/v2\/media?parent=5319"}],"wp:term":[{"taxonomy":"type_mediatheque","embeddable":true,"href":"https:\/\/www.ogbl.lu\/en\/wp-json\/wp\/v2\/type_mediatheque?post=5319"},{"taxonomy":"syndicat","embeddable":true,"href":"https:\/\/www.ogbl.lu\/en\/wp-json\/wp\/v2\/syndicat?post=5319"}],"curies":[{"name":"wp","href":"https:\/\/api.w.org\/{rel}","templated":true}]}}

<p>Vous travaillez dans le secteur de la sidérurgie?<br />
#elsoc2019<br />
Prenez connaissance des engagements que prend l’OGBL envers les salariés dans votre secteur et découvrez également les candidats que présente l’OGBL dans votre groupe (groupe 1) pour les élections de la Chambre des salariés (ici: https://elsoc.lu/group/siderurgie/).<br />
Votez OGBL. Votez la liste 1. (Vidéo explicative «Comment voter aux élections de la CSL?»: https://www.youtube.com/watch?v=WzY-9YNKOSU)</p>

<!-- This site is optimized with the Yoast SEO plugin v23.1 - https://yoast.com/wordpress/plugins/seo/ -->
<title>OGBL - Elections sociales 2019 - Groupe 1 - OGBL</title>
<meta name="robots" content="index, follow, max-snippet:-1, max-image-preview:large, max-video-preview:-1" />
<link rel="canonical" href="https://www.ogbl.lu/mediatheque/media/ogbl-elections-sociales-2019-groupe-1/" />
<meta property="og:locale" content="en_US" />
<meta property="og:type" content="article" />
<meta property="og:title" content="OGBL - Elections sociales 2019 - Groupe 1 - OGBL" />
<meta property="og:description" content="Vous travaillez dans le secteur de la sidérurgie? #elsoc2019 Prenez connaissance des engagements que prend l’OGBL envers les salariés dans …" />
<meta property="og:url" content="https://www.ogbl.lu/mediatheque/media/ogbl-elections-sociales-2019-groupe-1/" />
<meta property="og:site_name" content="OGBL" />
<meta property="article:modified_time" content="2023-04-06T12:33:32+00:00" />
<meta property="og:image" content="https://www.ogbl.lu/wp-content/uploads/2019/01/sddefault-5.jpg" />
	<meta property="og:image:width" content="640" />
	<meta property="og:image:height" content="480" />
	<meta property="og:image:type" content="image/jpeg" />
<meta name="twitter:card" content="summary_large_image" />
<script type="application/ld+json" class="yoast-schema-graph">{"@context":"https://schema.org","@graph":[{"@type":"WebPage","@id":"https://www.ogbl.lu/mediatheque/media/ogbl-elections-sociales-2019-groupe-1/","url":"https://www.ogbl.lu/mediatheque/media/ogbl-elections-sociales-2019-groupe-1/","name":"OGBL - Elections sociales 2019 - Groupe 1 - OGBL","isPartOf":{"@id":"https://www.ogbl.lu/de/#website"},"primaryImageOfPage":{"@id":"https://www.ogbl.lu/mediatheque/media/ogbl-elections-sociales-2019-groupe-1/#primaryimage"},"image":{"@id":"https://www.ogbl.lu/mediatheque/media/ogbl-elections-sociales-2019-groupe-1/#primaryimage"},"thumbnailUrl":"https://www.ogbl.lu/wp-content/uploads/2019/01/sddefault-5.jpg","datePublished":"2019-01-24T11:16:00+00:00","dateModified":"2023-04-06T12:33:32+00:00","breadcrumb":{"@id":"https://www.ogbl.lu/mediatheque/media/ogbl-elections-sociales-2019-groupe-1/#breadcrumb"},"inLanguage":"en-US","potentialAction":[{"@type":"ReadAction","target":["https://www.ogbl.lu/mediatheque/media/ogbl-elections-sociales-2019-groupe-1/"]}]},{"@type":"ImageObject","inLanguage":"en-US","@id":"https://www.ogbl.lu/mediatheque/media/ogbl-elections-sociales-2019-groupe-1/#primaryimage","url":"https://www.ogbl.lu/wp-content/uploads/2019/01/sddefault-5.jpg","contentUrl":"https://www.ogbl.lu/wp-content/uploads/2019/01/sddefault-5.jpg","width":640,"height":480},{"@type":"BreadcrumbList","@id":"https://www.ogbl.lu/mediatheque/media/ogbl-elections-sociales-2019-groupe-1/#breadcrumb","itemListElement":[{"@type":"ListItem","position":1,"name":"Home","item":"https://www.ogbl.lu/"},{"@type":"ListItem","position":2,"name":"OGBL &#8211; Elections sociales 2019 &#8211; Groupe 1"}]},{"@type":"WebSite","@id":"https://www.ogbl.lu/de/#website","url":"https://www.ogbl.lu/de/","name":"OGBL","description":"THE TRADE UNION","publisher":{"@id":"https://www.ogbl.lu/de/#organization"},"potentialAction":[{"@type":"SearchAction","target":{"@type":"EntryPoint","urlTemplate":"https://www.ogbl.lu/de/?s={search_term_string}"},"query-input":"required name=search_term_string"}],"inLanguage":"en-US"},{"@type":"Organization","@id":"https://www.ogbl.lu/de/#organization","name":"OGBL","url":"https://www.ogbl.lu/de/","logo":{"@type":"ImageObject","inLanguage":"en-US","@id":"https://www.ogbl.lu/de/#/schema/logo/image/","url":"https://www.ogbl.lu/wp-content/uploads/2024/07/LOGO_Red_FR-svg.png","contentUrl":"https://www.ogbl.lu/wp-content/uploads/2024/07/LOGO_Red_FR-svg.png","width":369,"height":171,"caption":"OGBL"},"image":{"@id":"https://www.ogbl.lu/de/#/schema/logo/image/"}}]}</script>
<!-- / Yoast SEO plugin. -->

Vous travaillez dans le secteur de la sidérurgie? #elsoc2019 Prenez connaissance des engagements que prend l’OGBL envers les salariés dans …
