{"id":42673,"date":"2024-12-20T11:48:47","date_gmt":"2024-12-20T10:48:47","guid":{"rendered":"https:\/\/www.ogbl.lu\/agenda\/event\/impots-conference-dediee-aux-travailleurs\/"},"modified":"2024-12-20T11:49:49","modified_gmt":"2024-12-20T10:49:49","slug":"impots-conference-dediee-aux-travailleurs","status":"publish","type":"event","link":"https:\/\/www.ogbl.lu\/en\/agenda\/event\/impots-conference-dediee-aux-travailleurs\/","title":{"rendered":"Imp\u00f4ts &#8211; Conf\u00e9rence d\u00e9di\u00e9e aux travailleurs"},"content":{"rendered":"","protected":false},"featured_media":42660,"template":"","event_type":[108],"syndicat":[112],"acf":[],"yoast_head":"<!-- This site is optimized with the Yoast SEO plugin v23.1 - https:\/\/yoast.com\/wordpress\/plugins\/seo\/ -->\r\n<title><\/title>\r\n<meta name=\"robots\" content=\"index, follow, max-snippet:-1, max-image-preview:large, max-video-preview:-1\" \/>\r\n<link rel=\"canonical\" href=\"https:\/\/www.ogbl.lu\/agenda\/event\/impots-conference-dediee-aux-travailleurs\/\" \/>\r\n<meta property=\"og:locale\" content=\"en_US\" \/>\r\n<meta property=\"og:type\" content=\"article\" \/>\r\n<meta property=\"og:title\" content=\"[:fr]Imp\u00f4ts - Conf\u00e9rence d\u00e9di\u00e9e aux travailleurs[:] - OGBL\" \/>\r\n<meta property=\"og:url\" content=\"https:\/\/www.ogbl.lu\/agenda\/event\/impots-conference-dediee-aux-travailleurs\/\" \/>\r\n<meta property=\"og:site_name\" content=\"OGBL\" \/>\r\n<meta property=\"article:modified_time\" content=\"2024-12-20T10:49:49+00:00\" \/>\r\n<meta property=\"og:image\" content=\"https:\/\/www.ogbl.lu\/wp-content\/uploads\/2024\/12\/conferences_impots-e1734689138900.jpg\" \/>\r\n\t<meta property=\"og:image:width\" content=\"2131\" \/>\r\n\t<meta property=\"og:image:height\" content=\"1356\" \/>\r\n\t<meta property=\"og:image:type\" content=\"image\/jpeg\" \/>\r\n<meta name=\"twitter:card\" content=\"summary_large_image\" \/>\r\n<meta name=\"twitter:label1\" content=\"Est. reading time\" \/>\n\t<meta name=\"twitter:data1\" content=\"1 minute\" \/>\r\n<script type=\"application\/ld+json\" class=\"yoast-schema-graph\">{\"@context\":\"https:\/\/schema.org\",\"@graph\":[{\"@type\":\"WebPage\",\"@id\":\"https:\/\/www.ogbl.lu\/agenda\/event\/impots-conference-dediee-aux-travailleurs\/\",\"url\":\"https:\/\/www.ogbl.lu\/agenda\/event\/impots-conference-dediee-aux-travailleurs\/\",\"name\":\"[:fr]Imp\u00f4ts - Conf\u00e9rence d\u00e9di\u00e9e aux travailleurs[:] - OGBL\",\"isPartOf\":{\"@id\":\"https:\/\/www.ogbl.lu\/de\/#website\"},\"primaryImageOfPage\":{\"@id\":\"https:\/\/www.ogbl.lu\/agenda\/event\/impots-conference-dediee-aux-travailleurs\/#primaryimage\"},\"image\":{\"@id\":\"https:\/\/www.ogbl.lu\/agenda\/event\/impots-conference-dediee-aux-travailleurs\/#primaryimage\"},\"thumbnailUrl\":\"https:\/\/www.ogbl.lu\/wp-content\/uploads\/2024\/12\/conferences_impots-e1734689138900.jpg\",\"datePublished\":\"2024-12-20T10:48:47+00:00\",\"dateModified\":\"2024-12-20T10:49:49+00:00\",\"breadcrumb\":{\"@id\":\"https:\/\/www.ogbl.lu\/agenda\/event\/impots-conference-dediee-aux-travailleurs\/#breadcrumb\"},\"inLanguage\":\"en-US\",\"potentialAction\":[{\"@type\":\"ReadAction\",\"target\":[\"https:\/\/www.ogbl.lu\/agenda\/event\/impots-conference-dediee-aux-travailleurs\/\"]}]},{\"@type\":\"ImageObject\",\"inLanguage\":\"en-US\",\"@id\":\"https:\/\/www.ogbl.lu\/agenda\/event\/impots-conference-dediee-aux-travailleurs\/#primaryimage\",\"url\":\"https:\/\/www.ogbl.lu\/wp-content\/uploads\/2024\/12\/conferences_impots-e1734689138900.jpg\",\"contentUrl\":\"https:\/\/www.ogbl.lu\/wp-content\/uploads\/2024\/12\/conferences_impots-e1734689138900.jpg\",\"width\":2131,\"height\":1356},{\"@type\":\"BreadcrumbList\",\"@id\":\"https:\/\/www.ogbl.lu\/agenda\/event\/impots-conference-dediee-aux-travailleurs\/#breadcrumb\",\"itemListElement\":[{\"@type\":\"ListItem\",\"position\":1,\"name\":\"Home\",\"item\":\"https:\/\/www.ogbl.lu\/\"},{\"@type\":\"ListItem\",\"position\":2,\"name\":\"Imp\u00f4ts &#8211; Conf\u00e9rence d\u00e9di\u00e9e aux travailleurs\"}]},{\"@type\":\"WebSite\",\"@id\":\"https:\/\/www.ogbl.lu\/de\/#website\",\"url\":\"https:\/\/www.ogbl.lu\/de\/\",\"name\":\"OGBL\",\"description\":\"THE TRADE UNION\",\"publisher\":{\"@id\":\"https:\/\/www.ogbl.lu\/de\/#organization\"},\"potentialAction\":[{\"@type\":\"SearchAction\",\"target\":{\"@type\":\"EntryPoint\",\"urlTemplate\":\"https:\/\/www.ogbl.lu\/de\/?s={search_term_string}\"},\"query-input\":\"required name=search_term_string\"}],\"inLanguage\":\"en-US\"},{\"@type\":\"Organization\",\"@id\":\"https:\/\/www.ogbl.lu\/de\/#organization\",\"name\":\"OGBL\",\"url\":\"https:\/\/www.ogbl.lu\/de\/\",\"logo\":{\"@type\":\"ImageObject\",\"inLanguage\":\"en-US\",\"@id\":\"https:\/\/www.ogbl.lu\/de\/#\/schema\/logo\/image\/\",\"url\":\"https:\/\/www.ogbl.lu\/wp-content\/uploads\/2024\/07\/LOGO_Red_FR-svg.png\",\"contentUrl\":\"https:\/\/www.ogbl.lu\/wp-content\/uploads\/2024\/07\/LOGO_Red_FR-svg.png\",\"width\":369,\"height\":171,\"caption\":\"OGBL\"},\"image\":{\"@id\":\"https:\/\/www.ogbl.lu\/de\/#\/schema\/logo\/image\/\"}}]}<\/script>\r\n<!-- \/ Yoast SEO plugin. -->","yoast_head_json":{"title":"[:fr]Imp\u00f4ts - Conf\u00e9rence d\u00e9di\u00e9e aux travailleurs[:] - OGBL","robots":{"index":"index","follow":"follow","max-snippet":"max-snippet:-1","max-image-preview":"max-image-preview:large","max-video-preview":"max-video-preview:-1"},"canonical":"https:\/\/www.ogbl.lu\/agenda\/event\/impots-conference-dediee-aux-travailleurs\/","og_locale":"en_US","og_type":"article","og_title":"[:fr]Imp\u00f4ts - Conf\u00e9rence d\u00e9di\u00e9e aux travailleurs[:] - OGBL","og_url":"https:\/\/www.ogbl.lu\/agenda\/event\/impots-conference-dediee-aux-travailleurs\/","og_site_name":"OGBL","article_modified_time":"2024-12-20T10:49:49+00:00","og_image":[{"width":2131,"height":1356,"url":"https:\/\/www.ogbl.lu\/wp-content\/uploads\/2024\/12\/conferences_impots-e1734689138900.jpg","type":"image\/jpeg"}],"twitter_card":"summary_large_image","twitter_misc":{"Est. reading time":"1 minute"},"schema":{"@context":"https:\/\/schema.org","@graph":[{"@type":"WebPage","@id":"https:\/\/www.ogbl.lu\/agenda\/event\/impots-conference-dediee-aux-travailleurs\/","url":"https:\/\/www.ogbl.lu\/agenda\/event\/impots-conference-dediee-aux-travailleurs\/","name":"[:fr]Imp\u00f4ts - Conf\u00e9rence d\u00e9di\u00e9e aux travailleurs[:] - OGBL","isPartOf":{"@id":"https:\/\/www.ogbl.lu\/de\/#website"},"primaryImageOfPage":{"@id":"https:\/\/www.ogbl.lu\/agenda\/event\/impots-conference-dediee-aux-travailleurs\/#primaryimage"},"image":{"@id":"https:\/\/www.ogbl.lu\/agenda\/event\/impots-conference-dediee-aux-travailleurs\/#primaryimage"},"thumbnailUrl":"https:\/\/www.ogbl.lu\/wp-content\/uploads\/2024\/12\/conferences_impots-e1734689138900.jpg","datePublished":"2024-12-20T10:48:47+00:00","dateModified":"2024-12-20T10:49:49+00:00","breadcrumb":{"@id":"https:\/\/www.ogbl.lu\/agenda\/event\/impots-conference-dediee-aux-travailleurs\/#breadcrumb"},"inLanguage":"en-US","potentialAction":[{"@type":"ReadAction","target":["https:\/\/www.ogbl.lu\/agenda\/event\/impots-conference-dediee-aux-travailleurs\/"]}]},{"@type":"ImageObject","inLanguage":"en-US","@id":"https:\/\/www.ogbl.lu\/agenda\/event\/impots-conference-dediee-aux-travailleurs\/#primaryimage","url":"https:\/\/www.ogbl.lu\/wp-content\/uploads\/2024\/12\/conferences_impots-e1734689138900.jpg","contentUrl":"https:\/\/www.ogbl.lu\/wp-content\/uploads\/2024\/12\/conferences_impots-e1734689138900.jpg","width":2131,"height":1356},{"@type":"BreadcrumbList","@id":"https:\/\/www.ogbl.lu\/agenda\/event\/impots-conference-dediee-aux-travailleurs\/#breadcrumb","itemListElement":[{"@type":"ListItem","position":1,"name":"Home","item":"https:\/\/www.ogbl.lu\/"},{"@type":"ListItem","position":2,"name":"Imp\u00f4ts &#8211; Conf\u00e9rence d\u00e9di\u00e9e aux travailleurs"}]},{"@type":"WebSite","@id":"https:\/\/www.ogbl.lu\/de\/#website","url":"https:\/\/www.ogbl.lu\/de\/","name":"OGBL","description":"THE TRADE UNION","publisher":{"@id":"https:\/\/www.ogbl.lu\/de\/#organization"},"potentialAction":[{"@type":"SearchAction","target":{"@type":"EntryPoint","urlTemplate":"https:\/\/www.ogbl.lu\/de\/?s={search_term_string}"},"query-input":"required name=search_term_string"}],"inLanguage":"en-US"},{"@type":"Organization","@id":"https:\/\/www.ogbl.lu\/de\/#organization","name":"OGBL","url":"https:\/\/www.ogbl.lu\/de\/","logo":{"@type":"ImageObject","inLanguage":"en-US","@id":"https:\/\/www.ogbl.lu\/de\/#\/schema\/logo\/image\/","url":"https:\/\/www.ogbl.lu\/wp-content\/uploads\/2024\/07\/LOGO_Red_FR-svg.png","contentUrl":"https:\/\/www.ogbl.lu\/wp-content\/uploads\/2024\/07\/LOGO_Red_FR-svg.png","width":369,"height":171,"caption":"OGBL"},"image":{"@id":"https:\/\/www.ogbl.lu\/de\/#\/schema\/logo\/image\/"}}]}},"_links":{"self":[{"href":"https:\/\/www.ogbl.lu\/en\/wp-json\/wp\/v2\/event\/42673"}],"collection":[{"href":"https:\/\/www.ogbl.lu\/en\/wp-json\/wp\/v2\/event"}],"about":[{"href":"https:\/\/www.ogbl.lu\/en\/wp-json\/wp\/v2\/types\/event"}],"wp:featuredmedia":[{"embeddable":true,"href":"https:\/\/www.ogbl.lu\/en\/wp-json\/wp\/v2\/media\/42660"}],"wp:attachment":[{"href":"https:\/\/www.ogbl.lu\/en\/wp-json\/wp\/v2\/media?parent=42673"}],"wp:term":[{"taxonomy":"event_type","embeddable":true,"href":"https:\/\/www.ogbl.lu\/en\/wp-json\/wp\/v2\/event_type?post=42673"},{"taxonomy":"syndicat","embeddable":true,"href":"https:\/\/www.ogbl.lu\/en\/wp-json\/wp\/v2\/syndicat?post=42673"}],"curies":[{"name":"wp","href":"https:\/\/api.w.org\/{rel}","templated":true}]}}

Impôts &#8211; Conférence dédiée aux travailleurs

<!-- This site is optimized with the Yoast SEO plugin v23.1 - https://yoast.com/wordpress/plugins/seo/ -->
<title></title>
<meta name="robots" content="index, follow, max-snippet:-1, max-image-preview:large, max-video-preview:-1" />
<link rel="canonical" href="https://www.ogbl.lu/agenda/event/impots-conference-dediee-aux-travailleurs/" />
<meta property="og:locale" content="en_US" />
<meta property="og:type" content="article" />
<meta property="og:title" content="[:fr]Impôts - Conférence dédiée aux travailleurs[:] - OGBL" />
<meta property="og:url" content="https://www.ogbl.lu/agenda/event/impots-conference-dediee-aux-travailleurs/" />
<meta property="og:site_name" content="OGBL" />
<meta property="article:modified_time" content="2024-12-20T10:49:49+00:00" />
<meta property="og:image" content="https://www.ogbl.lu/wp-content/uploads/2024/12/conferences_impots-e1734689138900.jpg" />
	<meta property="og:image:width" content="2131" />
	<meta property="og:image:height" content="1356" />
	<meta property="og:image:type" content="image/jpeg" />
<meta name="twitter:card" content="summary_large_image" />
<meta name="twitter:label1" content="Est. reading time" />
	<meta name="twitter:data1" content="1 minute" />
<script type="application/ld+json" class="yoast-schema-graph">{"@context":"https://schema.org","@graph":[{"@type":"WebPage","@id":"https://www.ogbl.lu/agenda/event/impots-conference-dediee-aux-travailleurs/","url":"https://www.ogbl.lu/agenda/event/impots-conference-dediee-aux-travailleurs/","name":"[:fr]Impôts - Conférence dédiée aux travailleurs[:] - OGBL","isPartOf":{"@id":"https://www.ogbl.lu/de/#website"},"primaryImageOfPage":{"@id":"https://www.ogbl.lu/agenda/event/impots-conference-dediee-aux-travailleurs/#primaryimage"},"image":{"@id":"https://www.ogbl.lu/agenda/event/impots-conference-dediee-aux-travailleurs/#primaryimage"},"thumbnailUrl":"https://www.ogbl.lu/wp-content/uploads/2024/12/conferences_impots-e1734689138900.jpg","datePublished":"2024-12-20T10:48:47+00:00","dateModified":"2024-12-20T10:49:49+00:00","breadcrumb":{"@id":"https://www.ogbl.lu/agenda/event/impots-conference-dediee-aux-travailleurs/#breadcrumb"},"inLanguage":"en-US","potentialAction":[{"@type":"ReadAction","target":["https://www.ogbl.lu/agenda/event/impots-conference-dediee-aux-travailleurs/"]}]},{"@type":"ImageObject","inLanguage":"en-US","@id":"https://www.ogbl.lu/agenda/event/impots-conference-dediee-aux-travailleurs/#primaryimage","url":"https://www.ogbl.lu/wp-content/uploads/2024/12/conferences_impots-e1734689138900.jpg","contentUrl":"https://www.ogbl.lu/wp-content/uploads/2024/12/conferences_impots-e1734689138900.jpg","width":2131,"height":1356},{"@type":"BreadcrumbList","@id":"https://www.ogbl.lu/agenda/event/impots-conference-dediee-aux-travailleurs/#breadcrumb","itemListElement":[{"@type":"ListItem","position":1,"name":"Home","item":"https://www.ogbl.lu/"},{"@type":"ListItem","position":2,"name":"Impôts &#8211; Conférence dédiée aux travailleurs"}]},{"@type":"WebSite","@id":"https://www.ogbl.lu/de/#website","url":"https://www.ogbl.lu/de/","name":"OGBL","description":"THE TRADE UNION","publisher":{"@id":"https://www.ogbl.lu/de/#organization"},"potentialAction":[{"@type":"SearchAction","target":{"@type":"EntryPoint","urlTemplate":"https://www.ogbl.lu/de/?s={search_term_string}"},"query-input":"required name=search_term_string"}],"inLanguage":"en-US"},{"@type":"Organization","@id":"https://www.ogbl.lu/de/#organization","name":"OGBL","url":"https://www.ogbl.lu/de/","logo":{"@type":"ImageObject","inLanguage":"en-US","@id":"https://www.ogbl.lu/de/#/schema/logo/image/","url":"https://www.ogbl.lu/wp-content/uploads/2024/07/LOGO_Red_FR-svg.png","contentUrl":"https://www.ogbl.lu/wp-content/uploads/2024/07/LOGO_Red_FR-svg.png","width":369,"height":171,"caption":"OGBL"},"image":{"@id":"https://www.ogbl.lu/de/#/schema/logo/image/"}}]}</script>
<!-- / Yoast SEO plugin. -->

[:fr]Impôts - Conférence dédiée aux travailleurs[:] - OGBL
