{"id":819,"date":"2010-07-19T11:03:29","date_gmt":"2010-07-19T09:03:29","guid":{"rendered":"https:\/\/www.ogbl.lu\/communiques\/les-frontaliers-grands-perdants-des-mesures-anticrise"},"modified":"2023-05-30T10:37:41","modified_gmt":"2023-05-30T08:37:41","slug":"les-frontaliers-grands-perdants-des-mesures-anticrise","status":"publish","type":"communiques","link":"https:\/\/www.ogbl.lu\/en\/communique\/les-frontaliers-grands-perdants-des-mesures-anticrise\/","title":{"rendered":"Les frontaliers grands perdants des mesures anticrise"},"content":{"rendered":"<p class=\"qtranxs-available-languages-message qtranxs-available-languages-message-en\"> <\/p><p><\/p>\n<h3>L\u2019OGBL s\u2019adresse \u00e0 nouveau au Premier ministre<\/h3>\n<p>Dans une lettre adress\u00e9e au Premier ministre Jean-Claude Juncker le 19 juillet, le pr\u00e9sident de l\u2019OGBL Jean-Claude Reding revient sur le vote r\u00e9cent de la nouvelle l\u00e9gislation concernant les allocations familiales et le boni enfant pour les enfants \u00e2g\u00e9s de plus de 18 ans et la r\u00e9forme du syst\u00e8me des bourses d\u2019\u00e9tudes. Jean-Claude Reding regrette d\u2019embl\u00e9e que les nombreuses questions et critiques soulev\u00e9es tant dans l\u2019avis du Conseil d\u2019Etat que de la Chambre des salari\u00e9s n\u2019ont pas re\u00e7u une r\u00e9ponse ad\u00e9quate par les amendements adopt\u00e9s par la Chambre des d\u00e9put\u00e9s.<\/p>\n<p>L\u2019OGBL avait plus particuli\u00e8rement soulev\u00e9 la question de l\u2019impact de cette r\u00e9forme sur les frontaliers, r\u00e9forme qui risquerait d\u2019\u00eatre ressentie comme une mesure discriminatoire par les frontaliers et renforcerait de la sorte l\u2019amertume de ces travailleurs qui se retrouvent souvent parmi ceux qui sont le plus expos\u00e9s aux cons\u00e9quences de la crise \u00e9conomique. Apr\u00e8s le vote c\u2019est le cas: les frontaliers sont exasp\u00e9r\u00e9s par les mesures prises, reprochent au responsables politiques luxembourgeois une attitude discriminatoire et \u00e9go\u00efste. Au vu des mesures prises en mati\u00e8re d\u2019allocations familiales depuis 2006 cette r\u00e9action est tout \u00e0 fait compr\u00e9hensible, puisqu\u2019\u00e0 chaque fois les frontaliers ont \u00e9t\u00e9 exclus des mesures compensatoires mises en place (ch\u00e8ques services, bourses).<\/p>\n<p><strong>Politique injuste et pr\u00e9judiciable \u00e0 la paix sociale<\/strong><\/p>\n<p>Cette politique n\u2019est pas seulement injuste \u00e0 l\u2019\u00e9gard des travailleurs qui participent \u00e0 la cr\u00e9ation de la richesse au Luxembourg et qui sont indispensables au fonctionnement de l\u2019\u00e9conomie luxembourgeoise mais elle est \u00e9galement pr\u00e9judiciable \u00e0 la paix sociale et \u00e0 la motivation d\u2019une bonne partie des travailleurs dans les entreprises du pays. Cette politique produit dans la Grande R\u00e9gion une image n\u00e9gative du Grand-Duch\u00e9, celle d\u2019un pays qui profite des travailleurs frontaliers, qui les consid\u00e8re comme travailleurs de seconde zone qui ne sont pas trait\u00e9s par les responsables politiques de la m\u00eame fa\u00e7on que les travailleurs r\u00e9sidents. Tout cela est n\u00e9faste pour l\u2019attractivit\u00e9 et m\u00eame la comp\u00e9titivit\u00e9 \u00e9conomique du Luxembourg.<\/p>\n<p><strong> L\u2019OGBL estime que des solutions sont possibles<\/strong><\/p>\n<p>L\u2019OGBL est d\u2019avis que la l\u00e9gislation en question doit \u00eatre amend\u00e9e et qu\u2019il faut notamment introduire des mesures de compensation qui valent \u00e9galement pour les frontaliers ayant \u00e0 charge des enfants qui font des \u00e9tudes sup\u00e9rieures. L\u2019OGBL estime que des solutions sont possibles pour \u00e9viter des discriminations tant au niveau fiscal (par l\u2019exclusion du boni fiscal) qu\u2019au niveau social (par l\u2019exclusion de la compensation de l\u2019abolition des allocations familiales par le syst\u00e8me de bourses).<\/p>\n<p>Jean-Claude Reding dit enfin que l\u2019OGBL est \u00e0 la disposition du gouvernement pour discuter ses propositions en la mati\u00e8re. Il souligne cependant que si aucune solution acceptable n\u2019est trouv\u00e9e, l\u2019OGBL se verra dans l\u2019obligation d\u2019utiliser tous les moyens l\u00e9gaux \u00e0 sa disposition pour obtenir satisfaction et ce tant au niveau national, qu\u2019europ\u00e9en, qu\u2019au niveau de la Grande R\u00e9gion.<\/p>\n<p><strong>Communiqu\u00e9 par l\u2019OGBL<\/strong><br \/>\n<strong>le 19 juillet 2010<\/strong><\/p>","protected":false},"author":1,"featured_media":0,"template":"","categorie_communiques":[128,126,127],"syndicat":[113,112,100],"acf":[],"yoast_head":"<!-- This site is optimized with the Yoast SEO plugin v23.1 - https:\/\/yoast.com\/wordpress\/plugins\/seo\/ -->\r\n<title>Les frontaliers grands perdants des mesures anticrise - OGBL<\/title>\r\n<meta name=\"robots\" content=\"index, follow, max-snippet:-1, max-image-preview:large, max-video-preview:-1\" \/>\r\n<link rel=\"canonical\" href=\"https:\/\/www.ogbl.lu\/communique\/les-frontaliers-grands-perdants-des-mesures-anticrise\/\" \/>\r\n<meta property=\"og:locale\" content=\"en_US\" \/>\r\n<meta property=\"og:type\" content=\"article\" \/>\r\n<meta property=\"og:title\" content=\"[:fr]Les frontaliers grands perdants des mesures anticrise[:de]Die Grenzg\u00e4nger sind die gro\u00dfen Verlierer der Antikrisenma\u00dfnahmen[:en]Les frontaliers grands perdants des mesures anticrise[:] - OGBL\" \/>\r\n<meta property=\"og:description\" content=\"L\u2019OGBL s\u2019adresse \u00e0 nouveau au Premier ministre Dans une lettre adress\u00e9e au Premier ministre Jean-Claude Juncker le 19 juillet, le \u2026\" \/>\r\n<meta property=\"og:url\" content=\"https:\/\/www.ogbl.lu\/communique\/les-frontaliers-grands-perdants-des-mesures-anticrise\/\" \/>\r\n<meta property=\"og:site_name\" content=\"OGBL\" \/>\r\n<meta property=\"article:modified_time\" content=\"2023-05-30T08:37:41+00:00\" \/>\r\n<meta name=\"twitter:card\" content=\"summary_large_image\" \/>\r\n<meta name=\"twitter:label1\" content=\"Est. reading time\" \/>\n\t<meta name=\"twitter:data1\" content=\"5 minutes\" \/>\r\n<script type=\"application\/ld+json\" class=\"yoast-schema-graph\">{\"@context\":\"https:\/\/schema.org\",\"@graph\":[{\"@type\":\"WebPage\",\"@id\":\"https:\/\/www.ogbl.lu\/communique\/les-frontaliers-grands-perdants-des-mesures-anticrise\/\",\"url\":\"https:\/\/www.ogbl.lu\/communique\/les-frontaliers-grands-perdants-des-mesures-anticrise\/\",\"name\":\"[:fr]Les frontaliers grands perdants des mesures anticrise[:de]Die Grenzg\u00e4nger sind die gro\u00dfen Verlierer der Antikrisenma\u00dfnahmen[:en]Les frontaliers grands perdants des mesures anticrise[:] - OGBL\",\"isPartOf\":{\"@id\":\"https:\/\/www.ogbl.lu\/de\/#website\"},\"datePublished\":\"2010-07-19T09:03:29+00:00\",\"dateModified\":\"2023-05-30T08:37:41+00:00\",\"breadcrumb\":{\"@id\":\"https:\/\/www.ogbl.lu\/communique\/les-frontaliers-grands-perdants-des-mesures-anticrise\/#breadcrumb\"},\"inLanguage\":\"en-US\",\"potentialAction\":[{\"@type\":\"ReadAction\",\"target\":[\"https:\/\/www.ogbl.lu\/communique\/les-frontaliers-grands-perdants-des-mesures-anticrise\/\"]}]},{\"@type\":\"BreadcrumbList\",\"@id\":\"https:\/\/www.ogbl.lu\/communique\/les-frontaliers-grands-perdants-des-mesures-anticrise\/#breadcrumb\",\"itemListElement\":[{\"@type\":\"ListItem\",\"position\":1,\"name\":\"Home\",\"item\":\"https:\/\/www.ogbl.lu\/\"},{\"@type\":\"ListItem\",\"position\":2,\"name\":\"Les frontaliers grands perdants des mesures anticrise\"}]},{\"@type\":\"WebSite\",\"@id\":\"https:\/\/www.ogbl.lu\/de\/#website\",\"url\":\"https:\/\/www.ogbl.lu\/de\/\",\"name\":\"OGBL\",\"description\":\"THE TRADE UNION\",\"publisher\":{\"@id\":\"https:\/\/www.ogbl.lu\/de\/#organization\"},\"potentialAction\":[{\"@type\":\"SearchAction\",\"target\":{\"@type\":\"EntryPoint\",\"urlTemplate\":\"https:\/\/www.ogbl.lu\/de\/?s={search_term_string}\"},\"query-input\":\"required name=search_term_string\"}],\"inLanguage\":\"en-US\"},{\"@type\":\"Organization\",\"@id\":\"https:\/\/www.ogbl.lu\/de\/#organization\",\"name\":\"OGBL\",\"url\":\"https:\/\/www.ogbl.lu\/de\/\",\"logo\":{\"@type\":\"ImageObject\",\"inLanguage\":\"en-US\",\"@id\":\"https:\/\/www.ogbl.lu\/de\/#\/schema\/logo\/image\/\",\"url\":\"https:\/\/www.ogbl.lu\/wp-content\/uploads\/2024\/07\/LOGO_Red_FR-svg.png\",\"contentUrl\":\"https:\/\/www.ogbl.lu\/wp-content\/uploads\/2024\/07\/LOGO_Red_FR-svg.png\",\"width\":369,\"height\":171,\"caption\":\"OGBL\"},\"image\":{\"@id\":\"https:\/\/www.ogbl.lu\/de\/#\/schema\/logo\/image\/\"}}]}<\/script>\r\n<!-- \/ Yoast SEO plugin. -->","yoast_head_json":{"title":"[:fr]Les frontaliers grands perdants des mesures anticrise[:de]Die Grenzg\u00e4nger sind die gro\u00dfen Verlierer der Antikrisenma\u00dfnahmen[:en]Les frontaliers grands perdants des mesures anticrise[:] - OGBL","robots":{"index":"index","follow":"follow","max-snippet":"max-snippet:-1","max-image-preview":"max-image-preview:large","max-video-preview":"max-video-preview:-1"},"canonical":"https:\/\/www.ogbl.lu\/communique\/les-frontaliers-grands-perdants-des-mesures-anticrise\/","og_locale":"en_US","og_type":"article","og_title":"[:fr]Les frontaliers grands perdants des mesures anticrise[:de]Die Grenzg\u00e4nger sind die gro\u00dfen Verlierer der Antikrisenma\u00dfnahmen[:en]Les frontaliers grands perdants des mesures anticrise[:] - OGBL","og_description":"L\u2019OGBL s\u2019adresse \u00e0 nouveau au Premier ministre Dans une lettre adress\u00e9e au Premier ministre Jean-Claude Juncker le 19 juillet, le \u2026","og_url":"https:\/\/www.ogbl.lu\/communique\/les-frontaliers-grands-perdants-des-mesures-anticrise\/","og_site_name":"OGBL","article_modified_time":"2023-05-30T08:37:41+00:00","twitter_card":"summary_large_image","twitter_misc":{"Est. reading time":"5 minutes"},"schema":{"@context":"https:\/\/schema.org","@graph":[{"@type":"WebPage","@id":"https:\/\/www.ogbl.lu\/communique\/les-frontaliers-grands-perdants-des-mesures-anticrise\/","url":"https:\/\/www.ogbl.lu\/communique\/les-frontaliers-grands-perdants-des-mesures-anticrise\/","name":"[:fr]Les frontaliers grands perdants des mesures anticrise[:de]Die Grenzg\u00e4nger sind die gro\u00dfen Verlierer der Antikrisenma\u00dfnahmen[:en]Les frontaliers grands perdants des mesures anticrise[:] - OGBL","isPartOf":{"@id":"https:\/\/www.ogbl.lu\/de\/#website"},"datePublished":"2010-07-19T09:03:29+00:00","dateModified":"2023-05-30T08:37:41+00:00","breadcrumb":{"@id":"https:\/\/www.ogbl.lu\/communique\/les-frontaliers-grands-perdants-des-mesures-anticrise\/#breadcrumb"},"inLanguage":"en-US","potentialAction":[{"@type":"ReadAction","target":["https:\/\/www.ogbl.lu\/communique\/les-frontaliers-grands-perdants-des-mesures-anticrise\/"]}]},{"@type":"BreadcrumbList","@id":"https:\/\/www.ogbl.lu\/communique\/les-frontaliers-grands-perdants-des-mesures-anticrise\/#breadcrumb","itemListElement":[{"@type":"ListItem","position":1,"name":"Home","item":"https:\/\/www.ogbl.lu\/"},{"@type":"ListItem","position":2,"name":"Les frontaliers grands perdants des mesures anticrise"}]},{"@type":"WebSite","@id":"https:\/\/www.ogbl.lu\/de\/#website","url":"https:\/\/www.ogbl.lu\/de\/","name":"OGBL","description":"THE TRADE UNION","publisher":{"@id":"https:\/\/www.ogbl.lu\/de\/#organization"},"potentialAction":[{"@type":"SearchAction","target":{"@type":"EntryPoint","urlTemplate":"https:\/\/www.ogbl.lu\/de\/?s={search_term_string}"},"query-input":"required name=search_term_string"}],"inLanguage":"en-US"},{"@type":"Organization","@id":"https:\/\/www.ogbl.lu\/de\/#organization","name":"OGBL","url":"https:\/\/www.ogbl.lu\/de\/","logo":{"@type":"ImageObject","inLanguage":"en-US","@id":"https:\/\/www.ogbl.lu\/de\/#\/schema\/logo\/image\/","url":"https:\/\/www.ogbl.lu\/wp-content\/uploads\/2024\/07\/LOGO_Red_FR-svg.png","contentUrl":"https:\/\/www.ogbl.lu\/wp-content\/uploads\/2024\/07\/LOGO_Red_FR-svg.png","width":369,"height":171,"caption":"OGBL"},"image":{"@id":"https:\/\/www.ogbl.lu\/de\/#\/schema\/logo\/image\/"}}]}},"_links":{"self":[{"href":"https:\/\/www.ogbl.lu\/en\/wp-json\/wp\/v2\/communiques\/819"}],"collection":[{"href":"https:\/\/www.ogbl.lu\/en\/wp-json\/wp\/v2\/communiques"}],"about":[{"href":"https:\/\/www.ogbl.lu\/en\/wp-json\/wp\/v2\/types\/communiques"}],"author":[{"embeddable":true,"href":"https:\/\/www.ogbl.lu\/en\/wp-json\/wp\/v2\/users\/1"}],"version-history":[{"count":0,"href":"https:\/\/www.ogbl.lu\/en\/wp-json\/wp\/v2\/communiques\/819\/revisions"}],"wp:attachment":[{"href":"https:\/\/www.ogbl.lu\/en\/wp-json\/wp\/v2\/media?parent=819"}],"wp:term":[{"taxonomy":"categorie_communiques","embeddable":true,"href":"https:\/\/www.ogbl.lu\/en\/wp-json\/wp\/v2\/categorie_communiques?post=819"},{"taxonomy":"syndicat","embeddable":true,"href":"https:\/\/www.ogbl.lu\/en\/wp-json\/wp\/v2\/syndicat?post=819"}],"curies":[{"name":"wp","href":"https:\/\/api.w.org\/{rel}","templated":true}]}}

<p class="qtranxs-available-languages-message qtranxs-available-languages-message-en"> </p><p></p>
<h3>L’OGBL s’adresse à nouveau au Premier ministre</h3>
<p>Dans une lettre adressée au Premier ministre Jean-Claude Juncker le 19 juillet, le président de l’OGBL Jean-Claude Reding revient sur le vote récent de la nouvelle législation concernant les allocations familiales et le boni enfant pour les enfants âgés de plus de 18 ans et la réforme du système des bourses d’études. Jean-Claude Reding regrette d’emblée que les nombreuses questions et critiques soulevées tant dans l’avis du Conseil d’Etat que de la Chambre des salariés n’ont pas reçu une réponse adéquate par les amendements adoptés par la Chambre des députés.</p>
<p>L’OGBL avait plus particulièrement soulevé la question de l’impact de cette réforme sur les frontaliers, réforme qui risquerait d’être ressentie comme une mesure discriminatoire par les frontaliers et renforcerait de la sorte l’amertume de ces travailleurs qui se retrouvent souvent parmi ceux qui sont le plus exposés aux conséquences de la crise économique. Après le vote c’est le cas: les frontaliers sont exaspérés par les mesures prises, reprochent au responsables politiques luxembourgeois une attitude discriminatoire et égoïste. Au vu des mesures prises en matière d’allocations familiales depuis 2006 cette réaction est tout à fait compréhensible, puisqu’à chaque fois les frontaliers ont été exclus des mesures compensatoires mises en place (chèques services, bourses).</p>
<p><strong>Politique injuste et préjudiciable à la paix sociale</strong></p>
<p>Cette politique n’est pas seulement injuste à l’égard des travailleurs qui participent à la création de la richesse au Luxembourg et qui sont indispensables au fonctionnement de l’économie luxembourgeoise mais elle est également préjudiciable à la paix sociale et à la motivation d’une bonne partie des travailleurs dans les entreprises du pays. Cette politique produit dans la Grande Région une image négative du Grand-Duché, celle d’un pays qui profite des travailleurs frontaliers, qui les considère comme travailleurs de seconde zone qui ne sont pas traités par les responsables politiques de la même façon que les travailleurs résidents. Tout cela est néfaste pour l’attractivité et même la compétitivité économique du Luxembourg.</p>
<p><strong> L’OGBL estime que des solutions sont possibles</strong></p>
<p>L’OGBL est d’avis que la législation en question doit être amendée et qu’il faut notamment introduire des mesures de compensation qui valent également pour les frontaliers ayant à charge des enfants qui font des études supérieures. L’OGBL estime que des solutions sont possibles pour éviter des discriminations tant au niveau fiscal (par l’exclusion du boni fiscal) qu’au niveau social (par l’exclusion de la compensation de l’abolition des allocations familiales par le système de bourses).</p>
<p>Jean-Claude Reding dit enfin que l’OGBL est à la disposition du gouvernement pour discuter ses propositions en la matière. Il souligne cependant que si aucune solution acceptable n’est trouvée, l’OGBL se verra dans l’obligation d’utiliser tous les moyens légaux à sa disposition pour obtenir satisfaction et ce tant au niveau national, qu’européen, qu’au niveau de la Grande Région.</p>
<p><strong>Communiqué par l’OGBL</strong><br />
<strong>le 19 juillet 2010</strong></p>

<!-- This site is optimized with the Yoast SEO plugin v23.1 - https://yoast.com/wordpress/plugins/seo/ -->
<title>Les frontaliers grands perdants des mesures anticrise - OGBL</title>
<meta name="robots" content="index, follow, max-snippet:-1, max-image-preview:large, max-video-preview:-1" />
<link rel="canonical" href="https://www.ogbl.lu/communique/les-frontaliers-grands-perdants-des-mesures-anticrise/" />
<meta property="og:locale" content="en_US" />
<meta property="og:type" content="article" />
<meta property="og:title" content="[:fr]Les frontaliers grands perdants des mesures anticrise[:de]Die Grenzgänger sind die großen Verlierer der Antikrisenmaßnahmen[:en]Les frontaliers grands perdants des mesures anticrise[:] - OGBL" />
<meta property="og:description" content="L’OGBL s’adresse à nouveau au Premier ministre Dans une lettre adressée au Premier ministre Jean-Claude Juncker le 19 juillet, le …" />
<meta property="og:url" content="https://www.ogbl.lu/communique/les-frontaliers-grands-perdants-des-mesures-anticrise/" />
<meta property="og:site_name" content="OGBL" />
<meta property="article:modified_time" content="2023-05-30T08:37:41+00:00" />
<meta name="twitter:card" content="summary_large_image" />
<meta name="twitter:label1" content="Est. reading time" />
	<meta name="twitter:data1" content="5 minutes" />
<script type="application/ld+json" class="yoast-schema-graph">{"@context":"https://schema.org","@graph":[{"@type":"WebPage","@id":"https://www.ogbl.lu/communique/les-frontaliers-grands-perdants-des-mesures-anticrise/","url":"https://www.ogbl.lu/communique/les-frontaliers-grands-perdants-des-mesures-anticrise/","name":"[:fr]Les frontaliers grands perdants des mesures anticrise[:de]Die Grenzgänger sind die großen Verlierer der Antikrisenmaßnahmen[:en]Les frontaliers grands perdants des mesures anticrise[:] - OGBL","isPartOf":{"@id":"https://www.ogbl.lu/de/#website"},"datePublished":"2010-07-19T09:03:29+00:00","dateModified":"2023-05-30T08:37:41+00:00","breadcrumb":{"@id":"https://www.ogbl.lu/communique/les-frontaliers-grands-perdants-des-mesures-anticrise/#breadcrumb"},"inLanguage":"en-US","potentialAction":[{"@type":"ReadAction","target":["https://www.ogbl.lu/communique/les-frontaliers-grands-perdants-des-mesures-anticrise/"]}]},{"@type":"BreadcrumbList","@id":"https://www.ogbl.lu/communique/les-frontaliers-grands-perdants-des-mesures-anticrise/#breadcrumb","itemListElement":[{"@type":"ListItem","position":1,"name":"Home","item":"https://www.ogbl.lu/"},{"@type":"ListItem","position":2,"name":"Les frontaliers grands perdants des mesures anticrise"}]},{"@type":"WebSite","@id":"https://www.ogbl.lu/de/#website","url":"https://www.ogbl.lu/de/","name":"OGBL","description":"THE TRADE UNION","publisher":{"@id":"https://www.ogbl.lu/de/#organization"},"potentialAction":[{"@type":"SearchAction","target":{"@type":"EntryPoint","urlTemplate":"https://www.ogbl.lu/de/?s={search_term_string}"},"query-input":"required name=search_term_string"}],"inLanguage":"en-US"},{"@type":"Organization","@id":"https://www.ogbl.lu/de/#organization","name":"OGBL","url":"https://www.ogbl.lu/de/","logo":{"@type":"ImageObject","inLanguage":"en-US","@id":"https://www.ogbl.lu/de/#/schema/logo/image/","url":"https://www.ogbl.lu/wp-content/uploads/2024/07/LOGO_Red_FR-svg.png","contentUrl":"https://www.ogbl.lu/wp-content/uploads/2024/07/LOGO_Red_FR-svg.png","width":369,"height":171,"caption":"OGBL"},"image":{"@id":"https://www.ogbl.lu/de/#/schema/logo/image/"}}]}</script>
<!-- / Yoast SEO plugin. -->

[:fr]Les frontaliers grands perdants des mesures anticrise[:de]Die Grenzgänger sind die großen Verlierer der Antikrisenmaßnahmen[:en]Les frontaliers grands perdants des mesures anticrise[:] - OGBL

L’OGBL s’adresse à nouveau au Premier ministre Dans une lettre adressée au Premier ministre Jean-Claude Juncker le 19 juillet, le …
