{"id":617,"date":"2009-03-11T15:29:09","date_gmt":"2009-03-11T14:29:09","guid":{"rendered":"https:\/\/www.ogbl.lu\/communiques\/ogbl-und-votum-klima-meinungsaustausch-zur-klima-und-energiepolitik"},"modified":"2023-07-03T11:34:48","modified_gmt":"2023-07-03T09:34:48","slug":"ogbl-und-votum-klima-meinungsaustausch-zur-klima-und-energiepolitik","status":"publish","type":"communiques","link":"https:\/\/www.ogbl.lu\/en\/communique\/ogbl-und-votum-klima-meinungsaustausch-zur-klima-und-energiepolitik\/","title":{"rendered":"OGBL und Votum Klima: Meinungsaustausch zur Klima- und Energiepolitik"},"content":{"rendered":"<p class=\"qtranxs-available-languages-message qtranxs-available-languages-message-en\"> <\/p><p>Vor kurzem traf der OGBL eine Delegation des B\u00fcndnisses \u201eVotum Klima\u201c, das die Organisationen Action Solidarit\u00e9 Tiers Monde (ASTM), Caritas Luxemburg, Mouvement Ecologique und Greenpeace Luxemburg umfasst. \u201eVotum Klima\u201c war im Januar an die Presse getreten, um der zuk\u00fcnftigen Regierung ihre gemeinsamen Forderungen zur klima- und energiepolitischen Wende in Luxemburg zu unterbreiten.<\/p>\n<p>Die Vertreter der vier Organisationen stellten dem OGBL ausf\u00fchrlich die Ideen und Vorschl\u00e4ge des B\u00fcndnisses vor. Themen waren unter anderem die Senkung der Treibhausgasemissionen um 30% bis zum Jahr 2020, die Auswirkungen des Klimawandels auf die Entwicklungsl\u00e4nder und die daraus folgenden Erfordernisse bez\u00fcglich der Entwicklungspolitik, sowie die Alternativen zur voraussichtlichen Abnahme der Staatseinnahmen durch den \u201eTanktourismus\u201c.<\/p>\n<p>Jean-Claude Reding erl\u00e4uterte, dass sich die Vorstellungen des OGBL und der internationalen Gewerkschaftsbewegung in vielen Punkten mit den Forderungen von \u201eVotum Klima\u201c \u00fcberschneiden w\u00fcrden. So habe der Europ\u00e4ische Gewerkschaftsbund darauf aufmerksam gemacht, dass man angesichts der Wirtschafts- und Finanzkrise die \u00f6kologische Krise nicht aus den Augen verlieren solle. Auch die Empfehlungen der Chambre des Salari\u00e9s zur Sitzung der Tripartite vom 3. M\u00e4rz habe einige erg\u00e4nzende Vorschl\u00e4ge in Richtung einer klima- und energiepolitischen Wende enthalten, darunter Investitionen in erneuerbare Energien oder auch der Ausbau des grenz\u00fcberschreitenden \u00f6ffentlichen Transports.<\/p>\n<p>Der OGBL und Votum Klima kamen \u00fcberein, den Dialog zu diesen Fragen weiterzuf\u00fchren, und gegebenenfalls zu einzelnen Punkten gemeinsam zu agieren.<\/p>\n<p><strong>Mitgeteilt vom OGBL<\/strong><br \/>\n<strong>am 11. M\u00e4rz 2009<\/strong><\/p>","protected":false},"author":1,"featured_media":0,"template":"","categorie_communiques":[41],"syndicat":[],"acf":[],"yoast_head":"<!-- This site is optimized with the Yoast SEO plugin v23.1 - https:\/\/yoast.com\/wordpress\/plugins\/seo\/ -->\r\n<title>OGBL und Votum Klima: Meinungsaustausch zur Klima- und Energiepolitik - OGBL<\/title>\r\n<meta name=\"robots\" content=\"index, follow, max-snippet:-1, max-image-preview:large, max-video-preview:-1\" \/>\r\n<link rel=\"canonical\" href=\"https:\/\/www.ogbl.lu\/communique\/ogbl-und-votum-klima-meinungsaustausch-zur-klima-und-energiepolitik\/\" \/>\r\n<meta property=\"og:locale\" content=\"en_US\" \/>\r\n<meta property=\"og:type\" content=\"article\" \/>\r\n<meta property=\"og:title\" content=\"[:de]OGBL und Votum Klima: Meinungsaustausch zur Klima- und Energiepolitik[:en]OGBL und Votum Klima: Meinungsaustausch zur Klima- und Energiepolitik[:] - OGBL\" \/>\r\n<meta property=\"og:description\" content=\"Vor kurzem traf der OGBL eine Delegation des B\u00fcndnisses \u201eVotum Klima\u201c, das die Organisationen Action Solidarit\u00e9 Tiers Monde (ASTM), Caritas \u2026\" \/>\r\n<meta property=\"og:url\" content=\"https:\/\/www.ogbl.lu\/communique\/ogbl-und-votum-klima-meinungsaustausch-zur-klima-und-energiepolitik\/\" \/>\r\n<meta property=\"og:site_name\" content=\"OGBL\" \/>\r\n<meta property=\"article:modified_time\" content=\"2023-07-03T09:34:48+00:00\" \/>\r\n<meta name=\"twitter:card\" content=\"summary_large_image\" \/>\r\n<meta name=\"twitter:label1\" content=\"Est. reading time\" \/>\n\t<meta name=\"twitter:data1\" content=\"1 minute\" \/>\r\n<script type=\"application\/ld+json\" class=\"yoast-schema-graph\">{\"@context\":\"https:\/\/schema.org\",\"@graph\":[{\"@type\":\"WebPage\",\"@id\":\"https:\/\/www.ogbl.lu\/communique\/ogbl-und-votum-klima-meinungsaustausch-zur-klima-und-energiepolitik\/\",\"url\":\"https:\/\/www.ogbl.lu\/communique\/ogbl-und-votum-klima-meinungsaustausch-zur-klima-und-energiepolitik\/\",\"name\":\"[:de]OGBL und Votum Klima: Meinungsaustausch zur Klima- und Energiepolitik[:en]OGBL und Votum Klima: Meinungsaustausch zur Klima- und Energiepolitik[:] - OGBL\",\"isPartOf\":{\"@id\":\"https:\/\/www.ogbl.lu\/de\/#website\"},\"datePublished\":\"2009-03-11T14:29:09+00:00\",\"dateModified\":\"2023-07-03T09:34:48+00:00\",\"breadcrumb\":{\"@id\":\"https:\/\/www.ogbl.lu\/communique\/ogbl-und-votum-klima-meinungsaustausch-zur-klima-und-energiepolitik\/#breadcrumb\"},\"inLanguage\":\"en-US\",\"potentialAction\":[{\"@type\":\"ReadAction\",\"target\":[\"https:\/\/www.ogbl.lu\/communique\/ogbl-und-votum-klima-meinungsaustausch-zur-klima-und-energiepolitik\/\"]}]},{\"@type\":\"BreadcrumbList\",\"@id\":\"https:\/\/www.ogbl.lu\/communique\/ogbl-und-votum-klima-meinungsaustausch-zur-klima-und-energiepolitik\/#breadcrumb\",\"itemListElement\":[{\"@type\":\"ListItem\",\"position\":1,\"name\":\"Home\",\"item\":\"https:\/\/www.ogbl.lu\/\"},{\"@type\":\"ListItem\",\"position\":2,\"name\":\"OGBL und Votum Klima: Meinungsaustausch zur Klima- und Energiepolitik\"}]},{\"@type\":\"WebSite\",\"@id\":\"https:\/\/www.ogbl.lu\/de\/#website\",\"url\":\"https:\/\/www.ogbl.lu\/de\/\",\"name\":\"OGBL\",\"description\":\"THE TRADE UNION\",\"publisher\":{\"@id\":\"https:\/\/www.ogbl.lu\/de\/#organization\"},\"potentialAction\":[{\"@type\":\"SearchAction\",\"target\":{\"@type\":\"EntryPoint\",\"urlTemplate\":\"https:\/\/www.ogbl.lu\/de\/?s={search_term_string}\"},\"query-input\":\"required name=search_term_string\"}],\"inLanguage\":\"en-US\"},{\"@type\":\"Organization\",\"@id\":\"https:\/\/www.ogbl.lu\/de\/#organization\",\"name\":\"OGBL\",\"url\":\"https:\/\/www.ogbl.lu\/de\/\",\"logo\":{\"@type\":\"ImageObject\",\"inLanguage\":\"en-US\",\"@id\":\"https:\/\/www.ogbl.lu\/de\/#\/schema\/logo\/image\/\",\"url\":\"https:\/\/www.ogbl.lu\/wp-content\/uploads\/2024\/07\/LOGO_Red_FR-svg.png\",\"contentUrl\":\"https:\/\/www.ogbl.lu\/wp-content\/uploads\/2024\/07\/LOGO_Red_FR-svg.png\",\"width\":369,\"height\":171,\"caption\":\"OGBL\"},\"image\":{\"@id\":\"https:\/\/www.ogbl.lu\/de\/#\/schema\/logo\/image\/\"}}]}<\/script>\r\n<!-- \/ Yoast SEO plugin. -->","yoast_head_json":{"title":"[:de]OGBL und Votum Klima: Meinungsaustausch zur Klima- und Energiepolitik[:en]OGBL und Votum Klima: Meinungsaustausch zur Klima- und Energiepolitik[:] - OGBL","robots":{"index":"index","follow":"follow","max-snippet":"max-snippet:-1","max-image-preview":"max-image-preview:large","max-video-preview":"max-video-preview:-1"},"canonical":"https:\/\/www.ogbl.lu\/communique\/ogbl-und-votum-klima-meinungsaustausch-zur-klima-und-energiepolitik\/","og_locale":"en_US","og_type":"article","og_title":"[:de]OGBL und Votum Klima: Meinungsaustausch zur Klima- und Energiepolitik[:en]OGBL und Votum Klima: Meinungsaustausch zur Klima- und Energiepolitik[:] - OGBL","og_description":"Vor kurzem traf der OGBL eine Delegation des B\u00fcndnisses \u201eVotum Klima\u201c, das die Organisationen Action Solidarit\u00e9 Tiers Monde (ASTM), Caritas \u2026","og_url":"https:\/\/www.ogbl.lu\/communique\/ogbl-und-votum-klima-meinungsaustausch-zur-klima-und-energiepolitik\/","og_site_name":"OGBL","article_modified_time":"2023-07-03T09:34:48+00:00","twitter_card":"summary_large_image","twitter_misc":{"Est. reading time":"1 minute"},"schema":{"@context":"https:\/\/schema.org","@graph":[{"@type":"WebPage","@id":"https:\/\/www.ogbl.lu\/communique\/ogbl-und-votum-klima-meinungsaustausch-zur-klima-und-energiepolitik\/","url":"https:\/\/www.ogbl.lu\/communique\/ogbl-und-votum-klima-meinungsaustausch-zur-klima-und-energiepolitik\/","name":"[:de]OGBL und Votum Klima: Meinungsaustausch zur Klima- und Energiepolitik[:en]OGBL und Votum Klima: Meinungsaustausch zur Klima- und Energiepolitik[:] - OGBL","isPartOf":{"@id":"https:\/\/www.ogbl.lu\/de\/#website"},"datePublished":"2009-03-11T14:29:09+00:00","dateModified":"2023-07-03T09:34:48+00:00","breadcrumb":{"@id":"https:\/\/www.ogbl.lu\/communique\/ogbl-und-votum-klima-meinungsaustausch-zur-klima-und-energiepolitik\/#breadcrumb"},"inLanguage":"en-US","potentialAction":[{"@type":"ReadAction","target":["https:\/\/www.ogbl.lu\/communique\/ogbl-und-votum-klima-meinungsaustausch-zur-klima-und-energiepolitik\/"]}]},{"@type":"BreadcrumbList","@id":"https:\/\/www.ogbl.lu\/communique\/ogbl-und-votum-klima-meinungsaustausch-zur-klima-und-energiepolitik\/#breadcrumb","itemListElement":[{"@type":"ListItem","position":1,"name":"Home","item":"https:\/\/www.ogbl.lu\/"},{"@type":"ListItem","position":2,"name":"OGBL und Votum Klima: Meinungsaustausch zur Klima- und Energiepolitik"}]},{"@type":"WebSite","@id":"https:\/\/www.ogbl.lu\/de\/#website","url":"https:\/\/www.ogbl.lu\/de\/","name":"OGBL","description":"THE TRADE UNION","publisher":{"@id":"https:\/\/www.ogbl.lu\/de\/#organization"},"potentialAction":[{"@type":"SearchAction","target":{"@type":"EntryPoint","urlTemplate":"https:\/\/www.ogbl.lu\/de\/?s={search_term_string}"},"query-input":"required name=search_term_string"}],"inLanguage":"en-US"},{"@type":"Organization","@id":"https:\/\/www.ogbl.lu\/de\/#organization","name":"OGBL","url":"https:\/\/www.ogbl.lu\/de\/","logo":{"@type":"ImageObject","inLanguage":"en-US","@id":"https:\/\/www.ogbl.lu\/de\/#\/schema\/logo\/image\/","url":"https:\/\/www.ogbl.lu\/wp-content\/uploads\/2024\/07\/LOGO_Red_FR-svg.png","contentUrl":"https:\/\/www.ogbl.lu\/wp-content\/uploads\/2024\/07\/LOGO_Red_FR-svg.png","width":369,"height":171,"caption":"OGBL"},"image":{"@id":"https:\/\/www.ogbl.lu\/de\/#\/schema\/logo\/image\/"}}]}},"_links":{"self":[{"href":"https:\/\/www.ogbl.lu\/en\/wp-json\/wp\/v2\/communiques\/617"}],"collection":[{"href":"https:\/\/www.ogbl.lu\/en\/wp-json\/wp\/v2\/communiques"}],"about":[{"href":"https:\/\/www.ogbl.lu\/en\/wp-json\/wp\/v2\/types\/communiques"}],"author":[{"embeddable":true,"href":"https:\/\/www.ogbl.lu\/en\/wp-json\/wp\/v2\/users\/1"}],"version-history":[{"count":0,"href":"https:\/\/www.ogbl.lu\/en\/wp-json\/wp\/v2\/communiques\/617\/revisions"}],"wp:attachment":[{"href":"https:\/\/www.ogbl.lu\/en\/wp-json\/wp\/v2\/media?parent=617"}],"wp:term":[{"taxonomy":"categorie_communiques","embeddable":true,"href":"https:\/\/www.ogbl.lu\/en\/wp-json\/wp\/v2\/categorie_communiques?post=617"},{"taxonomy":"syndicat","embeddable":true,"href":"https:\/\/www.ogbl.lu\/en\/wp-json\/wp\/v2\/syndicat?post=617"}],"curies":[{"name":"wp","href":"https:\/\/api.w.org\/{rel}","templated":true}]}}

<p class="qtranxs-available-languages-message qtranxs-available-languages-message-en"> </p><p>Vor kurzem traf der OGBL eine Delegation des Bündnisses „Votum Klima“, das die Organisationen Action Solidarité Tiers Monde (ASTM), Caritas Luxemburg, Mouvement Ecologique und Greenpeace Luxemburg umfasst. „Votum Klima“ war im Januar an die Presse getreten, um der zukünftigen Regierung ihre gemeinsamen Forderungen zur klima- und energiepolitischen Wende in Luxemburg zu unterbreiten.</p>
<p>Die Vertreter der vier Organisationen stellten dem OGBL ausführlich die Ideen und Vorschläge des Bündnisses vor. Themen waren unter anderem die Senkung der Treibhausgasemissionen um 30% bis zum Jahr 2020, die Auswirkungen des Klimawandels auf die Entwicklungsländer und die daraus folgenden Erfordernisse bezüglich der Entwicklungspolitik, sowie die Alternativen zur voraussichtlichen Abnahme der Staatseinnahmen durch den „Tanktourismus“.</p>
<p>Jean-Claude Reding erläuterte, dass sich die Vorstellungen des OGBL und der internationalen Gewerkschaftsbewegung in vielen Punkten mit den Forderungen von „Votum Klima“ überschneiden würden. So habe der Europäische Gewerkschaftsbund darauf aufmerksam gemacht, dass man angesichts der Wirtschafts- und Finanzkrise die ökologische Krise nicht aus den Augen verlieren solle. Auch die Empfehlungen der Chambre des Salariés zur Sitzung der Tripartite vom 3. März habe einige ergänzende Vorschläge in Richtung einer klima- und energiepolitischen Wende enthalten, darunter Investitionen in erneuerbare Energien oder auch der Ausbau des grenzüberschreitenden öffentlichen Transports.</p>
<p>Der OGBL und Votum Klima kamen überein, den Dialog zu diesen Fragen weiterzuführen, und gegebenenfalls zu einzelnen Punkten gemeinsam zu agieren.</p>
<p><strong>Mitgeteilt vom OGBL</strong><br />
<strong>am 11. März 2009</strong></p>

<!-- This site is optimized with the Yoast SEO plugin v23.1 - https://yoast.com/wordpress/plugins/seo/ -->
<title>OGBL und Votum Klima: Meinungsaustausch zur Klima- und Energiepolitik - OGBL</title>
<meta name="robots" content="index, follow, max-snippet:-1, max-image-preview:large, max-video-preview:-1" />
<link rel="canonical" href="https://www.ogbl.lu/communique/ogbl-und-votum-klima-meinungsaustausch-zur-klima-und-energiepolitik/" />
<meta property="og:locale" content="en_US" />
<meta property="og:type" content="article" />
<meta property="og:title" content="[:de]OGBL und Votum Klima: Meinungsaustausch zur Klima- und Energiepolitik[:en]OGBL und Votum Klima: Meinungsaustausch zur Klima- und Energiepolitik[:] - OGBL" />
<meta property="og:description" content="Vor kurzem traf der OGBL eine Delegation des Bündnisses „Votum Klima“, das die Organisationen Action Solidarité Tiers Monde (ASTM), Caritas …" />
<meta property="og:url" content="https://www.ogbl.lu/communique/ogbl-und-votum-klima-meinungsaustausch-zur-klima-und-energiepolitik/" />
<meta property="og:site_name" content="OGBL" />
<meta property="article:modified_time" content="2023-07-03T09:34:48+00:00" />
<meta name="twitter:card" content="summary_large_image" />
<meta name="twitter:label1" content="Est. reading time" />
	<meta name="twitter:data1" content="1 minute" />
<script type="application/ld+json" class="yoast-schema-graph">{"@context":"https://schema.org","@graph":[{"@type":"WebPage","@id":"https://www.ogbl.lu/communique/ogbl-und-votum-klima-meinungsaustausch-zur-klima-und-energiepolitik/","url":"https://www.ogbl.lu/communique/ogbl-und-votum-klima-meinungsaustausch-zur-klima-und-energiepolitik/","name":"[:de]OGBL und Votum Klima: Meinungsaustausch zur Klima- und Energiepolitik[:en]OGBL und Votum Klima: Meinungsaustausch zur Klima- und Energiepolitik[:] - OGBL","isPartOf":{"@id":"https://www.ogbl.lu/de/#website"},"datePublished":"2009-03-11T14:29:09+00:00","dateModified":"2023-07-03T09:34:48+00:00","breadcrumb":{"@id":"https://www.ogbl.lu/communique/ogbl-und-votum-klima-meinungsaustausch-zur-klima-und-energiepolitik/#breadcrumb"},"inLanguage":"en-US","potentialAction":[{"@type":"ReadAction","target":["https://www.ogbl.lu/communique/ogbl-und-votum-klima-meinungsaustausch-zur-klima-und-energiepolitik/"]}]},{"@type":"BreadcrumbList","@id":"https://www.ogbl.lu/communique/ogbl-und-votum-klima-meinungsaustausch-zur-klima-und-energiepolitik/#breadcrumb","itemListElement":[{"@type":"ListItem","position":1,"name":"Home","item":"https://www.ogbl.lu/"},{"@type":"ListItem","position":2,"name":"OGBL und Votum Klima: Meinungsaustausch zur Klima- und Energiepolitik"}]},{"@type":"WebSite","@id":"https://www.ogbl.lu/de/#website","url":"https://www.ogbl.lu/de/","name":"OGBL","description":"THE TRADE UNION","publisher":{"@id":"https://www.ogbl.lu/de/#organization"},"potentialAction":[{"@type":"SearchAction","target":{"@type":"EntryPoint","urlTemplate":"https://www.ogbl.lu/de/?s={search_term_string}"},"query-input":"required name=search_term_string"}],"inLanguage":"en-US"},{"@type":"Organization","@id":"https://www.ogbl.lu/de/#organization","name":"OGBL","url":"https://www.ogbl.lu/de/","logo":{"@type":"ImageObject","inLanguage":"en-US","@id":"https://www.ogbl.lu/de/#/schema/logo/image/","url":"https://www.ogbl.lu/wp-content/uploads/2024/07/LOGO_Red_FR-svg.png","contentUrl":"https://www.ogbl.lu/wp-content/uploads/2024/07/LOGO_Red_FR-svg.png","width":369,"height":171,"caption":"OGBL"},"image":{"@id":"https://www.ogbl.lu/de/#/schema/logo/image/"}}]}</script>
<!-- / Yoast SEO plugin. -->

Vor kurzem traf der OGBL eine Delegation des Bündnisses „Votum Klima“, das die Organisationen Action Solidarité Tiers Monde (ASTM), Caritas …
