{"id":24814,"date":"2024-03-08T14:45:09","date_gmt":"2024-03-08T13:45:09","guid":{"rendered":"https:\/\/www.ogbl.lu\/?post_type=communiques&#038;p=24814"},"modified":"2024-03-14T10:01:31","modified_gmt":"2024-03-14T09:01:31","slug":"une-convention-collective-pour-neimenster","status":"publish","type":"communiques","link":"https:\/\/www.ogbl.lu\/en\/communique\/une-convention-collective-pour-neimenster\/","title":{"rendered":"A collective agreement for neim\u00ebnster"},"content":{"rendered":"<p>The signing of a first collective bargaining agreement (CBA) for the employees of neim\u00ebnster marks the consolidation of social benefits and\u00a0 the achievement of new ones.<\/p>\n<p>On February 9, 2024, a first CBA was signed between representatives of the OGBL and the Centre Culturel de Rencontre Abbaye Neum\u00fcnster &#8211; also known as neim\u00ebnster &#8211; at the end of negotiations that took place in a calm working climate and in the continuous search for constructive social dialogue.<\/p>\n<p>Approved by the Ministry of Culture and the Government Council, the CBA, signed for a period of 3 years (January 1, 2024 to December 31, 2026), includes among others the following benefits<\/p>\n<ul>\n<li>increase in the value of meal vouchers from \u20ac10.80 to \u20ac15 per voucher;<\/li>\n<li>adjustment of the salary scale: increase of the step progression from 0.7% to 1% and from 0.5% to 0.7% depending on the group, with reclassification of employees to the next higher step;<\/li>\n<li>implementation of a seniority bonus with retroactive effect:\n<ul>\n<li>1000 \u20ac for 10 years of service,<\/li>\n<li>2000 \u20ac for 20 years of service,<\/li>\n<li>3000 \u20ac for 30 years of service;<\/li>\n<\/ul>\n<\/li>\n<li>2 additional days of vacation for employees over the age of 60;<\/li>\n<li>introduction of a right to disconnect.<\/li>\n<\/ul>\n<p>Previously acquired benefits, such as the payment of a 13th month&#8217;s salary, family allowances and additional leave depending on the employee&#8217;s age, have of course been maintained under the terms of the new collective agreement.<\/p>\n<p>The signatory parties welcome the agreement, which improves the current working conditions for all employees and enables n\u00ebimenster to increase its attractiveness as an employer among the cultural institutions of the Grand Duchy.<\/p>\n<p><strong>Press release of the OGBL and the Centre Culturel de Rencontre Abbaye Neum\u00fcnster on March 8, 2024<\/strong><\/p>","protected":false},"author":4,"featured_media":25145,"template":"","categorie_communiques":[50],"syndicat":[76],"acf":[],"yoast_head":"<!-- This site is optimized with the Yoast SEO plugin v23.1 - https:\/\/yoast.com\/wordpress\/plugins\/seo\/ -->\r\n<title>A collective agreement for neim\u00ebnster - OGBL<\/title>\r\n<meta name=\"robots\" content=\"index, follow, max-snippet:-1, max-image-preview:large, max-video-preview:-1\" \/>\r\n<link rel=\"canonical\" href=\"https:\/\/www.ogbl.lu\/communique\/une-convention-collective-pour-neimenster\/\" \/>\r\n<meta property=\"og:locale\" content=\"en_US\" \/>\r\n<meta property=\"og:type\" content=\"article\" \/>\r\n<meta property=\"og:title\" content=\"[:fr]Une convention collective pour neim\u00ebnster[:de]Ein Kollektivvertrag f\u00fcr neim\u00ebnster[:en]A collective agreement for neim\u00ebnster[:] - OGBL\" \/>\r\n<meta property=\"og:description\" content=\"The signing of a first collective bargaining agreement (CBA) for the employees of neim\u00ebnster marks the consolidation of social benefits \u2026\" \/>\r\n<meta property=\"og:url\" content=\"https:\/\/www.ogbl.lu\/communique\/une-convention-collective-pour-neimenster\/\" \/>\r\n<meta property=\"og:site_name\" content=\"OGBL\" \/>\r\n<meta property=\"article:modified_time\" content=\"2024-03-14T09:01:31+00:00\" \/>\r\n<meta property=\"og:image\" content=\"https:\/\/www.ogbl.lu\/wp-content\/uploads\/2024\/03\/Convention-Collective-de-neimenster_2.jpg\" \/>\r\n\t<meta property=\"og:image:width\" content=\"900\" \/>\r\n\t<meta property=\"og:image:height\" content=\"680\" \/>\r\n\t<meta property=\"og:image:type\" content=\"image\/jpeg\" \/>\r\n<meta name=\"twitter:card\" content=\"summary_large_image\" \/>\r\n<meta name=\"twitter:label1\" content=\"Est. reading time\" \/>\n\t<meta name=\"twitter:data1\" content=\"4 minutes\" \/>\r\n<script type=\"application\/ld+json\" class=\"yoast-schema-graph\">{\"@context\":\"https:\/\/schema.org\",\"@graph\":[{\"@type\":\"WebPage\",\"@id\":\"https:\/\/www.ogbl.lu\/communique\/une-convention-collective-pour-neimenster\/\",\"url\":\"https:\/\/www.ogbl.lu\/communique\/une-convention-collective-pour-neimenster\/\",\"name\":\"[:fr]Une convention collective pour neim\u00ebnster[:de]Ein Kollektivvertrag f\u00fcr neim\u00ebnster[:en]A collective agreement for neim\u00ebnster[:] - OGBL\",\"isPartOf\":{\"@id\":\"https:\/\/www.ogbl.lu\/de\/#website\"},\"primaryImageOfPage\":{\"@id\":\"https:\/\/www.ogbl.lu\/communique\/une-convention-collective-pour-neimenster\/#primaryimage\"},\"image\":{\"@id\":\"https:\/\/www.ogbl.lu\/communique\/une-convention-collective-pour-neimenster\/#primaryimage\"},\"thumbnailUrl\":\"https:\/\/www.ogbl.lu\/wp-content\/uploads\/2024\/03\/Convention-Collective-de-neimenster_2.jpg\",\"datePublished\":\"2024-03-08T13:45:09+00:00\",\"dateModified\":\"2024-03-14T09:01:31+00:00\",\"breadcrumb\":{\"@id\":\"https:\/\/www.ogbl.lu\/communique\/une-convention-collective-pour-neimenster\/#breadcrumb\"},\"inLanguage\":\"en-US\",\"potentialAction\":[{\"@type\":\"ReadAction\",\"target\":[\"https:\/\/www.ogbl.lu\/communique\/une-convention-collective-pour-neimenster\/\"]}]},{\"@type\":\"ImageObject\",\"inLanguage\":\"en-US\",\"@id\":\"https:\/\/www.ogbl.lu\/communique\/une-convention-collective-pour-neimenster\/#primaryimage\",\"url\":\"https:\/\/www.ogbl.lu\/wp-content\/uploads\/2024\/03\/Convention-Collective-de-neimenster_2.jpg\",\"contentUrl\":\"https:\/\/www.ogbl.lu\/wp-content\/uploads\/2024\/03\/Convention-Collective-de-neimenster_2.jpg\",\"width\":900,\"height\":680},{\"@type\":\"BreadcrumbList\",\"@id\":\"https:\/\/www.ogbl.lu\/communique\/une-convention-collective-pour-neimenster\/#breadcrumb\",\"itemListElement\":[{\"@type\":\"ListItem\",\"position\":1,\"name\":\"Home\",\"item\":\"https:\/\/www.ogbl.lu\/\"},{\"@type\":\"ListItem\",\"position\":2,\"name\":\"Une convention collective pour neim\u00ebnster\"}]},{\"@type\":\"WebSite\",\"@id\":\"https:\/\/www.ogbl.lu\/de\/#website\",\"url\":\"https:\/\/www.ogbl.lu\/de\/\",\"name\":\"OGBL\",\"description\":\"THE TRADE UNION\",\"publisher\":{\"@id\":\"https:\/\/www.ogbl.lu\/de\/#organization\"},\"potentialAction\":[{\"@type\":\"SearchAction\",\"target\":{\"@type\":\"EntryPoint\",\"urlTemplate\":\"https:\/\/www.ogbl.lu\/de\/?s={search_term_string}\"},\"query-input\":\"required name=search_term_string\"}],\"inLanguage\":\"en-US\"},{\"@type\":\"Organization\",\"@id\":\"https:\/\/www.ogbl.lu\/de\/#organization\",\"name\":\"OGBL\",\"url\":\"https:\/\/www.ogbl.lu\/de\/\",\"logo\":{\"@type\":\"ImageObject\",\"inLanguage\":\"en-US\",\"@id\":\"https:\/\/www.ogbl.lu\/de\/#\/schema\/logo\/image\/\",\"url\":\"https:\/\/www.ogbl.lu\/wp-content\/uploads\/2024\/07\/LOGO_Red_FR-svg.png\",\"contentUrl\":\"https:\/\/www.ogbl.lu\/wp-content\/uploads\/2024\/07\/LOGO_Red_FR-svg.png\",\"width\":369,\"height\":171,\"caption\":\"OGBL\"},\"image\":{\"@id\":\"https:\/\/www.ogbl.lu\/de\/#\/schema\/logo\/image\/\"}}]}<\/script>\r\n<!-- \/ Yoast SEO plugin. -->","yoast_head_json":{"title":"[:fr]Une convention collective pour neim\u00ebnster[:de]Ein Kollektivvertrag f\u00fcr neim\u00ebnster[:en]A collective agreement for neim\u00ebnster[:] - OGBL","robots":{"index":"index","follow":"follow","max-snippet":"max-snippet:-1","max-image-preview":"max-image-preview:large","max-video-preview":"max-video-preview:-1"},"canonical":"https:\/\/www.ogbl.lu\/communique\/une-convention-collective-pour-neimenster\/","og_locale":"en_US","og_type":"article","og_title":"[:fr]Une convention collective pour neim\u00ebnster[:de]Ein Kollektivvertrag f\u00fcr neim\u00ebnster[:en]A collective agreement for neim\u00ebnster[:] - OGBL","og_description":"The signing of a first collective bargaining agreement (CBA) for the employees of neim\u00ebnster marks the consolidation of social benefits \u2026","og_url":"https:\/\/www.ogbl.lu\/communique\/une-convention-collective-pour-neimenster\/","og_site_name":"OGBL","article_modified_time":"2024-03-14T09:01:31+00:00","og_image":[{"width":900,"height":680,"url":"https:\/\/www.ogbl.lu\/wp-content\/uploads\/2024\/03\/Convention-Collective-de-neimenster_2.jpg","type":"image\/jpeg"}],"twitter_card":"summary_large_image","twitter_misc":{"Est. reading time":"4 minutes"},"schema":{"@context":"https:\/\/schema.org","@graph":[{"@type":"WebPage","@id":"https:\/\/www.ogbl.lu\/communique\/une-convention-collective-pour-neimenster\/","url":"https:\/\/www.ogbl.lu\/communique\/une-convention-collective-pour-neimenster\/","name":"[:fr]Une convention collective pour neim\u00ebnster[:de]Ein Kollektivvertrag f\u00fcr neim\u00ebnster[:en]A collective agreement for neim\u00ebnster[:] - OGBL","isPartOf":{"@id":"https:\/\/www.ogbl.lu\/de\/#website"},"primaryImageOfPage":{"@id":"https:\/\/www.ogbl.lu\/communique\/une-convention-collective-pour-neimenster\/#primaryimage"},"image":{"@id":"https:\/\/www.ogbl.lu\/communique\/une-convention-collective-pour-neimenster\/#primaryimage"},"thumbnailUrl":"https:\/\/www.ogbl.lu\/wp-content\/uploads\/2024\/03\/Convention-Collective-de-neimenster_2.jpg","datePublished":"2024-03-08T13:45:09+00:00","dateModified":"2024-03-14T09:01:31+00:00","breadcrumb":{"@id":"https:\/\/www.ogbl.lu\/communique\/une-convention-collective-pour-neimenster\/#breadcrumb"},"inLanguage":"en-US","potentialAction":[{"@type":"ReadAction","target":["https:\/\/www.ogbl.lu\/communique\/une-convention-collective-pour-neimenster\/"]}]},{"@type":"ImageObject","inLanguage":"en-US","@id":"https:\/\/www.ogbl.lu\/communique\/une-convention-collective-pour-neimenster\/#primaryimage","url":"https:\/\/www.ogbl.lu\/wp-content\/uploads\/2024\/03\/Convention-Collective-de-neimenster_2.jpg","contentUrl":"https:\/\/www.ogbl.lu\/wp-content\/uploads\/2024\/03\/Convention-Collective-de-neimenster_2.jpg","width":900,"height":680},{"@type":"BreadcrumbList","@id":"https:\/\/www.ogbl.lu\/communique\/une-convention-collective-pour-neimenster\/#breadcrumb","itemListElement":[{"@type":"ListItem","position":1,"name":"Home","item":"https:\/\/www.ogbl.lu\/"},{"@type":"ListItem","position":2,"name":"Une convention collective pour neim\u00ebnster"}]},{"@type":"WebSite","@id":"https:\/\/www.ogbl.lu\/de\/#website","url":"https:\/\/www.ogbl.lu\/de\/","name":"OGBL","description":"THE TRADE UNION","publisher":{"@id":"https:\/\/www.ogbl.lu\/de\/#organization"},"potentialAction":[{"@type":"SearchAction","target":{"@type":"EntryPoint","urlTemplate":"https:\/\/www.ogbl.lu\/de\/?s={search_term_string}"},"query-input":"required name=search_term_string"}],"inLanguage":"en-US"},{"@type":"Organization","@id":"https:\/\/www.ogbl.lu\/de\/#organization","name":"OGBL","url":"https:\/\/www.ogbl.lu\/de\/","logo":{"@type":"ImageObject","inLanguage":"en-US","@id":"https:\/\/www.ogbl.lu\/de\/#\/schema\/logo\/image\/","url":"https:\/\/www.ogbl.lu\/wp-content\/uploads\/2024\/07\/LOGO_Red_FR-svg.png","contentUrl":"https:\/\/www.ogbl.lu\/wp-content\/uploads\/2024\/07\/LOGO_Red_FR-svg.png","width":369,"height":171,"caption":"OGBL"},"image":{"@id":"https:\/\/www.ogbl.lu\/de\/#\/schema\/logo\/image\/"}}]}},"_links":{"self":[{"href":"https:\/\/www.ogbl.lu\/en\/wp-json\/wp\/v2\/communiques\/24814"}],"collection":[{"href":"https:\/\/www.ogbl.lu\/en\/wp-json\/wp\/v2\/communiques"}],"about":[{"href":"https:\/\/www.ogbl.lu\/en\/wp-json\/wp\/v2\/types\/communiques"}],"author":[{"embeddable":true,"href":"https:\/\/www.ogbl.lu\/en\/wp-json\/wp\/v2\/users\/4"}],"version-history":[{"count":0,"href":"https:\/\/www.ogbl.lu\/en\/wp-json\/wp\/v2\/communiques\/24814\/revisions"}],"wp:featuredmedia":[{"embeddable":true,"href":"https:\/\/www.ogbl.lu\/en\/wp-json\/wp\/v2\/media\/25145"}],"wp:attachment":[{"href":"https:\/\/www.ogbl.lu\/en\/wp-json\/wp\/v2\/media?parent=24814"}],"wp:term":[{"taxonomy":"categorie_communiques","embeddable":true,"href":"https:\/\/www.ogbl.lu\/en\/wp-json\/wp\/v2\/categorie_communiques?post=24814"},{"taxonomy":"syndicat","embeddable":true,"href":"https:\/\/www.ogbl.lu\/en\/wp-json\/wp\/v2\/syndicat?post=24814"}],"curies":[{"name":"wp","href":"https:\/\/api.w.org\/{rel}","templated":true}]}}

A collective agreement for neimënster

<p>The signing of a first collective bargaining agreement (CBA) for the employees of neimënster marks the consolidation of social benefits and  the achievement of new ones.</p>
<p>On February 9, 2024, a first CBA was signed between representatives of the OGBL and the Centre Culturel de Rencontre Abbaye Neumünster &#8211; also known as neimënster &#8211; at the end of negotiations that took place in a calm working climate and in the continuous search for constructive social dialogue.</p>
<p>Approved by the Ministry of Culture and the Government Council, the CBA, signed for a period of 3 years (January 1, 2024 to December 31, 2026), includes among others the following benefits</p>
<ul>
<li>increase in the value of meal vouchers from €10.80 to €15 per voucher;</li>
<li>adjustment of the salary scale: increase of the step progression from 0.7% to 1% and from 0.5% to 0.7% depending on the group, with reclassification of employees to the next higher step;</li>
<li>implementation of a seniority bonus with retroactive effect:
<ul>
<li>1000 € for 10 years of service,</li>
<li>2000 € for 20 years of service,</li>
<li>3000 € for 30 years of service;</li>
</ul>
</li>
<li>2 additional days of vacation for employees over the age of 60;</li>
<li>introduction of a right to disconnect.</li>
</ul>
<p>Previously acquired benefits, such as the payment of a 13th month&#8217;s salary, family allowances and additional leave depending on the employee&#8217;s age, have of course been maintained under the terms of the new collective agreement.</p>
<p>The signatory parties welcome the agreement, which improves the current working conditions for all employees and enables nëimenster to increase its attractiveness as an employer among the cultural institutions of the Grand Duchy.</p>
<p><strong>Press release of the OGBL and the Centre Culturel de Rencontre Abbaye Neumünster on March 8, 2024</strong></p>

<!-- This site is optimized with the Yoast SEO plugin v23.1 - https://yoast.com/wordpress/plugins/seo/ -->
<title>A collective agreement for neimënster - OGBL</title>
<meta name="robots" content="index, follow, max-snippet:-1, max-image-preview:large, max-video-preview:-1" />
<link rel="canonical" href="https://www.ogbl.lu/communique/une-convention-collective-pour-neimenster/" />
<meta property="og:locale" content="en_US" />
<meta property="og:type" content="article" />
<meta property="og:title" content="[:fr]Une convention collective pour neimënster[:de]Ein Kollektivvertrag für neimënster[:en]A collective agreement for neimënster[:] - OGBL" />
<meta property="og:description" content="The signing of a first collective bargaining agreement (CBA) for the employees of neimënster marks the consolidation of social benefits …" />
<meta property="og:url" content="https://www.ogbl.lu/communique/une-convention-collective-pour-neimenster/" />
<meta property="og:site_name" content="OGBL" />
<meta property="article:modified_time" content="2024-03-14T09:01:31+00:00" />
<meta property="og:image" content="https://www.ogbl.lu/wp-content/uploads/2024/03/Convention-Collective-de-neimenster_2.jpg" />
	<meta property="og:image:width" content="900" />
	<meta property="og:image:height" content="680" />
	<meta property="og:image:type" content="image/jpeg" />
<meta name="twitter:card" content="summary_large_image" />
<meta name="twitter:label1" content="Est. reading time" />
	<meta name="twitter:data1" content="4 minutes" />
<script type="application/ld+json" class="yoast-schema-graph">{"@context":"https://schema.org","@graph":[{"@type":"WebPage","@id":"https://www.ogbl.lu/communique/une-convention-collective-pour-neimenster/","url":"https://www.ogbl.lu/communique/une-convention-collective-pour-neimenster/","name":"[:fr]Une convention collective pour neimënster[:de]Ein Kollektivvertrag für neimënster[:en]A collective agreement for neimënster[:] - OGBL","isPartOf":{"@id":"https://www.ogbl.lu/de/#website"},"primaryImageOfPage":{"@id":"https://www.ogbl.lu/communique/une-convention-collective-pour-neimenster/#primaryimage"},"image":{"@id":"https://www.ogbl.lu/communique/une-convention-collective-pour-neimenster/#primaryimage"},"thumbnailUrl":"https://www.ogbl.lu/wp-content/uploads/2024/03/Convention-Collective-de-neimenster_2.jpg","datePublished":"2024-03-08T13:45:09+00:00","dateModified":"2024-03-14T09:01:31+00:00","breadcrumb":{"@id":"https://www.ogbl.lu/communique/une-convention-collective-pour-neimenster/#breadcrumb"},"inLanguage":"en-US","potentialAction":[{"@type":"ReadAction","target":["https://www.ogbl.lu/communique/une-convention-collective-pour-neimenster/"]}]},{"@type":"ImageObject","inLanguage":"en-US","@id":"https://www.ogbl.lu/communique/une-convention-collective-pour-neimenster/#primaryimage","url":"https://www.ogbl.lu/wp-content/uploads/2024/03/Convention-Collective-de-neimenster_2.jpg","contentUrl":"https://www.ogbl.lu/wp-content/uploads/2024/03/Convention-Collective-de-neimenster_2.jpg","width":900,"height":680},{"@type":"BreadcrumbList","@id":"https://www.ogbl.lu/communique/une-convention-collective-pour-neimenster/#breadcrumb","itemListElement":[{"@type":"ListItem","position":1,"name":"Home","item":"https://www.ogbl.lu/"},{"@type":"ListItem","position":2,"name":"Une convention collective pour neimënster"}]},{"@type":"WebSite","@id":"https://www.ogbl.lu/de/#website","url":"https://www.ogbl.lu/de/","name":"OGBL","description":"THE TRADE UNION","publisher":{"@id":"https://www.ogbl.lu/de/#organization"},"potentialAction":[{"@type":"SearchAction","target":{"@type":"EntryPoint","urlTemplate":"https://www.ogbl.lu/de/?s={search_term_string}"},"query-input":"required name=search_term_string"}],"inLanguage":"en-US"},{"@type":"Organization","@id":"https://www.ogbl.lu/de/#organization","name":"OGBL","url":"https://www.ogbl.lu/de/","logo":{"@type":"ImageObject","inLanguage":"en-US","@id":"https://www.ogbl.lu/de/#/schema/logo/image/","url":"https://www.ogbl.lu/wp-content/uploads/2024/07/LOGO_Red_FR-svg.png","contentUrl":"https://www.ogbl.lu/wp-content/uploads/2024/07/LOGO_Red_FR-svg.png","width":369,"height":171,"caption":"OGBL"},"image":{"@id":"https://www.ogbl.lu/de/#/schema/logo/image/"}}]}</script>
<!-- / Yoast SEO plugin. -->

[:fr]Une convention collective pour neimënster[:de]Ein Kollektivvertrag für neimënster[:en]A collective agreement for neimënster[:] - OGBL

The signing of a first collective bargaining agreement (CBA) for the employees of neimënster marks the consolidation of social benefits …

Une convention collective pour neimënster
