{"id":2155,"date":"2017-01-05T14:00:10","date_gmt":"2017-01-05T13:00:10","guid":{"rendered":"https:\/\/www.ogbl.lu\/communiques\/annonce-de-restructuration-du-groupe-quel-impact-pour-la-commerzbank-luxembourg"},"modified":"2023-06-13T09:52:05","modified_gmt":"2023-06-13T07:52:05","slug":"annonce-de-restructuration-du-groupe-quel-impact-pour-la-commerzbank-luxembourg","status":"publish","type":"communiques","link":"https:\/\/www.ogbl.lu\/en\/communique\/annonce-de-restructuration-du-groupe-quel-impact-pour-la-commerzbank-luxembourg\/","title":{"rendered":"Annonce de restructuration du groupe \u2013 quel impact pour la Commerzbank Luxembourg?"},"content":{"rendered":"<p class=\"qtranxs-available-languages-message qtranxs-available-languages-message-en\"> <\/p><p><a href=\"https:\/\/www.ogbl.lu\/wp-content\/uploads\/communiques\/commerzbank.jpg\" target=\"_blank\" rel=\"noopener\"><img decoding=\"async\" class=\"alignleft wp-image-23300\" style=\"border: 0px none;\" src=\"https:\/\/www.ogbl.lu\/wp-content\/uploads\/communiques\/commerzbank.jpg\" alt=\"commerzbank\" width=\"300\" \/><\/a>Suite \u00e0 l\u2019annonce du groupe Commerzbank fin septembre de proc\u00e9der \u00e0 une restructuration substantielle qui devrait se traduire en vue d\u2019une suppression de 9.600 emplois, le SBA avait demand\u00e9 les cons\u00e9quences d\u2019une telle r\u00e9organisation pour le site Luxembourg.<\/p>\n<p>Rappelons que ce n\u2019\u00e9tait qu\u2018en mai 2016 que la Commerzbank Luxembourg avait n\u00e9goci\u00e9 un plan social pour licencier 90 personnes.<\/p>\n<p>La r\u00e9ponse de la direction de la Commerzbank Luxembourg est ambigu\u00eb et elle a \u00e9t\u00e9 transmise aux employ\u00e9s lors d\u2019une action syndicale matinale devant la filiale luxembourgeoise.<\/p>\n<p>N\u2019h\u00e9sitez pas \u00e0 t\u00e9l\u00e9charger la r\u00e9ponse <a href=\"https:\/\/www.ogbl.lu\/wp-content\/uploads\/communiques\/commerzbank_tract.pdf\" target=\"_blank\" rel=\"noopener\">ici<\/a>.<\/p>\n<p>&nbsp;<\/p>\n<p>&nbsp;<\/p>","protected":false},"author":1,"featured_media":3960,"template":"","categorie_communiques":[52],"syndicat":[74],"acf":[],"yoast_head":"<!-- This site is optimized with the Yoast SEO plugin v23.1 - https:\/\/yoast.com\/wordpress\/plugins\/seo\/ -->\r\n<title>Annonce de restructuration du groupe \u2013 quel impact pour la Commerzbank Luxembourg? - OGBL<\/title>\r\n<meta name=\"robots\" content=\"index, follow, max-snippet:-1, max-image-preview:large, max-video-preview:-1\" \/>\r\n<link rel=\"canonical\" href=\"https:\/\/www.ogbl.lu\/communique\/annonce-de-restructuration-du-groupe-quel-impact-pour-la-commerzbank-luxembourg\/\" \/>\r\n<meta property=\"og:locale\" content=\"en_US\" \/>\r\n<meta property=\"og:type\" content=\"article\" \/>\r\n<meta property=\"og:title\" content=\"[:fr]Annonce de restructuration du groupe \u2013 quel impact pour la Commerzbank Luxembourg?[:de]Ank\u00fcndigung der Restrukturierung der Gruppe \u2013 welche Konsequenzen f\u00fcr die Commerzbank Luxemburg ?[:en]Annonce de restructuration du groupe \u2013 quel impact pour la Commerzbank Luxembourg?[:] - OGBL\" \/>\r\n<meta property=\"og:description\" content=\"Suite \u00e0 l\u2019annonce du groupe Commerzbank fin septembre de proc\u00e9der \u00e0 une restructuration substantielle qui devrait se traduire en vue \u2026\" \/>\r\n<meta property=\"og:url\" content=\"https:\/\/www.ogbl.lu\/communique\/annonce-de-restructuration-du-groupe-quel-impact-pour-la-commerzbank-luxembourg\/\" \/>\r\n<meta property=\"og:site_name\" content=\"OGBL\" \/>\r\n<meta property=\"article:modified_time\" content=\"2023-06-13T07:52:05+00:00\" \/>\r\n<meta property=\"og:image\" content=\"https:\/\/www.ogbl.lu\/wp-content\/uploads\/2017\/01\/commerzbank.jpg\" \/>\r\n\t<meta property=\"og:image:width\" content=\"500\" \/>\r\n\t<meta property=\"og:image:height\" content=\"333\" \/>\r\n\t<meta property=\"og:image:type\" content=\"image\/jpeg\" \/>\r\n<meta name=\"twitter:card\" content=\"summary_large_image\" \/>\r\n<meta name=\"twitter:label1\" content=\"Est. reading time\" \/>\n\t<meta name=\"twitter:data1\" content=\"1 minute\" \/>\r\n<script type=\"application\/ld+json\" class=\"yoast-schema-graph\">{\"@context\":\"https:\/\/schema.org\",\"@graph\":[{\"@type\":\"WebPage\",\"@id\":\"https:\/\/www.ogbl.lu\/communique\/annonce-de-restructuration-du-groupe-quel-impact-pour-la-commerzbank-luxembourg\/\",\"url\":\"https:\/\/www.ogbl.lu\/communique\/annonce-de-restructuration-du-groupe-quel-impact-pour-la-commerzbank-luxembourg\/\",\"name\":\"[:fr]Annonce de restructuration du groupe \u2013 quel impact pour la Commerzbank Luxembourg?[:de]Ank\u00fcndigung der Restrukturierung der Gruppe \u2013 welche Konsequenzen f\u00fcr die Commerzbank Luxemburg ?[:en]Annonce de restructuration du groupe \u2013 quel impact pour la Commerzbank Luxembourg?[:] - OGBL\",\"isPartOf\":{\"@id\":\"https:\/\/www.ogbl.lu\/de\/#website\"},\"primaryImageOfPage\":{\"@id\":\"https:\/\/www.ogbl.lu\/communique\/annonce-de-restructuration-du-groupe-quel-impact-pour-la-commerzbank-luxembourg\/#primaryimage\"},\"image\":{\"@id\":\"https:\/\/www.ogbl.lu\/communique\/annonce-de-restructuration-du-groupe-quel-impact-pour-la-commerzbank-luxembourg\/#primaryimage\"},\"thumbnailUrl\":\"https:\/\/www.ogbl.lu\/wp-content\/uploads\/2017\/01\/commerzbank.jpg\",\"datePublished\":\"2017-01-05T13:00:10+00:00\",\"dateModified\":\"2023-06-13T07:52:05+00:00\",\"breadcrumb\":{\"@id\":\"https:\/\/www.ogbl.lu\/communique\/annonce-de-restructuration-du-groupe-quel-impact-pour-la-commerzbank-luxembourg\/#breadcrumb\"},\"inLanguage\":\"en-US\",\"potentialAction\":[{\"@type\":\"ReadAction\",\"target\":[\"https:\/\/www.ogbl.lu\/communique\/annonce-de-restructuration-du-groupe-quel-impact-pour-la-commerzbank-luxembourg\/\"]}]},{\"@type\":\"ImageObject\",\"inLanguage\":\"en-US\",\"@id\":\"https:\/\/www.ogbl.lu\/communique\/annonce-de-restructuration-du-groupe-quel-impact-pour-la-commerzbank-luxembourg\/#primaryimage\",\"url\":\"https:\/\/www.ogbl.lu\/wp-content\/uploads\/2017\/01\/commerzbank.jpg\",\"contentUrl\":\"https:\/\/www.ogbl.lu\/wp-content\/uploads\/2017\/01\/commerzbank.jpg\",\"width\":500,\"height\":333},{\"@type\":\"BreadcrumbList\",\"@id\":\"https:\/\/www.ogbl.lu\/communique\/annonce-de-restructuration-du-groupe-quel-impact-pour-la-commerzbank-luxembourg\/#breadcrumb\",\"itemListElement\":[{\"@type\":\"ListItem\",\"position\":1,\"name\":\"Home\",\"item\":\"https:\/\/www.ogbl.lu\/\"},{\"@type\":\"ListItem\",\"position\":2,\"name\":\"Annonce de restructuration du groupe \u2013 quel impact pour la Commerzbank Luxembourg?\"}]},{\"@type\":\"WebSite\",\"@id\":\"https:\/\/www.ogbl.lu\/de\/#website\",\"url\":\"https:\/\/www.ogbl.lu\/de\/\",\"name\":\"OGBL\",\"description\":\"THE TRADE UNION\",\"publisher\":{\"@id\":\"https:\/\/www.ogbl.lu\/de\/#organization\"},\"potentialAction\":[{\"@type\":\"SearchAction\",\"target\":{\"@type\":\"EntryPoint\",\"urlTemplate\":\"https:\/\/www.ogbl.lu\/de\/?s={search_term_string}\"},\"query-input\":\"required name=search_term_string\"}],\"inLanguage\":\"en-US\"},{\"@type\":\"Organization\",\"@id\":\"https:\/\/www.ogbl.lu\/de\/#organization\",\"name\":\"OGBL\",\"url\":\"https:\/\/www.ogbl.lu\/de\/\",\"logo\":{\"@type\":\"ImageObject\",\"inLanguage\":\"en-US\",\"@id\":\"https:\/\/www.ogbl.lu\/de\/#\/schema\/logo\/image\/\",\"url\":\"https:\/\/www.ogbl.lu\/wp-content\/uploads\/2024\/07\/LOGO_Red_FR-svg.png\",\"contentUrl\":\"https:\/\/www.ogbl.lu\/wp-content\/uploads\/2024\/07\/LOGO_Red_FR-svg.png\",\"width\":369,\"height\":171,\"caption\":\"OGBL\"},\"image\":{\"@id\":\"https:\/\/www.ogbl.lu\/de\/#\/schema\/logo\/image\/\"}}]}<\/script>\r\n<!-- \/ Yoast SEO plugin. -->","yoast_head_json":{"title":"[:fr]Annonce de restructuration du groupe \u2013 quel impact pour la Commerzbank Luxembourg?[:de]Ank\u00fcndigung der Restrukturierung der Gruppe \u2013 welche Konsequenzen f\u00fcr die Commerzbank Luxemburg ?[:en]Annonce de restructuration du groupe \u2013 quel impact pour la Commerzbank Luxembourg?[:] - OGBL","robots":{"index":"index","follow":"follow","max-snippet":"max-snippet:-1","max-image-preview":"max-image-preview:large","max-video-preview":"max-video-preview:-1"},"canonical":"https:\/\/www.ogbl.lu\/communique\/annonce-de-restructuration-du-groupe-quel-impact-pour-la-commerzbank-luxembourg\/","og_locale":"en_US","og_type":"article","og_title":"[:fr]Annonce de restructuration du groupe \u2013 quel impact pour la Commerzbank Luxembourg?[:de]Ank\u00fcndigung der Restrukturierung der Gruppe \u2013 welche Konsequenzen f\u00fcr die Commerzbank Luxemburg ?[:en]Annonce de restructuration du groupe \u2013 quel impact pour la Commerzbank Luxembourg?[:] - OGBL","og_description":"Suite \u00e0 l\u2019annonce du groupe Commerzbank fin septembre de proc\u00e9der \u00e0 une restructuration substantielle qui devrait se traduire en vue \u2026","og_url":"https:\/\/www.ogbl.lu\/communique\/annonce-de-restructuration-du-groupe-quel-impact-pour-la-commerzbank-luxembourg\/","og_site_name":"OGBL","article_modified_time":"2023-06-13T07:52:05+00:00","og_image":[{"width":500,"height":333,"url":"https:\/\/www.ogbl.lu\/wp-content\/uploads\/2017\/01\/commerzbank.jpg","type":"image\/jpeg"}],"twitter_card":"summary_large_image","twitter_misc":{"Est. reading time":"1 minute"},"schema":{"@context":"https:\/\/schema.org","@graph":[{"@type":"WebPage","@id":"https:\/\/www.ogbl.lu\/communique\/annonce-de-restructuration-du-groupe-quel-impact-pour-la-commerzbank-luxembourg\/","url":"https:\/\/www.ogbl.lu\/communique\/annonce-de-restructuration-du-groupe-quel-impact-pour-la-commerzbank-luxembourg\/","name":"[:fr]Annonce de restructuration du groupe \u2013 quel impact pour la Commerzbank Luxembourg?[:de]Ank\u00fcndigung der Restrukturierung der Gruppe \u2013 welche Konsequenzen f\u00fcr die Commerzbank Luxemburg ?[:en]Annonce de restructuration du groupe \u2013 quel impact pour la Commerzbank Luxembourg?[:] - OGBL","isPartOf":{"@id":"https:\/\/www.ogbl.lu\/de\/#website"},"primaryImageOfPage":{"@id":"https:\/\/www.ogbl.lu\/communique\/annonce-de-restructuration-du-groupe-quel-impact-pour-la-commerzbank-luxembourg\/#primaryimage"},"image":{"@id":"https:\/\/www.ogbl.lu\/communique\/annonce-de-restructuration-du-groupe-quel-impact-pour-la-commerzbank-luxembourg\/#primaryimage"},"thumbnailUrl":"https:\/\/www.ogbl.lu\/wp-content\/uploads\/2017\/01\/commerzbank.jpg","datePublished":"2017-01-05T13:00:10+00:00","dateModified":"2023-06-13T07:52:05+00:00","breadcrumb":{"@id":"https:\/\/www.ogbl.lu\/communique\/annonce-de-restructuration-du-groupe-quel-impact-pour-la-commerzbank-luxembourg\/#breadcrumb"},"inLanguage":"en-US","potentialAction":[{"@type":"ReadAction","target":["https:\/\/www.ogbl.lu\/communique\/annonce-de-restructuration-du-groupe-quel-impact-pour-la-commerzbank-luxembourg\/"]}]},{"@type":"ImageObject","inLanguage":"en-US","@id":"https:\/\/www.ogbl.lu\/communique\/annonce-de-restructuration-du-groupe-quel-impact-pour-la-commerzbank-luxembourg\/#primaryimage","url":"https:\/\/www.ogbl.lu\/wp-content\/uploads\/2017\/01\/commerzbank.jpg","contentUrl":"https:\/\/www.ogbl.lu\/wp-content\/uploads\/2017\/01\/commerzbank.jpg","width":500,"height":333},{"@type":"BreadcrumbList","@id":"https:\/\/www.ogbl.lu\/communique\/annonce-de-restructuration-du-groupe-quel-impact-pour-la-commerzbank-luxembourg\/#breadcrumb","itemListElement":[{"@type":"ListItem","position":1,"name":"Home","item":"https:\/\/www.ogbl.lu\/"},{"@type":"ListItem","position":2,"name":"Annonce de restructuration du groupe \u2013 quel impact pour la Commerzbank Luxembourg?"}]},{"@type":"WebSite","@id":"https:\/\/www.ogbl.lu\/de\/#website","url":"https:\/\/www.ogbl.lu\/de\/","name":"OGBL","description":"THE TRADE UNION","publisher":{"@id":"https:\/\/www.ogbl.lu\/de\/#organization"},"potentialAction":[{"@type":"SearchAction","target":{"@type":"EntryPoint","urlTemplate":"https:\/\/www.ogbl.lu\/de\/?s={search_term_string}"},"query-input":"required name=search_term_string"}],"inLanguage":"en-US"},{"@type":"Organization","@id":"https:\/\/www.ogbl.lu\/de\/#organization","name":"OGBL","url":"https:\/\/www.ogbl.lu\/de\/","logo":{"@type":"ImageObject","inLanguage":"en-US","@id":"https:\/\/www.ogbl.lu\/de\/#\/schema\/logo\/image\/","url":"https:\/\/www.ogbl.lu\/wp-content\/uploads\/2024\/07\/LOGO_Red_FR-svg.png","contentUrl":"https:\/\/www.ogbl.lu\/wp-content\/uploads\/2024\/07\/LOGO_Red_FR-svg.png","width":369,"height":171,"caption":"OGBL"},"image":{"@id":"https:\/\/www.ogbl.lu\/de\/#\/schema\/logo\/image\/"}}]}},"_links":{"self":[{"href":"https:\/\/www.ogbl.lu\/en\/wp-json\/wp\/v2\/communiques\/2155"}],"collection":[{"href":"https:\/\/www.ogbl.lu\/en\/wp-json\/wp\/v2\/communiques"}],"about":[{"href":"https:\/\/www.ogbl.lu\/en\/wp-json\/wp\/v2\/types\/communiques"}],"author":[{"embeddable":true,"href":"https:\/\/www.ogbl.lu\/en\/wp-json\/wp\/v2\/users\/1"}],"version-history":[{"count":0,"href":"https:\/\/www.ogbl.lu\/en\/wp-json\/wp\/v2\/communiques\/2155\/revisions"}],"wp:featuredmedia":[{"embeddable":true,"href":"https:\/\/www.ogbl.lu\/en\/wp-json\/wp\/v2\/media\/3960"}],"wp:attachment":[{"href":"https:\/\/www.ogbl.lu\/en\/wp-json\/wp\/v2\/media?parent=2155"}],"wp:term":[{"taxonomy":"categorie_communiques","embeddable":true,"href":"https:\/\/www.ogbl.lu\/en\/wp-json\/wp\/v2\/categorie_communiques?post=2155"},{"taxonomy":"syndicat","embeddable":true,"href":"https:\/\/www.ogbl.lu\/en\/wp-json\/wp\/v2\/syndicat?post=2155"}],"curies":[{"name":"wp","href":"https:\/\/api.w.org\/{rel}","templated":true}]}}

<p class="qtranxs-available-languages-message qtranxs-available-languages-message-en"> </p><p><a href="https://www.ogbl.lu/wp-content/uploads/communiques/commerzbank.jpg" target="_blank" rel="noopener"><img decoding="async" class="alignleft wp-image-23300" style="border: 0px none;" src="https://www.ogbl.lu/wp-content/uploads/communiques/commerzbank.jpg" alt="commerzbank" width="300" /></a>Suite à l’annonce du groupe Commerzbank fin septembre de procéder à une restructuration substantielle qui devrait se traduire en vue d’une suppression de 9.600 emplois, le SBA avait demandé les conséquences d’une telle réorganisation pour le site Luxembourg.</p>
<p>Rappelons que ce n’était qu‘en mai 2016 que la Commerzbank Luxembourg avait négocié un plan social pour licencier 90 personnes.</p>
<p>La réponse de la direction de la Commerzbank Luxembourg est ambiguë et elle a été transmise aux employés lors d’une action syndicale matinale devant la filiale luxembourgeoise.</p>
<p>N’hésitez pas à télécharger la réponse <a href="https://www.ogbl.lu/wp-content/uploads/communiques/commerzbank_tract.pdf" target="_blank" rel="noopener">ici</a>.</p>
<p>&nbsp;</p>
<p>&nbsp;</p>

<!-- This site is optimized with the Yoast SEO plugin v23.1 - https://yoast.com/wordpress/plugins/seo/ -->
<title>Annonce de restructuration du groupe – quel impact pour la Commerzbank Luxembourg? - OGBL</title>
<meta name="robots" content="index, follow, max-snippet:-1, max-image-preview:large, max-video-preview:-1" />
<link rel="canonical" href="https://www.ogbl.lu/communique/annonce-de-restructuration-du-groupe-quel-impact-pour-la-commerzbank-luxembourg/" />
<meta property="og:locale" content="en_US" />
<meta property="og:type" content="article" />
<meta property="og:title" content="[:fr]Annonce de restructuration du groupe – quel impact pour la Commerzbank Luxembourg?[:de]Ankündigung der Restrukturierung der Gruppe – welche Konsequenzen für die Commerzbank Luxemburg ?[:en]Annonce de restructuration du groupe – quel impact pour la Commerzbank Luxembourg?[:] - OGBL" />
<meta property="og:description" content="Suite à l’annonce du groupe Commerzbank fin septembre de procéder à une restructuration substantielle qui devrait se traduire en vue …" />
<meta property="og:url" content="https://www.ogbl.lu/communique/annonce-de-restructuration-du-groupe-quel-impact-pour-la-commerzbank-luxembourg/" />
<meta property="og:site_name" content="OGBL" />
<meta property="article:modified_time" content="2023-06-13T07:52:05+00:00" />
<meta property="og:image" content="https://www.ogbl.lu/wp-content/uploads/2017/01/commerzbank.jpg" />
	<meta property="og:image:width" content="500" />
	<meta property="og:image:height" content="333" />
	<meta property="og:image:type" content="image/jpeg" />
<meta name="twitter:card" content="summary_large_image" />
<meta name="twitter:label1" content="Est. reading time" />
	<meta name="twitter:data1" content="1 minute" />
<script type="application/ld+json" class="yoast-schema-graph">{"@context":"https://schema.org","@graph":[{"@type":"WebPage","@id":"https://www.ogbl.lu/communique/annonce-de-restructuration-du-groupe-quel-impact-pour-la-commerzbank-luxembourg/","url":"https://www.ogbl.lu/communique/annonce-de-restructuration-du-groupe-quel-impact-pour-la-commerzbank-luxembourg/","name":"[:fr]Annonce de restructuration du groupe – quel impact pour la Commerzbank Luxembourg?[:de]Ankündigung der Restrukturierung der Gruppe – welche Konsequenzen für die Commerzbank Luxemburg ?[:en]Annonce de restructuration du groupe – quel impact pour la Commerzbank Luxembourg?[:] - OGBL","isPartOf":{"@id":"https://www.ogbl.lu/de/#website"},"primaryImageOfPage":{"@id":"https://www.ogbl.lu/communique/annonce-de-restructuration-du-groupe-quel-impact-pour-la-commerzbank-luxembourg/#primaryimage"},"image":{"@id":"https://www.ogbl.lu/communique/annonce-de-restructuration-du-groupe-quel-impact-pour-la-commerzbank-luxembourg/#primaryimage"},"thumbnailUrl":"https://www.ogbl.lu/wp-content/uploads/2017/01/commerzbank.jpg","datePublished":"2017-01-05T13:00:10+00:00","dateModified":"2023-06-13T07:52:05+00:00","breadcrumb":{"@id":"https://www.ogbl.lu/communique/annonce-de-restructuration-du-groupe-quel-impact-pour-la-commerzbank-luxembourg/#breadcrumb"},"inLanguage":"en-US","potentialAction":[{"@type":"ReadAction","target":["https://www.ogbl.lu/communique/annonce-de-restructuration-du-groupe-quel-impact-pour-la-commerzbank-luxembourg/"]}]},{"@type":"ImageObject","inLanguage":"en-US","@id":"https://www.ogbl.lu/communique/annonce-de-restructuration-du-groupe-quel-impact-pour-la-commerzbank-luxembourg/#primaryimage","url":"https://www.ogbl.lu/wp-content/uploads/2017/01/commerzbank.jpg","contentUrl":"https://www.ogbl.lu/wp-content/uploads/2017/01/commerzbank.jpg","width":500,"height":333},{"@type":"BreadcrumbList","@id":"https://www.ogbl.lu/communique/annonce-de-restructuration-du-groupe-quel-impact-pour-la-commerzbank-luxembourg/#breadcrumb","itemListElement":[{"@type":"ListItem","position":1,"name":"Home","item":"https://www.ogbl.lu/"},{"@type":"ListItem","position":2,"name":"Annonce de restructuration du groupe – quel impact pour la Commerzbank Luxembourg?"}]},{"@type":"WebSite","@id":"https://www.ogbl.lu/de/#website","url":"https://www.ogbl.lu/de/","name":"OGBL","description":"THE TRADE UNION","publisher":{"@id":"https://www.ogbl.lu/de/#organization"},"potentialAction":[{"@type":"SearchAction","target":{"@type":"EntryPoint","urlTemplate":"https://www.ogbl.lu/de/?s={search_term_string}"},"query-input":"required name=search_term_string"}],"inLanguage":"en-US"},{"@type":"Organization","@id":"https://www.ogbl.lu/de/#organization","name":"OGBL","url":"https://www.ogbl.lu/de/","logo":{"@type":"ImageObject","inLanguage":"en-US","@id":"https://www.ogbl.lu/de/#/schema/logo/image/","url":"https://www.ogbl.lu/wp-content/uploads/2024/07/LOGO_Red_FR-svg.png","contentUrl":"https://www.ogbl.lu/wp-content/uploads/2024/07/LOGO_Red_FR-svg.png","width":369,"height":171,"caption":"OGBL"},"image":{"@id":"https://www.ogbl.lu/de/#/schema/logo/image/"}}]}</script>
<!-- / Yoast SEO plugin. -->

[:fr]Annonce de restructuration du groupe – quel impact pour la Commerzbank Luxembourg?[:de]Ankündigung der Restrukturierung der Gruppe – welche Konsequenzen für die Commerzbank Luxemburg ?[:en]Annonce de restructuration du groupe – quel impact pour la Commerzbank Luxembourg?[:] - OGBL

Suite à l’annonce du groupe Commerzbank fin septembre de procéder à une restructuration substantielle qui devrait se traduire en vue …
