{"id":2112,"date":"2016-10-07T09:18:01","date_gmt":"2016-10-07T07:18:01","guid":{"rendered":"https:\/\/www.ogbl.lu\/communiques\/plan-social-signe-chez-delphi-luxembourg"},"modified":"2023-06-14T10:17:02","modified_gmt":"2023-06-14T08:17:02","slug":"plan-social-signe-chez-delphi-luxembourg","status":"publish","type":"communiques","link":"https:\/\/www.ogbl.lu\/en\/communique\/plan-social-signe-chez-delphi-luxembourg\/","title":{"rendered":"Plan social sign\u00e9 chez Delphi Luxembourg"},"content":{"rendered":"<p class=\"qtranxs-available-languages-message qtranxs-available-languages-message-en\"> <\/p><p><a href=\"https:\/\/www.ogbl.lu\/wp-content\/uploads\/communiques\/delphi.jpg\" target=\"_blank\" rel=\"noopener\"><img decoding=\"async\" class=\"alignleft wp-image-22650\" style=\"border: 0px none;\" src=\"https:\/\/www.ogbl.lu\/wp-content\/uploads\/communiques\/delphi.jpg\" alt=\"delphi\" width=\"300\" \/><\/a>La direction de Delphi Luxembourg, l\u2019OGBL (seul syndicat signataire de la convention collective de travail) et la d\u00e9l\u00e9gation du personnel ont pu se mettre d\u2019accord le 6 octobre 2016 sur les modalit\u00e9s d\u2019un plan social.<\/p>\n<p>Au terme de la proc\u00e9dure de consultation pr\u00e9vue par la loi, la direction de Delphi Luxembourg avait confirm\u00e9, le 26 septembre 2016, sa volont\u00e9 de supprimer 40 postes de travail.<\/p>\n<p>Les n\u00e9gociations du plan social pour les salari\u00e9s concern\u00e9s par le licenciement collectif se sont d\u00e9roul\u00e9es end\u00e9ans les d\u00e9lais pr\u00e9vus par la loi. Au cours des n\u00e9gociations, le nombre des salari\u00e9s \u00e0 licencier a pu \u00eatre r\u00e9duit de 40 \u00e0 15 personnes.<\/p>\n<p>L\u2019OGBL et la d\u00e9l\u00e9gation du personnel ont pu obtenir, dans le cadre de ce plan social, diverses mesures d\u2019accompagnement sociales et financi\u00e8res en faveur des salari\u00e9s, dont notamment des indemnit\u00e9s extra-l\u00e9gales li\u00e9es \u00e0 l\u2019anciennet\u00e9, \u00e0 la situation familiale du salari\u00e9 et un budget permettant de r\u00e9aliser un replacement externe ou une formation.<\/p>\n<p><strong>Communiqu\u00e9 par le syndicat Services et Energie de l\u2019OGBL<\/strong><br \/>\n<strong> le 7 octobre 2016<\/strong><\/p>","protected":false},"author":1,"featured_media":3998,"template":"","categorie_communiques":[54],"syndicat":[73],"acf":[],"yoast_head":"<!-- This site is optimized with the Yoast SEO plugin v23.1 - https:\/\/yoast.com\/wordpress\/plugins\/seo\/ -->\r\n<title>Plan social sign\u00e9 chez Delphi Luxembourg - OGBL<\/title>\r\n<meta name=\"robots\" content=\"index, follow, max-snippet:-1, max-image-preview:large, max-video-preview:-1\" \/>\r\n<link rel=\"canonical\" href=\"https:\/\/www.ogbl.lu\/communique\/plan-social-signe-chez-delphi-luxembourg\/\" \/>\r\n<meta property=\"og:locale\" content=\"en_US\" \/>\r\n<meta property=\"og:type\" content=\"article\" \/>\r\n<meta property=\"og:title\" content=\"[:fr]Plan social sign\u00e9 chez Delphi Luxembourg[:de]Sozialplan bei Delphi Luxemburg[:en]Plan social sign\u00e9 chez Delphi Luxembourg[:] - OGBL\" \/>\r\n<meta property=\"og:description\" content=\"La direction de Delphi Luxembourg, l\u2019OGBL (seul syndicat signataire de la convention collective de travail) et la d\u00e9l\u00e9gation du personnel \u2026\" \/>\r\n<meta property=\"og:url\" content=\"https:\/\/www.ogbl.lu\/communique\/plan-social-signe-chez-delphi-luxembourg\/\" \/>\r\n<meta property=\"og:site_name\" content=\"OGBL\" \/>\r\n<meta property=\"article:modified_time\" content=\"2023-06-14T08:17:02+00:00\" \/>\r\n<meta property=\"og:image\" content=\"https:\/\/www.ogbl.lu\/wp-content\/uploads\/2016\/10\/delphi.jpg\" \/>\r\n\t<meta property=\"og:image:width\" content=\"618\" \/>\r\n\t<meta property=\"og:image:height\" content=\"338\" \/>\r\n\t<meta property=\"og:image:type\" content=\"image\/jpeg\" \/>\r\n<meta name=\"twitter:card\" content=\"summary_large_image\" \/>\r\n<meta name=\"twitter:label1\" content=\"Est. reading time\" \/>\n\t<meta name=\"twitter:data1\" content=\"2 minutes\" \/>\r\n<script type=\"application\/ld+json\" class=\"yoast-schema-graph\">{\"@context\":\"https:\/\/schema.org\",\"@graph\":[{\"@type\":\"WebPage\",\"@id\":\"https:\/\/www.ogbl.lu\/communique\/plan-social-signe-chez-delphi-luxembourg\/\",\"url\":\"https:\/\/www.ogbl.lu\/communique\/plan-social-signe-chez-delphi-luxembourg\/\",\"name\":\"[:fr]Plan social sign\u00e9 chez Delphi Luxembourg[:de]Sozialplan bei Delphi Luxemburg[:en]Plan social sign\u00e9 chez Delphi Luxembourg[:] - OGBL\",\"isPartOf\":{\"@id\":\"https:\/\/www.ogbl.lu\/de\/#website\"},\"primaryImageOfPage\":{\"@id\":\"https:\/\/www.ogbl.lu\/communique\/plan-social-signe-chez-delphi-luxembourg\/#primaryimage\"},\"image\":{\"@id\":\"https:\/\/www.ogbl.lu\/communique\/plan-social-signe-chez-delphi-luxembourg\/#primaryimage\"},\"thumbnailUrl\":\"https:\/\/www.ogbl.lu\/wp-content\/uploads\/2016\/10\/delphi.jpg\",\"datePublished\":\"2016-10-07T07:18:01+00:00\",\"dateModified\":\"2023-06-14T08:17:02+00:00\",\"breadcrumb\":{\"@id\":\"https:\/\/www.ogbl.lu\/communique\/plan-social-signe-chez-delphi-luxembourg\/#breadcrumb\"},\"inLanguage\":\"en-US\",\"potentialAction\":[{\"@type\":\"ReadAction\",\"target\":[\"https:\/\/www.ogbl.lu\/communique\/plan-social-signe-chez-delphi-luxembourg\/\"]}]},{\"@type\":\"ImageObject\",\"inLanguage\":\"en-US\",\"@id\":\"https:\/\/www.ogbl.lu\/communique\/plan-social-signe-chez-delphi-luxembourg\/#primaryimage\",\"url\":\"https:\/\/www.ogbl.lu\/wp-content\/uploads\/2016\/10\/delphi.jpg\",\"contentUrl\":\"https:\/\/www.ogbl.lu\/wp-content\/uploads\/2016\/10\/delphi.jpg\",\"width\":618,\"height\":338},{\"@type\":\"BreadcrumbList\",\"@id\":\"https:\/\/www.ogbl.lu\/communique\/plan-social-signe-chez-delphi-luxembourg\/#breadcrumb\",\"itemListElement\":[{\"@type\":\"ListItem\",\"position\":1,\"name\":\"Home\",\"item\":\"https:\/\/www.ogbl.lu\/\"},{\"@type\":\"ListItem\",\"position\":2,\"name\":\"Plan social sign\u00e9 chez Delphi Luxembourg\"}]},{\"@type\":\"WebSite\",\"@id\":\"https:\/\/www.ogbl.lu\/de\/#website\",\"url\":\"https:\/\/www.ogbl.lu\/de\/\",\"name\":\"OGBL\",\"description\":\"THE TRADE UNION\",\"publisher\":{\"@id\":\"https:\/\/www.ogbl.lu\/de\/#organization\"},\"potentialAction\":[{\"@type\":\"SearchAction\",\"target\":{\"@type\":\"EntryPoint\",\"urlTemplate\":\"https:\/\/www.ogbl.lu\/de\/?s={search_term_string}\"},\"query-input\":\"required name=search_term_string\"}],\"inLanguage\":\"en-US\"},{\"@type\":\"Organization\",\"@id\":\"https:\/\/www.ogbl.lu\/de\/#organization\",\"name\":\"OGBL\",\"url\":\"https:\/\/www.ogbl.lu\/de\/\",\"logo\":{\"@type\":\"ImageObject\",\"inLanguage\":\"en-US\",\"@id\":\"https:\/\/www.ogbl.lu\/de\/#\/schema\/logo\/image\/\",\"url\":\"https:\/\/www.ogbl.lu\/wp-content\/uploads\/2024\/07\/LOGO_Red_FR-svg.png\",\"contentUrl\":\"https:\/\/www.ogbl.lu\/wp-content\/uploads\/2024\/07\/LOGO_Red_FR-svg.png\",\"width\":369,\"height\":171,\"caption\":\"OGBL\"},\"image\":{\"@id\":\"https:\/\/www.ogbl.lu\/de\/#\/schema\/logo\/image\/\"}}]}<\/script>\r\n<!-- \/ Yoast SEO plugin. -->","yoast_head_json":{"title":"[:fr]Plan social sign\u00e9 chez Delphi Luxembourg[:de]Sozialplan bei Delphi Luxemburg[:en]Plan social sign\u00e9 chez Delphi Luxembourg[:] - OGBL","robots":{"index":"index","follow":"follow","max-snippet":"max-snippet:-1","max-image-preview":"max-image-preview:large","max-video-preview":"max-video-preview:-1"},"canonical":"https:\/\/www.ogbl.lu\/communique\/plan-social-signe-chez-delphi-luxembourg\/","og_locale":"en_US","og_type":"article","og_title":"[:fr]Plan social sign\u00e9 chez Delphi Luxembourg[:de]Sozialplan bei Delphi Luxemburg[:en]Plan social sign\u00e9 chez Delphi Luxembourg[:] - OGBL","og_description":"La direction de Delphi Luxembourg, l\u2019OGBL (seul syndicat signataire de la convention collective de travail) et la d\u00e9l\u00e9gation du personnel \u2026","og_url":"https:\/\/www.ogbl.lu\/communique\/plan-social-signe-chez-delphi-luxembourg\/","og_site_name":"OGBL","article_modified_time":"2023-06-14T08:17:02+00:00","og_image":[{"width":618,"height":338,"url":"https:\/\/www.ogbl.lu\/wp-content\/uploads\/2016\/10\/delphi.jpg","type":"image\/jpeg"}],"twitter_card":"summary_large_image","twitter_misc":{"Est. reading time":"2 minutes"},"schema":{"@context":"https:\/\/schema.org","@graph":[{"@type":"WebPage","@id":"https:\/\/www.ogbl.lu\/communique\/plan-social-signe-chez-delphi-luxembourg\/","url":"https:\/\/www.ogbl.lu\/communique\/plan-social-signe-chez-delphi-luxembourg\/","name":"[:fr]Plan social sign\u00e9 chez Delphi Luxembourg[:de]Sozialplan bei Delphi Luxemburg[:en]Plan social sign\u00e9 chez Delphi Luxembourg[:] - OGBL","isPartOf":{"@id":"https:\/\/www.ogbl.lu\/de\/#website"},"primaryImageOfPage":{"@id":"https:\/\/www.ogbl.lu\/communique\/plan-social-signe-chez-delphi-luxembourg\/#primaryimage"},"image":{"@id":"https:\/\/www.ogbl.lu\/communique\/plan-social-signe-chez-delphi-luxembourg\/#primaryimage"},"thumbnailUrl":"https:\/\/www.ogbl.lu\/wp-content\/uploads\/2016\/10\/delphi.jpg","datePublished":"2016-10-07T07:18:01+00:00","dateModified":"2023-06-14T08:17:02+00:00","breadcrumb":{"@id":"https:\/\/www.ogbl.lu\/communique\/plan-social-signe-chez-delphi-luxembourg\/#breadcrumb"},"inLanguage":"en-US","potentialAction":[{"@type":"ReadAction","target":["https:\/\/www.ogbl.lu\/communique\/plan-social-signe-chez-delphi-luxembourg\/"]}]},{"@type":"ImageObject","inLanguage":"en-US","@id":"https:\/\/www.ogbl.lu\/communique\/plan-social-signe-chez-delphi-luxembourg\/#primaryimage","url":"https:\/\/www.ogbl.lu\/wp-content\/uploads\/2016\/10\/delphi.jpg","contentUrl":"https:\/\/www.ogbl.lu\/wp-content\/uploads\/2016\/10\/delphi.jpg","width":618,"height":338},{"@type":"BreadcrumbList","@id":"https:\/\/www.ogbl.lu\/communique\/plan-social-signe-chez-delphi-luxembourg\/#breadcrumb","itemListElement":[{"@type":"ListItem","position":1,"name":"Home","item":"https:\/\/www.ogbl.lu\/"},{"@type":"ListItem","position":2,"name":"Plan social sign\u00e9 chez Delphi Luxembourg"}]},{"@type":"WebSite","@id":"https:\/\/www.ogbl.lu\/de\/#website","url":"https:\/\/www.ogbl.lu\/de\/","name":"OGBL","description":"THE TRADE UNION","publisher":{"@id":"https:\/\/www.ogbl.lu\/de\/#organization"},"potentialAction":[{"@type":"SearchAction","target":{"@type":"EntryPoint","urlTemplate":"https:\/\/www.ogbl.lu\/de\/?s={search_term_string}"},"query-input":"required name=search_term_string"}],"inLanguage":"en-US"},{"@type":"Organization","@id":"https:\/\/www.ogbl.lu\/de\/#organization","name":"OGBL","url":"https:\/\/www.ogbl.lu\/de\/","logo":{"@type":"ImageObject","inLanguage":"en-US","@id":"https:\/\/www.ogbl.lu\/de\/#\/schema\/logo\/image\/","url":"https:\/\/www.ogbl.lu\/wp-content\/uploads\/2024\/07\/LOGO_Red_FR-svg.png","contentUrl":"https:\/\/www.ogbl.lu\/wp-content\/uploads\/2024\/07\/LOGO_Red_FR-svg.png","width":369,"height":171,"caption":"OGBL"},"image":{"@id":"https:\/\/www.ogbl.lu\/de\/#\/schema\/logo\/image\/"}}]}},"_links":{"self":[{"href":"https:\/\/www.ogbl.lu\/en\/wp-json\/wp\/v2\/communiques\/2112"}],"collection":[{"href":"https:\/\/www.ogbl.lu\/en\/wp-json\/wp\/v2\/communiques"}],"about":[{"href":"https:\/\/www.ogbl.lu\/en\/wp-json\/wp\/v2\/types\/communiques"}],"author":[{"embeddable":true,"href":"https:\/\/www.ogbl.lu\/en\/wp-json\/wp\/v2\/users\/1"}],"version-history":[{"count":0,"href":"https:\/\/www.ogbl.lu\/en\/wp-json\/wp\/v2\/communiques\/2112\/revisions"}],"wp:featuredmedia":[{"embeddable":true,"href":"https:\/\/www.ogbl.lu\/en\/wp-json\/wp\/v2\/media\/3998"}],"wp:attachment":[{"href":"https:\/\/www.ogbl.lu\/en\/wp-json\/wp\/v2\/media?parent=2112"}],"wp:term":[{"taxonomy":"categorie_communiques","embeddable":true,"href":"https:\/\/www.ogbl.lu\/en\/wp-json\/wp\/v2\/categorie_communiques?post=2112"},{"taxonomy":"syndicat","embeddable":true,"href":"https:\/\/www.ogbl.lu\/en\/wp-json\/wp\/v2\/syndicat?post=2112"}],"curies":[{"name":"wp","href":"https:\/\/api.w.org\/{rel}","templated":true}]}}

Plan social signé chez Delphi Luxembourg

<p class="qtranxs-available-languages-message qtranxs-available-languages-message-en"> </p><p><a href="https://www.ogbl.lu/wp-content/uploads/communiques/delphi.jpg" target="_blank" rel="noopener"><img decoding="async" class="alignleft wp-image-22650" style="border: 0px none;" src="https://www.ogbl.lu/wp-content/uploads/communiques/delphi.jpg" alt="delphi" width="300" /></a>La direction de Delphi Luxembourg, l’OGBL (seul syndicat signataire de la convention collective de travail) et la délégation du personnel ont pu se mettre d’accord le 6 octobre 2016 sur les modalités d’un plan social.</p>
<p>Au terme de la procédure de consultation prévue par la loi, la direction de Delphi Luxembourg avait confirmé, le 26 septembre 2016, sa volonté de supprimer 40 postes de travail.</p>
<p>Les négociations du plan social pour les salariés concernés par le licenciement collectif se sont déroulées endéans les délais prévus par la loi. Au cours des négociations, le nombre des salariés à licencier a pu être réduit de 40 à 15 personnes.</p>
<p>L’OGBL et la délégation du personnel ont pu obtenir, dans le cadre de ce plan social, diverses mesures d’accompagnement sociales et financières en faveur des salariés, dont notamment des indemnités extra-légales liées à l’ancienneté, à la situation familiale du salarié et un budget permettant de réaliser un replacement externe ou une formation.</p>
<p><strong>Communiqué par le syndicat Services et Energie de l’OGBL</strong><br />
<strong> le 7 octobre 2016</strong></p>

<!-- This site is optimized with the Yoast SEO plugin v23.1 - https://yoast.com/wordpress/plugins/seo/ -->
<title>Plan social signé chez Delphi Luxembourg - OGBL</title>
<meta name="robots" content="index, follow, max-snippet:-1, max-image-preview:large, max-video-preview:-1" />
<link rel="canonical" href="https://www.ogbl.lu/communique/plan-social-signe-chez-delphi-luxembourg/" />
<meta property="og:locale" content="en_US" />
<meta property="og:type" content="article" />
<meta property="og:title" content="[:fr]Plan social signé chez Delphi Luxembourg[:de]Sozialplan bei Delphi Luxemburg[:en]Plan social signé chez Delphi Luxembourg[:] - OGBL" />
<meta property="og:description" content="La direction de Delphi Luxembourg, l’OGBL (seul syndicat signataire de la convention collective de travail) et la délégation du personnel …" />
<meta property="og:url" content="https://www.ogbl.lu/communique/plan-social-signe-chez-delphi-luxembourg/" />
<meta property="og:site_name" content="OGBL" />
<meta property="article:modified_time" content="2023-06-14T08:17:02+00:00" />
<meta property="og:image" content="https://www.ogbl.lu/wp-content/uploads/2016/10/delphi.jpg" />
	<meta property="og:image:width" content="618" />
	<meta property="og:image:height" content="338" />
	<meta property="og:image:type" content="image/jpeg" />
<meta name="twitter:card" content="summary_large_image" />
<meta name="twitter:label1" content="Est. reading time" />
	<meta name="twitter:data1" content="2 minutes" />
<script type="application/ld+json" class="yoast-schema-graph">{"@context":"https://schema.org","@graph":[{"@type":"WebPage","@id":"https://www.ogbl.lu/communique/plan-social-signe-chez-delphi-luxembourg/","url":"https://www.ogbl.lu/communique/plan-social-signe-chez-delphi-luxembourg/","name":"[:fr]Plan social signé chez Delphi Luxembourg[:de]Sozialplan bei Delphi Luxemburg[:en]Plan social signé chez Delphi Luxembourg[:] - OGBL","isPartOf":{"@id":"https://www.ogbl.lu/de/#website"},"primaryImageOfPage":{"@id":"https://www.ogbl.lu/communique/plan-social-signe-chez-delphi-luxembourg/#primaryimage"},"image":{"@id":"https://www.ogbl.lu/communique/plan-social-signe-chez-delphi-luxembourg/#primaryimage"},"thumbnailUrl":"https://www.ogbl.lu/wp-content/uploads/2016/10/delphi.jpg","datePublished":"2016-10-07T07:18:01+00:00","dateModified":"2023-06-14T08:17:02+00:00","breadcrumb":{"@id":"https://www.ogbl.lu/communique/plan-social-signe-chez-delphi-luxembourg/#breadcrumb"},"inLanguage":"en-US","potentialAction":[{"@type":"ReadAction","target":["https://www.ogbl.lu/communique/plan-social-signe-chez-delphi-luxembourg/"]}]},{"@type":"ImageObject","inLanguage":"en-US","@id":"https://www.ogbl.lu/communique/plan-social-signe-chez-delphi-luxembourg/#primaryimage","url":"https://www.ogbl.lu/wp-content/uploads/2016/10/delphi.jpg","contentUrl":"https://www.ogbl.lu/wp-content/uploads/2016/10/delphi.jpg","width":618,"height":338},{"@type":"BreadcrumbList","@id":"https://www.ogbl.lu/communique/plan-social-signe-chez-delphi-luxembourg/#breadcrumb","itemListElement":[{"@type":"ListItem","position":1,"name":"Home","item":"https://www.ogbl.lu/"},{"@type":"ListItem","position":2,"name":"Plan social signé chez Delphi Luxembourg"}]},{"@type":"WebSite","@id":"https://www.ogbl.lu/de/#website","url":"https://www.ogbl.lu/de/","name":"OGBL","description":"THE TRADE UNION","publisher":{"@id":"https://www.ogbl.lu/de/#organization"},"potentialAction":[{"@type":"SearchAction","target":{"@type":"EntryPoint","urlTemplate":"https://www.ogbl.lu/de/?s={search_term_string}"},"query-input":"required name=search_term_string"}],"inLanguage":"en-US"},{"@type":"Organization","@id":"https://www.ogbl.lu/de/#organization","name":"OGBL","url":"https://www.ogbl.lu/de/","logo":{"@type":"ImageObject","inLanguage":"en-US","@id":"https://www.ogbl.lu/de/#/schema/logo/image/","url":"https://www.ogbl.lu/wp-content/uploads/2024/07/LOGO_Red_FR-svg.png","contentUrl":"https://www.ogbl.lu/wp-content/uploads/2024/07/LOGO_Red_FR-svg.png","width":369,"height":171,"caption":"OGBL"},"image":{"@id":"https://www.ogbl.lu/de/#/schema/logo/image/"}}]}</script>
<!-- / Yoast SEO plugin. -->

[:fr]Plan social signé chez Delphi Luxembourg[:de]Sozialplan bei Delphi Luxemburg[:en]Plan social signé chez Delphi Luxembourg[:] - OGBL

La direction de Delphi Luxembourg, l’OGBL (seul syndicat signataire de la convention collective de travail) et la délégation du personnel …
