{"id":2070,"date":"2016-07-07T15:31:18","date_gmt":"2016-07-07T13:31:18","guid":{"rendered":"https:\/\/www.ogbl.lu\/communiques\/priorite-au-maintien-dans-lemploi"},"modified":"2023-06-14T10:19:36","modified_gmt":"2023-06-14T08:19:36","slug":"priorite-au-maintien-dans-lemploi","status":"publish","type":"communiques","link":"https:\/\/www.ogbl.lu\/en\/communique\/priorite-au-maintien-dans-lemploi\/","title":{"rendered":"Priorit\u00e9 au maintien dans l\u2019emploi"},"content":{"rendered":"<p class=\"qtranxs-available-languages-message qtranxs-available-languages-message-en\"> <\/p><p><\/p>\n<p style=\"text-align: left;\"><img decoding=\"async\" class=\" wp-image-22157 aligncenter\" style=\"border: 0px none;\" src=\"https:\/\/www.ogbl.lu\/wp-content\/uploads\/communiques\/Twinerg.jpg\" alt=\"Twinerg\" width=\"600\" \/><\/p>\n<p style=\"text-align: left;\">La fermeture de Twinerg S.A. a \u00e9t\u00e9 formellement d\u00e9cid\u00e9e le 7 juillet 2016. Cette fermeture repr\u00e9sente \u00e9videmment un coup dur pour les 17 salari\u00e9s concern\u00e9s, m\u00eame si elle ne constitue pas une surprise.<\/p>\n<p>En effet, l\u2019OGBL (seul syndicat signataire de la convention collective de travail dans l\u2019entreprise) a eu depuis le d\u00e9but de l\u2019ann\u00e9e des entrevues r\u00e9guli\u00e8res avec les responsables de Twinerg S.A. et du groupe Engie (ex GDF-Suez), l\u2019actionnaire majoritaire de la centrale de gaz luxembourgeoise. Lors de ces r\u00e9unions, divers sc\u00e9narios d\u2019avenir pour l\u2019entreprise et leurs cons\u00e9quences sociales ont \u00e9t\u00e9 discut\u00e9s entre partenaires sociaux. Une r\u00e9union d\u2019information pour l\u2019ensemble des salari\u00e9s a \u00e9t\u00e9 organis\u00e9e le 15 juin 2016.<\/p>\n<p>Les parties se sont mis d\u2019accord pour qu\u2019en cas de fermeture, la priorit\u00e9 soit accord\u00e9e au maintien dans l\u2019emploi. La n\u00e9gociation de licenciements ne sera donc \u00e0 l\u2019ordre du jour qu\u2019en cas d\u2019\u00e9chec dans la recherche d\u2019un nouvel emploi adapt\u00e9 aux comp\u00e9tences et aux besoins des salari\u00e9s. Dans cette perspective, un bilan des comp\u00e9tences individualis\u00e9 a d\u00e9j\u00e0 \u00e9t\u00e9 r\u00e9alis\u00e9 pour chaque salari\u00e9 au cours du mois de juin.<\/p>\n<p><b>Responsabilit\u00e9s sociales<\/b><\/p>\n<p>Par ailleurs, le groupe Engie a r\u00e9cemment sign\u00e9 des accords sociaux europ\u00e9ens qui donnent un certain nombre de garanties et d\u2019aides (proposition d\u2019un nouveau poste, budget formation\u2026) en cas de restructuration ou, comme dans le cas pr\u00e9sent, de fermeture d\u2019une entreprise.<\/p>\n<p>Il est maintenant primordial de traduire ces accords dans la r\u00e9alit\u00e9. De plus, l\u2019ensemble des actionnaires de Twinerg S.A. doivent faire un effort maximal afin de trouver des solutions satisfaisantes au sein de leurs entreprises pour les 17 salari\u00e9s qui perdent leur travail chez Twinerg. Pour l\u2019OGBL, il faut \u00e9viter que les salari\u00e9s doivent passer par la case ch\u00f4mage et il faut garantir le maintien des acquis sociaux.<\/p>\n<p>A c\u00f4t\u00e9 de l\u2019actionnaire majoritaire Engie (65 %), Enovos et le groupe ArcelorMittal d\u00e9tiennent chacun 17,5% du capital.<\/p>\n<p>La centrale \u00e9lectrique Turbo-Gaz-Vapeur (TGV) situ\u00e9e \u00e0 Esch-sur-Alzette qui produit de l\u2019\u00e9nergie \u00e9lectrique a \u00e9t\u00e9 officiellement inaugur\u00e9e en 2002.<\/p>\n<p><b>Communiqu\u00e9 par le syndicat Services et Energie de l\u2019OGBL<br \/>\nle 7 juillet 2016<\/b><\/p>\n<p><b>\u00a0<\/b><\/p>","protected":false},"author":1,"featured_media":4025,"template":"","categorie_communiques":[54],"syndicat":[73],"acf":[],"yoast_head":"<!-- This site is optimized with the Yoast SEO plugin v23.1 - https:\/\/yoast.com\/wordpress\/plugins\/seo\/ -->\r\n<title>Priorit\u00e9 au maintien dans l\u2019emploi - OGBL<\/title>\r\n<meta name=\"robots\" content=\"index, follow, max-snippet:-1, max-image-preview:large, max-video-preview:-1\" \/>\r\n<link rel=\"canonical\" href=\"https:\/\/www.ogbl.lu\/communique\/priorite-au-maintien-dans-lemploi\/\" \/>\r\n<meta property=\"og:locale\" content=\"en_US\" \/>\r\n<meta property=\"og:type\" content=\"article\" \/>\r\n<meta property=\"og:title\" content=\"[:fr]Priorit\u00e9 au maintien dans l\u2019emploi[:en]Priorit\u00e9 au maintien dans l\u2019emploi[:] - OGBL\" \/>\r\n<meta property=\"og:description\" content=\"La fermeture de Twinerg S.A. a \u00e9t\u00e9 formellement d\u00e9cid\u00e9e le 7 juillet 2016. Cette fermeture repr\u00e9sente \u00e9videmment un coup dur \u2026\" \/>\r\n<meta property=\"og:url\" content=\"https:\/\/www.ogbl.lu\/communique\/priorite-au-maintien-dans-lemploi\/\" \/>\r\n<meta property=\"og:site_name\" content=\"OGBL\" \/>\r\n<meta property=\"article:modified_time\" content=\"2023-06-14T08:19:36+00:00\" \/>\r\n<meta property=\"og:image\" content=\"https:\/\/www.ogbl.lu\/wp-content\/uploads\/2016\/07\/Twinerg.jpg\" \/>\r\n\t<meta property=\"og:image:width\" content=\"950\" \/>\r\n\t<meta property=\"og:image:height\" content=\"350\" \/>\r\n\t<meta property=\"og:image:type\" content=\"image\/jpeg\" \/>\r\n<meta name=\"twitter:card\" content=\"summary_large_image\" \/>\r\n<meta name=\"twitter:label1\" content=\"Est. reading time\" \/>\n\t<meta name=\"twitter:data1\" content=\"2 minutes\" \/>\r\n<script type=\"application\/ld+json\" class=\"yoast-schema-graph\">{\"@context\":\"https:\/\/schema.org\",\"@graph\":[{\"@type\":\"WebPage\",\"@id\":\"https:\/\/www.ogbl.lu\/communique\/priorite-au-maintien-dans-lemploi\/\",\"url\":\"https:\/\/www.ogbl.lu\/communique\/priorite-au-maintien-dans-lemploi\/\",\"name\":\"[:fr]Priorit\u00e9 au maintien dans l\u2019emploi[:en]Priorit\u00e9 au maintien dans l\u2019emploi[:] - OGBL\",\"isPartOf\":{\"@id\":\"https:\/\/www.ogbl.lu\/de\/#website\"},\"primaryImageOfPage\":{\"@id\":\"https:\/\/www.ogbl.lu\/communique\/priorite-au-maintien-dans-lemploi\/#primaryimage\"},\"image\":{\"@id\":\"https:\/\/www.ogbl.lu\/communique\/priorite-au-maintien-dans-lemploi\/#primaryimage\"},\"thumbnailUrl\":\"https:\/\/www.ogbl.lu\/wp-content\/uploads\/2016\/07\/Twinerg.jpg\",\"datePublished\":\"2016-07-07T13:31:18+00:00\",\"dateModified\":\"2023-06-14T08:19:36+00:00\",\"breadcrumb\":{\"@id\":\"https:\/\/www.ogbl.lu\/communique\/priorite-au-maintien-dans-lemploi\/#breadcrumb\"},\"inLanguage\":\"en-US\",\"potentialAction\":[{\"@type\":\"ReadAction\",\"target\":[\"https:\/\/www.ogbl.lu\/communique\/priorite-au-maintien-dans-lemploi\/\"]}]},{\"@type\":\"ImageObject\",\"inLanguage\":\"en-US\",\"@id\":\"https:\/\/www.ogbl.lu\/communique\/priorite-au-maintien-dans-lemploi\/#primaryimage\",\"url\":\"https:\/\/www.ogbl.lu\/wp-content\/uploads\/2016\/07\/Twinerg.jpg\",\"contentUrl\":\"https:\/\/www.ogbl.lu\/wp-content\/uploads\/2016\/07\/Twinerg.jpg\",\"width\":950,\"height\":350},{\"@type\":\"BreadcrumbList\",\"@id\":\"https:\/\/www.ogbl.lu\/communique\/priorite-au-maintien-dans-lemploi\/#breadcrumb\",\"itemListElement\":[{\"@type\":\"ListItem\",\"position\":1,\"name\":\"Home\",\"item\":\"https:\/\/www.ogbl.lu\/\"},{\"@type\":\"ListItem\",\"position\":2,\"name\":\"Priorit\u00e9 au maintien dans l\u2019emploi\"}]},{\"@type\":\"WebSite\",\"@id\":\"https:\/\/www.ogbl.lu\/de\/#website\",\"url\":\"https:\/\/www.ogbl.lu\/de\/\",\"name\":\"OGBL\",\"description\":\"THE TRADE UNION\",\"publisher\":{\"@id\":\"https:\/\/www.ogbl.lu\/de\/#organization\"},\"potentialAction\":[{\"@type\":\"SearchAction\",\"target\":{\"@type\":\"EntryPoint\",\"urlTemplate\":\"https:\/\/www.ogbl.lu\/de\/?s={search_term_string}\"},\"query-input\":\"required name=search_term_string\"}],\"inLanguage\":\"en-US\"},{\"@type\":\"Organization\",\"@id\":\"https:\/\/www.ogbl.lu\/de\/#organization\",\"name\":\"OGBL\",\"url\":\"https:\/\/www.ogbl.lu\/de\/\",\"logo\":{\"@type\":\"ImageObject\",\"inLanguage\":\"en-US\",\"@id\":\"https:\/\/www.ogbl.lu\/de\/#\/schema\/logo\/image\/\",\"url\":\"https:\/\/www.ogbl.lu\/wp-content\/uploads\/2024\/07\/LOGO_Red_FR-svg.png\",\"contentUrl\":\"https:\/\/www.ogbl.lu\/wp-content\/uploads\/2024\/07\/LOGO_Red_FR-svg.png\",\"width\":369,\"height\":171,\"caption\":\"OGBL\"},\"image\":{\"@id\":\"https:\/\/www.ogbl.lu\/de\/#\/schema\/logo\/image\/\"}}]}<\/script>\r\n<!-- \/ Yoast SEO plugin. -->","yoast_head_json":{"title":"[:fr]Priorit\u00e9 au maintien dans l\u2019emploi[:en]Priorit\u00e9 au maintien dans l\u2019emploi[:] - OGBL","robots":{"index":"index","follow":"follow","max-snippet":"max-snippet:-1","max-image-preview":"max-image-preview:large","max-video-preview":"max-video-preview:-1"},"canonical":"https:\/\/www.ogbl.lu\/communique\/priorite-au-maintien-dans-lemploi\/","og_locale":"en_US","og_type":"article","og_title":"[:fr]Priorit\u00e9 au maintien dans l\u2019emploi[:en]Priorit\u00e9 au maintien dans l\u2019emploi[:] - OGBL","og_description":"La fermeture de Twinerg S.A. a \u00e9t\u00e9 formellement d\u00e9cid\u00e9e le 7 juillet 2016. Cette fermeture repr\u00e9sente \u00e9videmment un coup dur \u2026","og_url":"https:\/\/www.ogbl.lu\/communique\/priorite-au-maintien-dans-lemploi\/","og_site_name":"OGBL","article_modified_time":"2023-06-14T08:19:36+00:00","og_image":[{"width":950,"height":350,"url":"https:\/\/www.ogbl.lu\/wp-content\/uploads\/2016\/07\/Twinerg.jpg","type":"image\/jpeg"}],"twitter_card":"summary_large_image","twitter_misc":{"Est. reading time":"2 minutes"},"schema":{"@context":"https:\/\/schema.org","@graph":[{"@type":"WebPage","@id":"https:\/\/www.ogbl.lu\/communique\/priorite-au-maintien-dans-lemploi\/","url":"https:\/\/www.ogbl.lu\/communique\/priorite-au-maintien-dans-lemploi\/","name":"[:fr]Priorit\u00e9 au maintien dans l\u2019emploi[:en]Priorit\u00e9 au maintien dans l\u2019emploi[:] - OGBL","isPartOf":{"@id":"https:\/\/www.ogbl.lu\/de\/#website"},"primaryImageOfPage":{"@id":"https:\/\/www.ogbl.lu\/communique\/priorite-au-maintien-dans-lemploi\/#primaryimage"},"image":{"@id":"https:\/\/www.ogbl.lu\/communique\/priorite-au-maintien-dans-lemploi\/#primaryimage"},"thumbnailUrl":"https:\/\/www.ogbl.lu\/wp-content\/uploads\/2016\/07\/Twinerg.jpg","datePublished":"2016-07-07T13:31:18+00:00","dateModified":"2023-06-14T08:19:36+00:00","breadcrumb":{"@id":"https:\/\/www.ogbl.lu\/communique\/priorite-au-maintien-dans-lemploi\/#breadcrumb"},"inLanguage":"en-US","potentialAction":[{"@type":"ReadAction","target":["https:\/\/www.ogbl.lu\/communique\/priorite-au-maintien-dans-lemploi\/"]}]},{"@type":"ImageObject","inLanguage":"en-US","@id":"https:\/\/www.ogbl.lu\/communique\/priorite-au-maintien-dans-lemploi\/#primaryimage","url":"https:\/\/www.ogbl.lu\/wp-content\/uploads\/2016\/07\/Twinerg.jpg","contentUrl":"https:\/\/www.ogbl.lu\/wp-content\/uploads\/2016\/07\/Twinerg.jpg","width":950,"height":350},{"@type":"BreadcrumbList","@id":"https:\/\/www.ogbl.lu\/communique\/priorite-au-maintien-dans-lemploi\/#breadcrumb","itemListElement":[{"@type":"ListItem","position":1,"name":"Home","item":"https:\/\/www.ogbl.lu\/"},{"@type":"ListItem","position":2,"name":"Priorit\u00e9 au maintien dans l\u2019emploi"}]},{"@type":"WebSite","@id":"https:\/\/www.ogbl.lu\/de\/#website","url":"https:\/\/www.ogbl.lu\/de\/","name":"OGBL","description":"THE TRADE UNION","publisher":{"@id":"https:\/\/www.ogbl.lu\/de\/#organization"},"potentialAction":[{"@type":"SearchAction","target":{"@type":"EntryPoint","urlTemplate":"https:\/\/www.ogbl.lu\/de\/?s={search_term_string}"},"query-input":"required name=search_term_string"}],"inLanguage":"en-US"},{"@type":"Organization","@id":"https:\/\/www.ogbl.lu\/de\/#organization","name":"OGBL","url":"https:\/\/www.ogbl.lu\/de\/","logo":{"@type":"ImageObject","inLanguage":"en-US","@id":"https:\/\/www.ogbl.lu\/de\/#\/schema\/logo\/image\/","url":"https:\/\/www.ogbl.lu\/wp-content\/uploads\/2024\/07\/LOGO_Red_FR-svg.png","contentUrl":"https:\/\/www.ogbl.lu\/wp-content\/uploads\/2024\/07\/LOGO_Red_FR-svg.png","width":369,"height":171,"caption":"OGBL"},"image":{"@id":"https:\/\/www.ogbl.lu\/de\/#\/schema\/logo\/image\/"}}]}},"_links":{"self":[{"href":"https:\/\/www.ogbl.lu\/en\/wp-json\/wp\/v2\/communiques\/2070"}],"collection":[{"href":"https:\/\/www.ogbl.lu\/en\/wp-json\/wp\/v2\/communiques"}],"about":[{"href":"https:\/\/www.ogbl.lu\/en\/wp-json\/wp\/v2\/types\/communiques"}],"author":[{"embeddable":true,"href":"https:\/\/www.ogbl.lu\/en\/wp-json\/wp\/v2\/users\/1"}],"version-history":[{"count":0,"href":"https:\/\/www.ogbl.lu\/en\/wp-json\/wp\/v2\/communiques\/2070\/revisions"}],"wp:featuredmedia":[{"embeddable":true,"href":"https:\/\/www.ogbl.lu\/en\/wp-json\/wp\/v2\/media\/4025"}],"wp:attachment":[{"href":"https:\/\/www.ogbl.lu\/en\/wp-json\/wp\/v2\/media?parent=2070"}],"wp:term":[{"taxonomy":"categorie_communiques","embeddable":true,"href":"https:\/\/www.ogbl.lu\/en\/wp-json\/wp\/v2\/categorie_communiques?post=2070"},{"taxonomy":"syndicat","embeddable":true,"href":"https:\/\/www.ogbl.lu\/en\/wp-json\/wp\/v2\/syndicat?post=2070"}],"curies":[{"name":"wp","href":"https:\/\/api.w.org\/{rel}","templated":true}]}}

Priorité au maintien dans l’emploi

<p class="qtranxs-available-languages-message qtranxs-available-languages-message-en"> </p><p></p>
<p style="text-align: left;"><img decoding="async" class=" wp-image-22157 aligncenter" style="border: 0px none;" src="https://www.ogbl.lu/wp-content/uploads/communiques/Twinerg.jpg" alt="Twinerg" width="600" /></p>
<p style="text-align: left;">La fermeture de Twinerg S.A. a été formellement décidée le 7 juillet 2016. Cette fermeture représente évidemment un coup dur pour les 17 salariés concernés, même si elle ne constitue pas une surprise.</p>
<p>En effet, l’OGBL (seul syndicat signataire de la convention collective de travail dans l’entreprise) a eu depuis le début de l’année des entrevues régulières avec les responsables de Twinerg S.A. et du groupe Engie (ex GDF-Suez), l’actionnaire majoritaire de la centrale de gaz luxembourgeoise. Lors de ces réunions, divers scénarios d’avenir pour l’entreprise et leurs conséquences sociales ont été discutés entre partenaires sociaux. Une réunion d’information pour l’ensemble des salariés a été organisée le 15 juin 2016.</p>
<p>Les parties se sont mis d’accord pour qu’en cas de fermeture, la priorité soit accordée au maintien dans l’emploi. La négociation de licenciements ne sera donc à l’ordre du jour qu’en cas d’échec dans la recherche d’un nouvel emploi adapté aux compétences et aux besoins des salariés. Dans cette perspective, un bilan des compétences individualisé a déjà été réalisé pour chaque salarié au cours du mois de juin.</p>
<p><b>Responsabilités sociales</b></p>
<p>Par ailleurs, le groupe Engie a récemment signé des accords sociaux européens qui donnent un certain nombre de garanties et d’aides (proposition d’un nouveau poste, budget formation…) en cas de restructuration ou, comme dans le cas présent, de fermeture d’une entreprise.</p>
<p>Il est maintenant primordial de traduire ces accords dans la réalité. De plus, l’ensemble des actionnaires de Twinerg S.A. doivent faire un effort maximal afin de trouver des solutions satisfaisantes au sein de leurs entreprises pour les 17 salariés qui perdent leur travail chez Twinerg. Pour l’OGBL, il faut éviter que les salariés doivent passer par la case chômage et il faut garantir le maintien des acquis sociaux.</p>
<p>A côté de l’actionnaire majoritaire Engie (65 %), Enovos et le groupe ArcelorMittal détiennent chacun 17,5% du capital.</p>
<p>La centrale électrique Turbo-Gaz-Vapeur (TGV) située à Esch-sur-Alzette qui produit de l’énergie électrique a été officiellement inaugurée en 2002.</p>
<p><b>Communiqué par le syndicat Services et Energie de l’OGBL<br />
le 7 juillet 2016</b></p>
<p><b> </b></p>

<!-- This site is optimized with the Yoast SEO plugin v23.1 - https://yoast.com/wordpress/plugins/seo/ -->
<title>Priorité au maintien dans l’emploi - OGBL</title>
<meta name="robots" content="index, follow, max-snippet:-1, max-image-preview:large, max-video-preview:-1" />
<link rel="canonical" href="https://www.ogbl.lu/communique/priorite-au-maintien-dans-lemploi/" />
<meta property="og:locale" content="en_US" />
<meta property="og:type" content="article" />
<meta property="og:title" content="[:fr]Priorité au maintien dans l’emploi[:en]Priorité au maintien dans l’emploi[:] - OGBL" />
<meta property="og:description" content="La fermeture de Twinerg S.A. a été formellement décidée le 7 juillet 2016. Cette fermeture représente évidemment un coup dur …" />
<meta property="og:url" content="https://www.ogbl.lu/communique/priorite-au-maintien-dans-lemploi/" />
<meta property="og:site_name" content="OGBL" />
<meta property="article:modified_time" content="2023-06-14T08:19:36+00:00" />
<meta property="og:image" content="https://www.ogbl.lu/wp-content/uploads/2016/07/Twinerg.jpg" />
	<meta property="og:image:width" content="950" />
	<meta property="og:image:height" content="350" />
	<meta property="og:image:type" content="image/jpeg" />
<meta name="twitter:card" content="summary_large_image" />
<meta name="twitter:label1" content="Est. reading time" />
	<meta name="twitter:data1" content="2 minutes" />
<script type="application/ld+json" class="yoast-schema-graph">{"@context":"https://schema.org","@graph":[{"@type":"WebPage","@id":"https://www.ogbl.lu/communique/priorite-au-maintien-dans-lemploi/","url":"https://www.ogbl.lu/communique/priorite-au-maintien-dans-lemploi/","name":"[:fr]Priorité au maintien dans l’emploi[:en]Priorité au maintien dans l’emploi[:] - OGBL","isPartOf":{"@id":"https://www.ogbl.lu/de/#website"},"primaryImageOfPage":{"@id":"https://www.ogbl.lu/communique/priorite-au-maintien-dans-lemploi/#primaryimage"},"image":{"@id":"https://www.ogbl.lu/communique/priorite-au-maintien-dans-lemploi/#primaryimage"},"thumbnailUrl":"https://www.ogbl.lu/wp-content/uploads/2016/07/Twinerg.jpg","datePublished":"2016-07-07T13:31:18+00:00","dateModified":"2023-06-14T08:19:36+00:00","breadcrumb":{"@id":"https://www.ogbl.lu/communique/priorite-au-maintien-dans-lemploi/#breadcrumb"},"inLanguage":"en-US","potentialAction":[{"@type":"ReadAction","target":["https://www.ogbl.lu/communique/priorite-au-maintien-dans-lemploi/"]}]},{"@type":"ImageObject","inLanguage":"en-US","@id":"https://www.ogbl.lu/communique/priorite-au-maintien-dans-lemploi/#primaryimage","url":"https://www.ogbl.lu/wp-content/uploads/2016/07/Twinerg.jpg","contentUrl":"https://www.ogbl.lu/wp-content/uploads/2016/07/Twinerg.jpg","width":950,"height":350},{"@type":"BreadcrumbList","@id":"https://www.ogbl.lu/communique/priorite-au-maintien-dans-lemploi/#breadcrumb","itemListElement":[{"@type":"ListItem","position":1,"name":"Home","item":"https://www.ogbl.lu/"},{"@type":"ListItem","position":2,"name":"Priorité au maintien dans l’emploi"}]},{"@type":"WebSite","@id":"https://www.ogbl.lu/de/#website","url":"https://www.ogbl.lu/de/","name":"OGBL","description":"THE TRADE UNION","publisher":{"@id":"https://www.ogbl.lu/de/#organization"},"potentialAction":[{"@type":"SearchAction","target":{"@type":"EntryPoint","urlTemplate":"https://www.ogbl.lu/de/?s={search_term_string}"},"query-input":"required name=search_term_string"}],"inLanguage":"en-US"},{"@type":"Organization","@id":"https://www.ogbl.lu/de/#organization","name":"OGBL","url":"https://www.ogbl.lu/de/","logo":{"@type":"ImageObject","inLanguage":"en-US","@id":"https://www.ogbl.lu/de/#/schema/logo/image/","url":"https://www.ogbl.lu/wp-content/uploads/2024/07/LOGO_Red_FR-svg.png","contentUrl":"https://www.ogbl.lu/wp-content/uploads/2024/07/LOGO_Red_FR-svg.png","width":369,"height":171,"caption":"OGBL"},"image":{"@id":"https://www.ogbl.lu/de/#/schema/logo/image/"}}]}</script>
<!-- / Yoast SEO plugin. -->

[:fr]Priorité au maintien dans l’emploi[:en]Priorité au maintien dans l’emploi[:] - OGBL

La fermeture de Twinerg S.A. a été formellement décidée le 7 juillet 2016. Cette fermeture représente évidemment un coup dur …
