{"id":1978,"date":"2016-01-28T15:05:13","date_gmt":"2016-01-28T14:05:13","guid":{"rendered":"https:\/\/www.ogbl.lu\/communiques\/impact-sur-les-activites-de-cargolux"},"modified":"2023-05-24T13:15:34","modified_gmt":"2023-05-24T11:15:34","slug":"impact-sur-les-activites-de-cargolux","status":"publish","type":"communiques","link":"https:\/\/www.ogbl.lu\/en\/communique\/impact-sur-les-activites-de-cargolux\/","title":{"rendered":"Impact sur les activit\u00e9s de Cargolux?"},"content":{"rendered":"<p class=\"qtranxs-available-languages-message qtranxs-available-languages-message-en\"> <\/p><p>Une d\u00e9l\u00e9gation de l\u2019OGBL compos\u00e9e de repr\u00e9sentants des syndicats \u00abAviation civile\u00bb et \u00abTransport-ACAL\u00bb s\u2019est r\u00e9unie le 27 janvier 2016 avec le ministre d\u00e9l\u00e9gu\u00e9 au D\u00e9veloppement durable et aux Infrastructures, Fran\u00e7ois Bausch. Au centre des discussions se trouvait la ligne de chemin de fer de fret pr\u00e9vue entre Zhengzhou en Chine et la plateforme logistique multimodale de Bettembourg. L\u2019annonce de la part du gouvernement, \u00e0 savoir que la ligne ferroviaire de 10.000 kilom\u00e8tres mentionn\u00e9e soit d\u00e9j\u00e0 op\u00e9rationnelle d\u00e8s 2017, a caus\u00e9 une confusion aupr\u00e8s du personnel de la Cargolux et du Cargocenter de la Luxair, \u00e9tant donn\u00e9 qu\u2019il y a peu de temps, une liaison a\u00e9rienne a \u00e9t\u00e9 mise en place pour transporter \u00e9galement du fret de Zhengzhou \u00e0 Luxembourg. Le ministre des Transports, Fran\u00e7ois Bausch, a pu calmer les esprits en expliquant que les deux activit\u00e9s sont compl\u00e9mentaires. Le transport par chemin de fer ne serait pas une concurrence directe pour le transport a\u00e9rien. Les chemins de fer transporteraient des gros volumes, comme par exemple des modules solaires, et seraient donc plut\u00f4t une concurrence pour le transport maritime. Un voyage par voie maritime de Chine en Europe durerait environ cinq semaines alors que le chemin de fer couvre cette distance en deux semaines. Des entreprises luxembourgeoises profiteraient \u00e9galement de cette ligne ferroviaire. Bausch citait l\u2019exemple d\u2019une brasserie, qui exporte sa bi\u00e8re en Chine et qui pourrait ainsi passer au chemin de fer.<\/p>\n<p>L\u2019OGBL saluait le fait que ce projet allait apporter un essor suppl\u00e9mentaire au site logistique du Luxembourg, particuli\u00e8rement \u00e0 CFL-multimodal. D\u2019un c\u00f4t\u00e9, plus de fret va passer par Bettembourg, d\u2019un autre c\u00f4t\u00e9, la compagnie ferroviaire chinoise est tr\u00e8s int\u00e9ress\u00e9e par le fait de laisser des conteneurs en attente \u00e0 Bettembourg. La nouvelle ligne ferroviaire aurait, selon Bausch, un impact positif sur l\u2019emploi chez CFL-multimodal. Le mod\u00e8le commercial doit \u00eatre mis sur pied avant la mi-2016. Le contrat entre la Chine et le Luxembourg serait sign\u00e9 fin 2016, et le premier train devrait \u00eatre op\u00e9rationnel en 2017. En ce qui concerne le trac\u00e9, il y aurait plusieurs variantes: la variante du nord qui passerait par l\u2019Ukraine et la Russie, la variante du sud, qui elle passerait par Trieste, pour poursuivre par la Turquie et le Kasachstan avant d\u2019arriver finalement en Chine. La variante du sud s\u2019av\u00e8re comme la plus probable.<\/p>\n<p>D\u2019autres sujets lors de l\u2019entrevue \u00e9taient: des droits de trafic a\u00e9rien suppl\u00e9mentaires pour Cargolux en Chine, la connexion de l\u2019a\u00e9roport avec le r\u00e9seau ferroviaire, le renouvellement de la piste d\u2019atterrissage et de d\u00e9collage au Findel, la s\u00e9curit\u00e9 de l\u2019arr\u00eat de bus au hangar Cargolux \u00e0 Sandweiler, la lib\u00e9ralisation du traitement des passagers et la r\u00e9ouverture du terminal B \u00e0 l\u2019a\u00e9roport du Findel.<\/p>\n<p><b>Communiqu\u00e9 par le Syndicat Aviation civile de l&#8217;OGBL<br \/>\nle 28 janvier 2016<\/b><\/p>\n<p><span style=\"font-size: 10pt;\"><em>D\u00e9l\u00e9gation de l&#8217;OGBL: David Massaro, Jo\u00ebl Krier, Claude Mertens, Duncan Painter, Astrid Mosel, Fabien Kowolik (Cargolux); Sylvie Lombardi und Michael Jacquemin (CFL-Multimodal); Romain Daubenfeld (OGBL-Zentralsekret\u00e4r Syndikat Transport-ACAL) und Hubert Hollerich (OGBL-Zentralsekret\u00e4r Syndikat zivile Luftfahrt).<\/em><\/span><\/p>","protected":false},"author":1,"featured_media":4099,"template":"","categorie_communiques":[44,58],"syndicat":[68,82],"acf":[],"yoast_head":"<!-- This site is optimized with the Yoast SEO plugin v23.1 - https:\/\/yoast.com\/wordpress\/plugins\/seo\/ -->\r\n<title><\/title>\r\n<meta name=\"robots\" content=\"index, follow, max-snippet:-1, max-image-preview:large, max-video-preview:-1\" \/>\r\n<link rel=\"canonical\" href=\"https:\/\/www.ogbl.lu\/communique\/impact-sur-les-activites-de-cargolux\/\" \/>\r\n<meta property=\"og:locale\" content=\"en_US\" \/>\r\n<meta property=\"og:type\" content=\"article\" \/>\r\n<meta property=\"og:title\" content=\"[:fr]Impact sur les activit\u00e9s de Cargolux?[:de]Impakt auf die Aktivit\u00e4ten der Cargolux?[:] - OGBL\" \/>\r\n<meta property=\"og:description\" content=\"Une d\u00e9l\u00e9gation de l\u2019OGBL compos\u00e9e de repr\u00e9sentants des syndicats \u00abAviation civile\u00bb et \u00abTransport-ACAL\u00bb s\u2019est r\u00e9unie le 27 janvier 2016 avec \u2026\" \/>\r\n<meta property=\"og:url\" content=\"https:\/\/www.ogbl.lu\/communique\/impact-sur-les-activites-de-cargolux\/\" \/>\r\n<meta property=\"og:site_name\" content=\"OGBL\" \/>\r\n<meta property=\"article:modified_time\" content=\"2023-05-24T11:15:34+00:00\" \/>\r\n<meta property=\"og:image\" content=\"https:\/\/www.ogbl.lu\/wp-content\/uploads\/2016\/01\/cargolux_28012016.jpg\" \/>\r\n\t<meta property=\"og:image:width\" content=\"1106\" \/>\r\n\t<meta property=\"og:image:height\" content=\"453\" \/>\r\n\t<meta property=\"og:image:type\" content=\"image\/jpeg\" \/>\r\n<meta name=\"twitter:card\" content=\"summary_large_image\" \/>\r\n<meta name=\"twitter:label1\" content=\"Est. reading time\" \/>\n\t<meta name=\"twitter:data1\" content=\"5 minutes\" \/>\r\n<script type=\"application\/ld+json\" class=\"yoast-schema-graph\">{\"@context\":\"https:\/\/schema.org\",\"@graph\":[{\"@type\":\"WebPage\",\"@id\":\"https:\/\/www.ogbl.lu\/communique\/impact-sur-les-activites-de-cargolux\/\",\"url\":\"https:\/\/www.ogbl.lu\/communique\/impact-sur-les-activites-de-cargolux\/\",\"name\":\"[:fr]Impact sur les activit\u00e9s de Cargolux?[:de]Impakt auf die Aktivit\u00e4ten der Cargolux?[:] - OGBL\",\"isPartOf\":{\"@id\":\"https:\/\/www.ogbl.lu\/de\/#website\"},\"primaryImageOfPage\":{\"@id\":\"https:\/\/www.ogbl.lu\/communique\/impact-sur-les-activites-de-cargolux\/#primaryimage\"},\"image\":{\"@id\":\"https:\/\/www.ogbl.lu\/communique\/impact-sur-les-activites-de-cargolux\/#primaryimage\"},\"thumbnailUrl\":\"https:\/\/www.ogbl.lu\/wp-content\/uploads\/2016\/01\/cargolux_28012016.jpg\",\"datePublished\":\"2016-01-28T14:05:13+00:00\",\"dateModified\":\"2023-05-24T11:15:34+00:00\",\"breadcrumb\":{\"@id\":\"https:\/\/www.ogbl.lu\/communique\/impact-sur-les-activites-de-cargolux\/#breadcrumb\"},\"inLanguage\":\"en-US\",\"potentialAction\":[{\"@type\":\"ReadAction\",\"target\":[\"https:\/\/www.ogbl.lu\/communique\/impact-sur-les-activites-de-cargolux\/\"]}]},{\"@type\":\"ImageObject\",\"inLanguage\":\"en-US\",\"@id\":\"https:\/\/www.ogbl.lu\/communique\/impact-sur-les-activites-de-cargolux\/#primaryimage\",\"url\":\"https:\/\/www.ogbl.lu\/wp-content\/uploads\/2016\/01\/cargolux_28012016.jpg\",\"contentUrl\":\"https:\/\/www.ogbl.lu\/wp-content\/uploads\/2016\/01\/cargolux_28012016.jpg\",\"width\":1106,\"height\":453},{\"@type\":\"BreadcrumbList\",\"@id\":\"https:\/\/www.ogbl.lu\/communique\/impact-sur-les-activites-de-cargolux\/#breadcrumb\",\"itemListElement\":[{\"@type\":\"ListItem\",\"position\":1,\"name\":\"Home\",\"item\":\"https:\/\/www.ogbl.lu\/\"},{\"@type\":\"ListItem\",\"position\":2,\"name\":\"Impact sur les activit\u00e9s de Cargolux?\"}]},{\"@type\":\"WebSite\",\"@id\":\"https:\/\/www.ogbl.lu\/de\/#website\",\"url\":\"https:\/\/www.ogbl.lu\/de\/\",\"name\":\"OGBL\",\"description\":\"THE TRADE UNION\",\"publisher\":{\"@id\":\"https:\/\/www.ogbl.lu\/de\/#organization\"},\"potentialAction\":[{\"@type\":\"SearchAction\",\"target\":{\"@type\":\"EntryPoint\",\"urlTemplate\":\"https:\/\/www.ogbl.lu\/de\/?s={search_term_string}\"},\"query-input\":\"required name=search_term_string\"}],\"inLanguage\":\"en-US\"},{\"@type\":\"Organization\",\"@id\":\"https:\/\/www.ogbl.lu\/de\/#organization\",\"name\":\"OGBL\",\"url\":\"https:\/\/www.ogbl.lu\/de\/\",\"logo\":{\"@type\":\"ImageObject\",\"inLanguage\":\"en-US\",\"@id\":\"https:\/\/www.ogbl.lu\/de\/#\/schema\/logo\/image\/\",\"url\":\"https:\/\/www.ogbl.lu\/wp-content\/uploads\/2024\/07\/LOGO_Red_FR-svg.png\",\"contentUrl\":\"https:\/\/www.ogbl.lu\/wp-content\/uploads\/2024\/07\/LOGO_Red_FR-svg.png\",\"width\":369,\"height\":171,\"caption\":\"OGBL\"},\"image\":{\"@id\":\"https:\/\/www.ogbl.lu\/de\/#\/schema\/logo\/image\/\"}}]}<\/script>\r\n<!-- \/ Yoast SEO plugin. -->","yoast_head_json":{"title":"[:fr]Impact sur les activit\u00e9s de Cargolux?[:de]Impakt auf die Aktivit\u00e4ten der Cargolux?[:] - OGBL","robots":{"index":"index","follow":"follow","max-snippet":"max-snippet:-1","max-image-preview":"max-image-preview:large","max-video-preview":"max-video-preview:-1"},"canonical":"https:\/\/www.ogbl.lu\/communique\/impact-sur-les-activites-de-cargolux\/","og_locale":"en_US","og_type":"article","og_title":"[:fr]Impact sur les activit\u00e9s de Cargolux?[:de]Impakt auf die Aktivit\u00e4ten der Cargolux?[:] - OGBL","og_description":"Une d\u00e9l\u00e9gation de l\u2019OGBL compos\u00e9e de repr\u00e9sentants des syndicats \u00abAviation civile\u00bb et \u00abTransport-ACAL\u00bb s\u2019est r\u00e9unie le 27 janvier 2016 avec \u2026","og_url":"https:\/\/www.ogbl.lu\/communique\/impact-sur-les-activites-de-cargolux\/","og_site_name":"OGBL","article_modified_time":"2023-05-24T11:15:34+00:00","og_image":[{"width":1106,"height":453,"url":"https:\/\/www.ogbl.lu\/wp-content\/uploads\/2016\/01\/cargolux_28012016.jpg","type":"image\/jpeg"}],"twitter_card":"summary_large_image","twitter_misc":{"Est. reading time":"5 minutes"},"schema":{"@context":"https:\/\/schema.org","@graph":[{"@type":"WebPage","@id":"https:\/\/www.ogbl.lu\/communique\/impact-sur-les-activites-de-cargolux\/","url":"https:\/\/www.ogbl.lu\/communique\/impact-sur-les-activites-de-cargolux\/","name":"[:fr]Impact sur les activit\u00e9s de Cargolux?[:de]Impakt auf die Aktivit\u00e4ten der Cargolux?[:] - OGBL","isPartOf":{"@id":"https:\/\/www.ogbl.lu\/de\/#website"},"primaryImageOfPage":{"@id":"https:\/\/www.ogbl.lu\/communique\/impact-sur-les-activites-de-cargolux\/#primaryimage"},"image":{"@id":"https:\/\/www.ogbl.lu\/communique\/impact-sur-les-activites-de-cargolux\/#primaryimage"},"thumbnailUrl":"https:\/\/www.ogbl.lu\/wp-content\/uploads\/2016\/01\/cargolux_28012016.jpg","datePublished":"2016-01-28T14:05:13+00:00","dateModified":"2023-05-24T11:15:34+00:00","breadcrumb":{"@id":"https:\/\/www.ogbl.lu\/communique\/impact-sur-les-activites-de-cargolux\/#breadcrumb"},"inLanguage":"en-US","potentialAction":[{"@type":"ReadAction","target":["https:\/\/www.ogbl.lu\/communique\/impact-sur-les-activites-de-cargolux\/"]}]},{"@type":"ImageObject","inLanguage":"en-US","@id":"https:\/\/www.ogbl.lu\/communique\/impact-sur-les-activites-de-cargolux\/#primaryimage","url":"https:\/\/www.ogbl.lu\/wp-content\/uploads\/2016\/01\/cargolux_28012016.jpg","contentUrl":"https:\/\/www.ogbl.lu\/wp-content\/uploads\/2016\/01\/cargolux_28012016.jpg","width":1106,"height":453},{"@type":"BreadcrumbList","@id":"https:\/\/www.ogbl.lu\/communique\/impact-sur-les-activites-de-cargolux\/#breadcrumb","itemListElement":[{"@type":"ListItem","position":1,"name":"Home","item":"https:\/\/www.ogbl.lu\/"},{"@type":"ListItem","position":2,"name":"Impact sur les activit\u00e9s de Cargolux?"}]},{"@type":"WebSite","@id":"https:\/\/www.ogbl.lu\/de\/#website","url":"https:\/\/www.ogbl.lu\/de\/","name":"OGBL","description":"THE TRADE UNION","publisher":{"@id":"https:\/\/www.ogbl.lu\/de\/#organization"},"potentialAction":[{"@type":"SearchAction","target":{"@type":"EntryPoint","urlTemplate":"https:\/\/www.ogbl.lu\/de\/?s={search_term_string}"},"query-input":"required name=search_term_string"}],"inLanguage":"en-US"},{"@type":"Organization","@id":"https:\/\/www.ogbl.lu\/de\/#organization","name":"OGBL","url":"https:\/\/www.ogbl.lu\/de\/","logo":{"@type":"ImageObject","inLanguage":"en-US","@id":"https:\/\/www.ogbl.lu\/de\/#\/schema\/logo\/image\/","url":"https:\/\/www.ogbl.lu\/wp-content\/uploads\/2024\/07\/LOGO_Red_FR-svg.png","contentUrl":"https:\/\/www.ogbl.lu\/wp-content\/uploads\/2024\/07\/LOGO_Red_FR-svg.png","width":369,"height":171,"caption":"OGBL"},"image":{"@id":"https:\/\/www.ogbl.lu\/de\/#\/schema\/logo\/image\/"}}]}},"_links":{"self":[{"href":"https:\/\/www.ogbl.lu\/en\/wp-json\/wp\/v2\/communiques\/1978"}],"collection":[{"href":"https:\/\/www.ogbl.lu\/en\/wp-json\/wp\/v2\/communiques"}],"about":[{"href":"https:\/\/www.ogbl.lu\/en\/wp-json\/wp\/v2\/types\/communiques"}],"author":[{"embeddable":true,"href":"https:\/\/www.ogbl.lu\/en\/wp-json\/wp\/v2\/users\/1"}],"version-history":[{"count":0,"href":"https:\/\/www.ogbl.lu\/en\/wp-json\/wp\/v2\/communiques\/1978\/revisions"}],"wp:featuredmedia":[{"embeddable":true,"href":"https:\/\/www.ogbl.lu\/en\/wp-json\/wp\/v2\/media\/4099"}],"wp:attachment":[{"href":"https:\/\/www.ogbl.lu\/en\/wp-json\/wp\/v2\/media?parent=1978"}],"wp:term":[{"taxonomy":"categorie_communiques","embeddable":true,"href":"https:\/\/www.ogbl.lu\/en\/wp-json\/wp\/v2\/categorie_communiques?post=1978"},{"taxonomy":"syndicat","embeddable":true,"href":"https:\/\/www.ogbl.lu\/en\/wp-json\/wp\/v2\/syndicat?post=1978"}],"curies":[{"name":"wp","href":"https:\/\/api.w.org\/{rel}","templated":true}]}}

Impact sur les activités de Cargolux?

<p class="qtranxs-available-languages-message qtranxs-available-languages-message-en"> </p><p>Une délégation de l’OGBL composée de représentants des syndicats «Aviation civile» et «Transport-ACAL» s’est réunie le 27 janvier 2016 avec le ministre délégué au Développement durable et aux Infrastructures, François Bausch. Au centre des discussions se trouvait la ligne de chemin de fer de fret prévue entre Zhengzhou en Chine et la plateforme logistique multimodale de Bettembourg. L’annonce de la part du gouvernement, à savoir que la ligne ferroviaire de 10.000 kilomètres mentionnée soit déjà opérationnelle dès 2017, a causé une confusion auprès du personnel de la Cargolux et du Cargocenter de la Luxair, étant donné qu’il y a peu de temps, une liaison aérienne a été mise en place pour transporter également du fret de Zhengzhou à Luxembourg. Le ministre des Transports, François Bausch, a pu calmer les esprits en expliquant que les deux activités sont complémentaires. Le transport par chemin de fer ne serait pas une concurrence directe pour le transport aérien. Les chemins de fer transporteraient des gros volumes, comme par exemple des modules solaires, et seraient donc plutôt une concurrence pour le transport maritime. Un voyage par voie maritime de Chine en Europe durerait environ cinq semaines alors que le chemin de fer couvre cette distance en deux semaines. Des entreprises luxembourgeoises profiteraient également de cette ligne ferroviaire. Bausch citait l’exemple d’une brasserie, qui exporte sa bière en Chine et qui pourrait ainsi passer au chemin de fer.</p>
<p>L’OGBL saluait le fait que ce projet allait apporter un essor supplémentaire au site logistique du Luxembourg, particulièrement à CFL-multimodal. D’un côté, plus de fret va passer par Bettembourg, d’un autre côté, la compagnie ferroviaire chinoise est très intéressée par le fait de laisser des conteneurs en attente à Bettembourg. La nouvelle ligne ferroviaire aurait, selon Bausch, un impact positif sur l’emploi chez CFL-multimodal. Le modèle commercial doit être mis sur pied avant la mi-2016. Le contrat entre la Chine et le Luxembourg serait signé fin 2016, et le premier train devrait être opérationnel en 2017. En ce qui concerne le tracé, il y aurait plusieurs variantes: la variante du nord qui passerait par l’Ukraine et la Russie, la variante du sud, qui elle passerait par Trieste, pour poursuivre par la Turquie et le Kasachstan avant d’arriver finalement en Chine. La variante du sud s’avère comme la plus probable.</p>
<p>D’autres sujets lors de l’entrevue étaient: des droits de trafic aérien supplémentaires pour Cargolux en Chine, la connexion de l’aéroport avec le réseau ferroviaire, le renouvellement de la piste d’atterrissage et de décollage au Findel, la sécurité de l’arrêt de bus au hangar Cargolux à Sandweiler, la libéralisation du traitement des passagers et la réouverture du terminal B à l’aéroport du Findel.</p>
<p><b>Communiqué par le Syndicat Aviation civile de l&#8217;OGBL<br />
le 28 janvier 2016</b></p>
<p><span style="font-size: 10pt;"><em>Délégation de l&#8217;OGBL: David Massaro, Joël Krier, Claude Mertens, Duncan Painter, Astrid Mosel, Fabien Kowolik (Cargolux); Sylvie Lombardi und Michael Jacquemin (CFL-Multimodal); Romain Daubenfeld (OGBL-Zentralsekretär Syndikat Transport-ACAL) und Hubert Hollerich (OGBL-Zentralsekretär Syndikat zivile Luftfahrt).</em></span></p>

<!-- This site is optimized with the Yoast SEO plugin v23.1 - https://yoast.com/wordpress/plugins/seo/ -->
<title></title>
<meta name="robots" content="index, follow, max-snippet:-1, max-image-preview:large, max-video-preview:-1" />
<link rel="canonical" href="https://www.ogbl.lu/communique/impact-sur-les-activites-de-cargolux/" />
<meta property="og:locale" content="en_US" />
<meta property="og:type" content="article" />
<meta property="og:title" content="[:fr]Impact sur les activités de Cargolux?[:de]Impakt auf die Aktivitäten der Cargolux?[:] - OGBL" />
<meta property="og:description" content="Une délégation de l’OGBL composée de représentants des syndicats «Aviation civile» et «Transport-ACAL» s’est réunie le 27 janvier 2016 avec …" />
<meta property="og:url" content="https://www.ogbl.lu/communique/impact-sur-les-activites-de-cargolux/" />
<meta property="og:site_name" content="OGBL" />
<meta property="article:modified_time" content="2023-05-24T11:15:34+00:00" />
<meta property="og:image" content="https://www.ogbl.lu/wp-content/uploads/2016/01/cargolux_28012016.jpg" />
	<meta property="og:image:width" content="1106" />
	<meta property="og:image:height" content="453" />
	<meta property="og:image:type" content="image/jpeg" />
<meta name="twitter:card" content="summary_large_image" />
<meta name="twitter:label1" content="Est. reading time" />
	<meta name="twitter:data1" content="5 minutes" />
<script type="application/ld+json" class="yoast-schema-graph">{"@context":"https://schema.org","@graph":[{"@type":"WebPage","@id":"https://www.ogbl.lu/communique/impact-sur-les-activites-de-cargolux/","url":"https://www.ogbl.lu/communique/impact-sur-les-activites-de-cargolux/","name":"[:fr]Impact sur les activités de Cargolux?[:de]Impakt auf die Aktivitäten der Cargolux?[:] - OGBL","isPartOf":{"@id":"https://www.ogbl.lu/de/#website"},"primaryImageOfPage":{"@id":"https://www.ogbl.lu/communique/impact-sur-les-activites-de-cargolux/#primaryimage"},"image":{"@id":"https://www.ogbl.lu/communique/impact-sur-les-activites-de-cargolux/#primaryimage"},"thumbnailUrl":"https://www.ogbl.lu/wp-content/uploads/2016/01/cargolux_28012016.jpg","datePublished":"2016-01-28T14:05:13+00:00","dateModified":"2023-05-24T11:15:34+00:00","breadcrumb":{"@id":"https://www.ogbl.lu/communique/impact-sur-les-activites-de-cargolux/#breadcrumb"},"inLanguage":"en-US","potentialAction":[{"@type":"ReadAction","target":["https://www.ogbl.lu/communique/impact-sur-les-activites-de-cargolux/"]}]},{"@type":"ImageObject","inLanguage":"en-US","@id":"https://www.ogbl.lu/communique/impact-sur-les-activites-de-cargolux/#primaryimage","url":"https://www.ogbl.lu/wp-content/uploads/2016/01/cargolux_28012016.jpg","contentUrl":"https://www.ogbl.lu/wp-content/uploads/2016/01/cargolux_28012016.jpg","width":1106,"height":453},{"@type":"BreadcrumbList","@id":"https://www.ogbl.lu/communique/impact-sur-les-activites-de-cargolux/#breadcrumb","itemListElement":[{"@type":"ListItem","position":1,"name":"Home","item":"https://www.ogbl.lu/"},{"@type":"ListItem","position":2,"name":"Impact sur les activités de Cargolux?"}]},{"@type":"WebSite","@id":"https://www.ogbl.lu/de/#website","url":"https://www.ogbl.lu/de/","name":"OGBL","description":"THE TRADE UNION","publisher":{"@id":"https://www.ogbl.lu/de/#organization"},"potentialAction":[{"@type":"SearchAction","target":{"@type":"EntryPoint","urlTemplate":"https://www.ogbl.lu/de/?s={search_term_string}"},"query-input":"required name=search_term_string"}],"inLanguage":"en-US"},{"@type":"Organization","@id":"https://www.ogbl.lu/de/#organization","name":"OGBL","url":"https://www.ogbl.lu/de/","logo":{"@type":"ImageObject","inLanguage":"en-US","@id":"https://www.ogbl.lu/de/#/schema/logo/image/","url":"https://www.ogbl.lu/wp-content/uploads/2024/07/LOGO_Red_FR-svg.png","contentUrl":"https://www.ogbl.lu/wp-content/uploads/2024/07/LOGO_Red_FR-svg.png","width":369,"height":171,"caption":"OGBL"},"image":{"@id":"https://www.ogbl.lu/de/#/schema/logo/image/"}}]}</script>
<!-- / Yoast SEO plugin. -->

[:fr]Impact sur les activités de Cargolux?[:de]Impakt auf die Aktivitäten der Cargolux?[:] - OGBL

Une délégation de l’OGBL composée de représentants des syndicats «Aviation civile» et «Transport-ACAL» s’est réunie le 27 janvier 2016 avec …
