{"id":1720,"date":"2014-06-16T12:23:50","date_gmt":"2014-06-16T10:23:50","guid":{"rendered":"https:\/\/www.ogbl.lu\/communiques\/logbl-jeunes-prend-position-sur-la-garantie-jeunes"},"modified":"2023-06-30T13:37:47","modified_gmt":"2023-06-30T11:37:47","slug":"logbl-jeunes-prend-position-sur-la-garantie-jeunes","status":"publish","type":"communiques","link":"https:\/\/www.ogbl.lu\/en\/communique\/logbl-jeunes-prend-position-sur-la-garantie-jeunes\/","title":{"rendered":"L\u2019OGBL-Jeunes prend position sur la \u00abgarantie jeunes\u00bb"},"content":{"rendered":"<p class=\"qtranxs-available-languages-message qtranxs-available-languages-message-en\"> <\/p><p>La France qui a lanc\u00e9 son programme \u00abGarantie Jeunes\u00bb \u00e0 la fin de l\u2019ann\u00e9e derni\u00e8re, est le premier pays \u00e0 prendre sa part du g\u00e2teau des six milliards d\u2019euros d\u00e9bloqu\u00e9s par l\u2019Union europ\u00e9enne afin de lutter contre le ch\u00f4mage des jeunes. L\u2019OGBL-Jeunes consid\u00e8re la Garantie pour la Jeunesse comme un appui pertinent visant \u00e0 accompagner un jeune demandeur d\u2019emploi vers une insertion durable dans la vie active. L\u2019OGBL-Jeunes se r\u00e9jouit que la version luxembourgeoise soit bient\u00f4t sur les rails.<\/p>\n<p>Pour l\u2019OGBL-Jeunes, la \u00abGarantie Jeunes\u00bb ne peut \u00eatre efficace que si elle se base sur certains principes:<\/p>\n<ol>\n<li>elle doit viser tous les jeunes qui sont \u00e0 la marge du march\u00e9 du travail;<\/li>\n<li>elle doit faire l\u2019objet d\u2019une intervention rapide et \u00eatre propos\u00e9e dans un d\u00e9lai de 4 mois;<\/li>\n<li>dans ce contexte, il y lieu de d\u00e9finir le terme \u00abjeune\u00bb de mani\u00e8re large et d\u2019\u00e9tendre le droit \u00e0 la \u00abGarantie Jeunes\u00bb aux 25-30 ans;<\/li>\n<li>elle doit comprendre une approche individualis\u00e9e car les jeunes ne forment pas un groupe homog\u00e8ne et elle doit offrir un \u00e9ventail appropri\u00e9 de mesures et de services de qualit\u00e9;<\/li>\n<li>il faut \u00e9galement assurer une harmonisation de la validation des exp\u00e9riences professionnelles acquises dans le cadre des programmes de la \u00abGarantie Jeunes\u00bb, ainsi qu\u2019une reconnaissance des acquis non formels et informels;<\/li>\n<li>il faut pr\u00e9voir un bilan annuel et une \u00e9valuation qualitative pour suivre la mise en \u0153uvre du plan;<\/li>\n<li>ce dispositif doit \u00eatre financ\u00e9 de mani\u00e8re ad\u00e9quate.<\/li>\n<\/ol>\n<p><strong><br \/>\nDes emplois d\u00e9cents!<\/strong><\/p>\n<p>Pour l\u2019OGBL-Jeunes l\u2019enjeu ne peut donc \u00eatre simplement de r\u00e9duire le nombre de ch\u00f4meurs \u00e0 court terme, mais aussi de lutter contre la pr\u00e9carit\u00e9 qui s\u2019impose aux jeunes surtout lors de la p\u00e9riode de transition vers la vie active. L\u2019OGBL-Jeunes ne se contente pas du fait que des moyens soient mis dans la formation et l\u2019accompagnement social mais \u00e9galement dans la cr\u00e9ation d\u2019emplois. Ainsi, les entreprises doivent \u00eatre rappel\u00e9es \u00e0 leur responsabilit\u00e9 de non seulement prendre des jeunes en apprentissage mais elles doivent aussi \u00eatre incit\u00e9es \u00e0 offrir un emploi \u00e0 dur\u00e9e ind\u00e9termin\u00e9e (CDI) aux jeunes au terme de leur formation.<\/p>\n<p><strong>Une vraie garantie pour la jeunesse doit d\u00e9boucher sur des emplois d\u00e9cents et de qualit\u00e9 pour tous les jeunes. L\u2019emploi des jeunes est un grand d\u00e9fi national. L\u2019avenir de notre pays en d\u00e9pend! <\/strong><\/p>\n<p><strong>Communiqu\u00e9 par le D\u00e9partement Jeunes de l\u2019OGBL<br \/>\nle 16 juin 2014<\/strong><\/p>","protected":false},"author":1,"featured_media":0,"template":"","categorie_communiques":[132,41],"syndicat":[120],"acf":[],"yoast_head":"<!-- This site is optimized with the Yoast SEO plugin v23.1 - https:\/\/yoast.com\/wordpress\/plugins\/seo\/ -->\r\n<title>L\u2019OGBL-Jeunes prend position sur la \u00abgarantie jeunes\u00bb - OGBL<\/title>\r\n<meta name=\"robots\" content=\"index, follow, max-snippet:-1, max-image-preview:large, max-video-preview:-1\" \/>\r\n<link rel=\"canonical\" href=\"https:\/\/www.ogbl.lu\/communique\/logbl-jeunes-prend-position-sur-la-garantie-jeunes\/\" \/>\r\n<meta property=\"og:locale\" content=\"en_US\" \/>\r\n<meta property=\"og:type\" content=\"article\" \/>\r\n<meta property=\"og:title\" content=\"[:fr]L\u2019OGBL-Jeunes prend position sur la \u00abgarantie jeunes\u00bb[:de]Die OGBL-Jugend nimmt Stellung zur Jugendgarantie[:en]L\u2019OGBL-Jeunes prend position sur la \u00abgarantie jeunes\u00bb[:] - OGBL\" \/>\r\n<meta property=\"og:description\" content=\"La France qui a lanc\u00e9 son programme \u00abGarantie Jeunes\u00bb \u00e0 la fin de l\u2019ann\u00e9e derni\u00e8re, est le premier pays \u00e0 \u2026\" \/>\r\n<meta property=\"og:url\" content=\"https:\/\/www.ogbl.lu\/communique\/logbl-jeunes-prend-position-sur-la-garantie-jeunes\/\" \/>\r\n<meta property=\"og:site_name\" content=\"OGBL\" \/>\r\n<meta property=\"article:modified_time\" content=\"2023-06-30T11:37:47+00:00\" \/>\r\n<meta name=\"twitter:card\" content=\"summary_large_image\" \/>\r\n<meta name=\"twitter:label1\" content=\"Est. reading time\" \/>\n\t<meta name=\"twitter:data1\" content=\"4 minutes\" \/>\r\n<script type=\"application\/ld+json\" class=\"yoast-schema-graph\">{\"@context\":\"https:\/\/schema.org\",\"@graph\":[{\"@type\":\"WebPage\",\"@id\":\"https:\/\/www.ogbl.lu\/communique\/logbl-jeunes-prend-position-sur-la-garantie-jeunes\/\",\"url\":\"https:\/\/www.ogbl.lu\/communique\/logbl-jeunes-prend-position-sur-la-garantie-jeunes\/\",\"name\":\"[:fr]L\u2019OGBL-Jeunes prend position sur la \u00abgarantie jeunes\u00bb[:de]Die OGBL-Jugend nimmt Stellung zur Jugendgarantie[:en]L\u2019OGBL-Jeunes prend position sur la \u00abgarantie jeunes\u00bb[:] - OGBL\",\"isPartOf\":{\"@id\":\"https:\/\/www.ogbl.lu\/de\/#website\"},\"datePublished\":\"2014-06-16T10:23:50+00:00\",\"dateModified\":\"2023-06-30T11:37:47+00:00\",\"breadcrumb\":{\"@id\":\"https:\/\/www.ogbl.lu\/communique\/logbl-jeunes-prend-position-sur-la-garantie-jeunes\/#breadcrumb\"},\"inLanguage\":\"en-US\",\"potentialAction\":[{\"@type\":\"ReadAction\",\"target\":[\"https:\/\/www.ogbl.lu\/communique\/logbl-jeunes-prend-position-sur-la-garantie-jeunes\/\"]}]},{\"@type\":\"BreadcrumbList\",\"@id\":\"https:\/\/www.ogbl.lu\/communique\/logbl-jeunes-prend-position-sur-la-garantie-jeunes\/#breadcrumb\",\"itemListElement\":[{\"@type\":\"ListItem\",\"position\":1,\"name\":\"Home\",\"item\":\"https:\/\/www.ogbl.lu\/\"},{\"@type\":\"ListItem\",\"position\":2,\"name\":\"L\u2019OGBL-Jeunes prend position sur la \u00abgarantie jeunes\u00bb\"}]},{\"@type\":\"WebSite\",\"@id\":\"https:\/\/www.ogbl.lu\/de\/#website\",\"url\":\"https:\/\/www.ogbl.lu\/de\/\",\"name\":\"OGBL\",\"description\":\"THE TRADE UNION\",\"publisher\":{\"@id\":\"https:\/\/www.ogbl.lu\/de\/#organization\"},\"potentialAction\":[{\"@type\":\"SearchAction\",\"target\":{\"@type\":\"EntryPoint\",\"urlTemplate\":\"https:\/\/www.ogbl.lu\/de\/?s={search_term_string}\"},\"query-input\":\"required name=search_term_string\"}],\"inLanguage\":\"en-US\"},{\"@type\":\"Organization\",\"@id\":\"https:\/\/www.ogbl.lu\/de\/#organization\",\"name\":\"OGBL\",\"url\":\"https:\/\/www.ogbl.lu\/de\/\",\"logo\":{\"@type\":\"ImageObject\",\"inLanguage\":\"en-US\",\"@id\":\"https:\/\/www.ogbl.lu\/de\/#\/schema\/logo\/image\/\",\"url\":\"https:\/\/www.ogbl.lu\/wp-content\/uploads\/2024\/07\/LOGO_Red_FR-svg.png\",\"contentUrl\":\"https:\/\/www.ogbl.lu\/wp-content\/uploads\/2024\/07\/LOGO_Red_FR-svg.png\",\"width\":369,\"height\":171,\"caption\":\"OGBL\"},\"image\":{\"@id\":\"https:\/\/www.ogbl.lu\/de\/#\/schema\/logo\/image\/\"}}]}<\/script>\r\n<!-- \/ Yoast SEO plugin. -->","yoast_head_json":{"title":"[:fr]L\u2019OGBL-Jeunes prend position sur la \u00abgarantie jeunes\u00bb[:de]Die OGBL-Jugend nimmt Stellung zur Jugendgarantie[:en]L\u2019OGBL-Jeunes prend position sur la \u00abgarantie jeunes\u00bb[:] - OGBL","robots":{"index":"index","follow":"follow","max-snippet":"max-snippet:-1","max-image-preview":"max-image-preview:large","max-video-preview":"max-video-preview:-1"},"canonical":"https:\/\/www.ogbl.lu\/communique\/logbl-jeunes-prend-position-sur-la-garantie-jeunes\/","og_locale":"en_US","og_type":"article","og_title":"[:fr]L\u2019OGBL-Jeunes prend position sur la \u00abgarantie jeunes\u00bb[:de]Die OGBL-Jugend nimmt Stellung zur Jugendgarantie[:en]L\u2019OGBL-Jeunes prend position sur la \u00abgarantie jeunes\u00bb[:] - OGBL","og_description":"La France qui a lanc\u00e9 son programme \u00abGarantie Jeunes\u00bb \u00e0 la fin de l\u2019ann\u00e9e derni\u00e8re, est le premier pays \u00e0 \u2026","og_url":"https:\/\/www.ogbl.lu\/communique\/logbl-jeunes-prend-position-sur-la-garantie-jeunes\/","og_site_name":"OGBL","article_modified_time":"2023-06-30T11:37:47+00:00","twitter_card":"summary_large_image","twitter_misc":{"Est. reading time":"4 minutes"},"schema":{"@context":"https:\/\/schema.org","@graph":[{"@type":"WebPage","@id":"https:\/\/www.ogbl.lu\/communique\/logbl-jeunes-prend-position-sur-la-garantie-jeunes\/","url":"https:\/\/www.ogbl.lu\/communique\/logbl-jeunes-prend-position-sur-la-garantie-jeunes\/","name":"[:fr]L\u2019OGBL-Jeunes prend position sur la \u00abgarantie jeunes\u00bb[:de]Die OGBL-Jugend nimmt Stellung zur Jugendgarantie[:en]L\u2019OGBL-Jeunes prend position sur la \u00abgarantie jeunes\u00bb[:] - OGBL","isPartOf":{"@id":"https:\/\/www.ogbl.lu\/de\/#website"},"datePublished":"2014-06-16T10:23:50+00:00","dateModified":"2023-06-30T11:37:47+00:00","breadcrumb":{"@id":"https:\/\/www.ogbl.lu\/communique\/logbl-jeunes-prend-position-sur-la-garantie-jeunes\/#breadcrumb"},"inLanguage":"en-US","potentialAction":[{"@type":"ReadAction","target":["https:\/\/www.ogbl.lu\/communique\/logbl-jeunes-prend-position-sur-la-garantie-jeunes\/"]}]},{"@type":"BreadcrumbList","@id":"https:\/\/www.ogbl.lu\/communique\/logbl-jeunes-prend-position-sur-la-garantie-jeunes\/#breadcrumb","itemListElement":[{"@type":"ListItem","position":1,"name":"Home","item":"https:\/\/www.ogbl.lu\/"},{"@type":"ListItem","position":2,"name":"L\u2019OGBL-Jeunes prend position sur la \u00abgarantie jeunes\u00bb"}]},{"@type":"WebSite","@id":"https:\/\/www.ogbl.lu\/de\/#website","url":"https:\/\/www.ogbl.lu\/de\/","name":"OGBL","description":"THE TRADE UNION","publisher":{"@id":"https:\/\/www.ogbl.lu\/de\/#organization"},"potentialAction":[{"@type":"SearchAction","target":{"@type":"EntryPoint","urlTemplate":"https:\/\/www.ogbl.lu\/de\/?s={search_term_string}"},"query-input":"required name=search_term_string"}],"inLanguage":"en-US"},{"@type":"Organization","@id":"https:\/\/www.ogbl.lu\/de\/#organization","name":"OGBL","url":"https:\/\/www.ogbl.lu\/de\/","logo":{"@type":"ImageObject","inLanguage":"en-US","@id":"https:\/\/www.ogbl.lu\/de\/#\/schema\/logo\/image\/","url":"https:\/\/www.ogbl.lu\/wp-content\/uploads\/2024\/07\/LOGO_Red_FR-svg.png","contentUrl":"https:\/\/www.ogbl.lu\/wp-content\/uploads\/2024\/07\/LOGO_Red_FR-svg.png","width":369,"height":171,"caption":"OGBL"},"image":{"@id":"https:\/\/www.ogbl.lu\/de\/#\/schema\/logo\/image\/"}}]}},"_links":{"self":[{"href":"https:\/\/www.ogbl.lu\/en\/wp-json\/wp\/v2\/communiques\/1720"}],"collection":[{"href":"https:\/\/www.ogbl.lu\/en\/wp-json\/wp\/v2\/communiques"}],"about":[{"href":"https:\/\/www.ogbl.lu\/en\/wp-json\/wp\/v2\/types\/communiques"}],"author":[{"embeddable":true,"href":"https:\/\/www.ogbl.lu\/en\/wp-json\/wp\/v2\/users\/1"}],"version-history":[{"count":0,"href":"https:\/\/www.ogbl.lu\/en\/wp-json\/wp\/v2\/communiques\/1720\/revisions"}],"wp:attachment":[{"href":"https:\/\/www.ogbl.lu\/en\/wp-json\/wp\/v2\/media?parent=1720"}],"wp:term":[{"taxonomy":"categorie_communiques","embeddable":true,"href":"https:\/\/www.ogbl.lu\/en\/wp-json\/wp\/v2\/categorie_communiques?post=1720"},{"taxonomy":"syndicat","embeddable":true,"href":"https:\/\/www.ogbl.lu\/en\/wp-json\/wp\/v2\/syndicat?post=1720"}],"curies":[{"name":"wp","href":"https:\/\/api.w.org\/{rel}","templated":true}]}}

<p class="qtranxs-available-languages-message qtranxs-available-languages-message-en"> </p><p>La France qui a lancé son programme «Garantie Jeunes» à la fin de l’année dernière, est le premier pays à prendre sa part du gâteau des six milliards d’euros débloqués par l’Union européenne afin de lutter contre le chômage des jeunes. L’OGBL-Jeunes considère la Garantie pour la Jeunesse comme un appui pertinent visant à accompagner un jeune demandeur d’emploi vers une insertion durable dans la vie active. L’OGBL-Jeunes se réjouit que la version luxembourgeoise soit bientôt sur les rails.</p>
<p>Pour l’OGBL-Jeunes, la «Garantie Jeunes» ne peut être efficace que si elle se base sur certains principes:</p>
<ol>
<li>elle doit viser tous les jeunes qui sont à la marge du marché du travail;</li>
<li>elle doit faire l’objet d’une intervention rapide et être proposée dans un délai de 4 mois;</li>
<li>dans ce contexte, il y lieu de définir le terme «jeune» de manière large et d’étendre le droit à la «Garantie Jeunes» aux 25-30 ans;</li>
<li>elle doit comprendre une approche individualisée car les jeunes ne forment pas un groupe homogène et elle doit offrir un éventail approprié de mesures et de services de qualité;</li>
<li>il faut également assurer une harmonisation de la validation des expériences professionnelles acquises dans le cadre des programmes de la «Garantie Jeunes», ainsi qu’une reconnaissance des acquis non formels et informels;</li>
<li>il faut prévoir un bilan annuel et une évaluation qualitative pour suivre la mise en œuvre du plan;</li>
<li>ce dispositif doit être financé de manière adéquate.</li>
</ol>
<p><strong><br />
Des emplois décents!</strong></p>
<p>Pour l’OGBL-Jeunes l’enjeu ne peut donc être simplement de réduire le nombre de chômeurs à court terme, mais aussi de lutter contre la précarité qui s’impose aux jeunes surtout lors de la période de transition vers la vie active. L’OGBL-Jeunes ne se contente pas du fait que des moyens soient mis dans la formation et l’accompagnement social mais également dans la création d’emplois. Ainsi, les entreprises doivent être rappelées à leur responsabilité de non seulement prendre des jeunes en apprentissage mais elles doivent aussi être incitées à offrir un emploi à durée indéterminée (CDI) aux jeunes au terme de leur formation.</p>
<p><strong>Une vraie garantie pour la jeunesse doit déboucher sur des emplois décents et de qualité pour tous les jeunes. L’emploi des jeunes est un grand défi national. L’avenir de notre pays en dépend! </strong></p>
<p><strong>Communiqué par le Département Jeunes de l’OGBL<br />
le 16 juin 2014</strong></p>

<!-- This site is optimized with the Yoast SEO plugin v23.1 - https://yoast.com/wordpress/plugins/seo/ -->
<title>L’OGBL-Jeunes prend position sur la «garantie jeunes» - OGBL</title>
<meta name="robots" content="index, follow, max-snippet:-1, max-image-preview:large, max-video-preview:-1" />
<link rel="canonical" href="https://www.ogbl.lu/communique/logbl-jeunes-prend-position-sur-la-garantie-jeunes/" />
<meta property="og:locale" content="en_US" />
<meta property="og:type" content="article" />
<meta property="og:title" content="[:fr]L’OGBL-Jeunes prend position sur la «garantie jeunes»[:de]Die OGBL-Jugend nimmt Stellung zur Jugendgarantie[:en]L’OGBL-Jeunes prend position sur la «garantie jeunes»[:] - OGBL" />
<meta property="og:description" content="La France qui a lancé son programme «Garantie Jeunes» à la fin de l’année dernière, est le premier pays à …" />
<meta property="og:url" content="https://www.ogbl.lu/communique/logbl-jeunes-prend-position-sur-la-garantie-jeunes/" />
<meta property="og:site_name" content="OGBL" />
<meta property="article:modified_time" content="2023-06-30T11:37:47+00:00" />
<meta name="twitter:card" content="summary_large_image" />
<meta name="twitter:label1" content="Est. reading time" />
	<meta name="twitter:data1" content="4 minutes" />
<script type="application/ld+json" class="yoast-schema-graph">{"@context":"https://schema.org","@graph":[{"@type":"WebPage","@id":"https://www.ogbl.lu/communique/logbl-jeunes-prend-position-sur-la-garantie-jeunes/","url":"https://www.ogbl.lu/communique/logbl-jeunes-prend-position-sur-la-garantie-jeunes/","name":"[:fr]L’OGBL-Jeunes prend position sur la «garantie jeunes»[:de]Die OGBL-Jugend nimmt Stellung zur Jugendgarantie[:en]L’OGBL-Jeunes prend position sur la «garantie jeunes»[:] - OGBL","isPartOf":{"@id":"https://www.ogbl.lu/de/#website"},"datePublished":"2014-06-16T10:23:50+00:00","dateModified":"2023-06-30T11:37:47+00:00","breadcrumb":{"@id":"https://www.ogbl.lu/communique/logbl-jeunes-prend-position-sur-la-garantie-jeunes/#breadcrumb"},"inLanguage":"en-US","potentialAction":[{"@type":"ReadAction","target":["https://www.ogbl.lu/communique/logbl-jeunes-prend-position-sur-la-garantie-jeunes/"]}]},{"@type":"BreadcrumbList","@id":"https://www.ogbl.lu/communique/logbl-jeunes-prend-position-sur-la-garantie-jeunes/#breadcrumb","itemListElement":[{"@type":"ListItem","position":1,"name":"Home","item":"https://www.ogbl.lu/"},{"@type":"ListItem","position":2,"name":"L’OGBL-Jeunes prend position sur la «garantie jeunes»"}]},{"@type":"WebSite","@id":"https://www.ogbl.lu/de/#website","url":"https://www.ogbl.lu/de/","name":"OGBL","description":"THE TRADE UNION","publisher":{"@id":"https://www.ogbl.lu/de/#organization"},"potentialAction":[{"@type":"SearchAction","target":{"@type":"EntryPoint","urlTemplate":"https://www.ogbl.lu/de/?s={search_term_string}"},"query-input":"required name=search_term_string"}],"inLanguage":"en-US"},{"@type":"Organization","@id":"https://www.ogbl.lu/de/#organization","name":"OGBL","url":"https://www.ogbl.lu/de/","logo":{"@type":"ImageObject","inLanguage":"en-US","@id":"https://www.ogbl.lu/de/#/schema/logo/image/","url":"https://www.ogbl.lu/wp-content/uploads/2024/07/LOGO_Red_FR-svg.png","contentUrl":"https://www.ogbl.lu/wp-content/uploads/2024/07/LOGO_Red_FR-svg.png","width":369,"height":171,"caption":"OGBL"},"image":{"@id":"https://www.ogbl.lu/de/#/schema/logo/image/"}}]}</script>
<!-- / Yoast SEO plugin. -->

La France qui a lancé son programme «Garantie Jeunes» à la fin de l’année dernière, est le premier pays à …
