{"id":1675,"date":"2014-03-31T10:57:48","date_gmt":"2014-03-31T08:57:48","guid":{"rendered":"https:\/\/www.ogbl.lu\/communiques\/ogbl-jeunes-represente-lors-du-hearing-jeunes-et-emploi-a-la-chambre-des-deputes-le-27-mars-2014"},"modified":"2023-06-30T13:48:13","modified_gmt":"2023-06-30T11:48:13","slug":"ogbl-jeunes-represente-lors-du-hearing-jeunes-et-emploi-a-la-chambre-des-deputes-le-27-mars-2014","status":"publish","type":"communiques","link":"https:\/\/www.ogbl.lu\/en\/communique\/ogbl-jeunes-represente-lors-du-hearing-jeunes-et-emploi-a-la-chambre-des-deputes-le-27-mars-2014\/","title":{"rendered":"OGBL-Jeunes repr\u00e9sent\u00e9 lors du hearing &#8220;jeunes et emploi&#8221; \u00e0 la Chambre des D\u00e9put\u00e9s le 27 mars 2014"},"content":{"rendered":"<p class=\"qtranxs-available-languages-message qtranxs-available-languages-message-en\"> <\/p><p>Dans le cadre de sa campagne \u00abjeunes et emploi\u00bb, la Conf\u00e9rence g\u00e9n\u00e9rale de la Jeunesse du Luxembourg (CGJL) avait invit\u00e9 \u00e0 un \u00abhearing\u00bb, \u00e0 la Chambre des D\u00e9put\u00e9s, le 27 mars lors duquel les organisations de jeunesse avaient l\u2019opportunit\u00e9 d\u2019exposer leurs positions. La pr\u00e9sentation \u00e9tait suivie d\u2019une discussion avec les mandataires politiques pr\u00e9sents. OGBL-Jeunes \u00e9tait repr\u00e9sent\u00e9 par Stefano Araujo qui soulignait que de nombreux jeunes se retrouvent au ch\u00f4mage ou dans des emplois pr\u00e9caires (CDD, stages non-r\u00e9mun\u00e9r\u00e9s, contrats d\u2019int\u00e9rimaire) et que l\u2019OGBL refuse dans ce contexte une nouvelle extension des CDD sous couvert de r\u00e9ponse \u00e0 des sp\u00e9cificit\u00e9s du march\u00e9 de l\u2019emploi. Une telle extension ne fera que renforcer cette pr\u00e9carit\u00e9 et n\u2019aura aucun impact positif sur l\u2019emploi des jeunes. La pr\u00e9carit\u00e9 de l\u2019emploi est d\u2019autant plus pr\u00e9occupante qu\u2019elle a des cons\u00e9quences n\u00e9gatives sur l\u2019insertion sociale.<\/p>","protected":false},"author":1,"featured_media":0,"template":"","categorie_communiques":[132,41],"syndicat":[120],"acf":[],"yoast_head":"<!-- This site is optimized with the Yoast SEO plugin v23.1 - https:\/\/yoast.com\/wordpress\/plugins\/seo\/ -->\r\n<title>OGBL-Jeunes repr\u00e9sent\u00e9 lors du hearing &quot;jeunes et emploi&quot; \u00e0 la Chambre des D\u00e9put\u00e9s le 27 mars 2014 - OGBL<\/title>\r\n<meta name=\"robots\" content=\"index, follow, max-snippet:-1, max-image-preview:large, max-video-preview:-1\" \/>\r\n<link rel=\"canonical\" href=\"https:\/\/www.ogbl.lu\/communique\/ogbl-jeunes-represente-lors-du-hearing-jeunes-et-emploi-a-la-chambre-des-deputes-le-27-mars-2014\/\" \/>\r\n<meta property=\"og:locale\" content=\"en_US\" \/>\r\n<meta property=\"og:type\" content=\"article\" \/>\r\n<meta property=\"og:title\" content=\"[:fr]OGBL-Jeunes repr\u00e9sent\u00e9 lors du hearing &quot;jeunes et emploi&quot; \u00e0 la Chambre des D\u00e9put\u00e9s le 27 mars 2014[:de]OGBL-Jugend bei einem Hearing \u201eJugend und Arbeit\u201c am 27. M\u00e4rz 2014 in der Abgeordnetenkammer vertreten   [:en]OGBL-Jeunes repr\u00e9sent\u00e9 lors du hearing &quot;jeunes et emploi&quot; \u00e0 la Chambre des D\u00e9put\u00e9s le 27 mars 2014[:] - OGBL\" \/>\r\n<meta property=\"og:description\" content=\"Dans le cadre de sa campagne \u00abjeunes et emploi\u00bb, la Conf\u00e9rence g\u00e9n\u00e9rale de la Jeunesse du Luxembourg (CGJL) avait invit\u00e9 \u2026\" \/>\r\n<meta property=\"og:url\" content=\"https:\/\/www.ogbl.lu\/communique\/ogbl-jeunes-represente-lors-du-hearing-jeunes-et-emploi-a-la-chambre-des-deputes-le-27-mars-2014\/\" \/>\r\n<meta property=\"og:site_name\" content=\"OGBL\" \/>\r\n<meta property=\"article:modified_time\" content=\"2023-06-30T11:48:13+00:00\" \/>\r\n<meta name=\"twitter:card\" content=\"summary_large_image\" \/>\r\n<meta name=\"twitter:label1\" content=\"Est. reading time\" \/>\n\t<meta name=\"twitter:data1\" content=\"2 minutes\" \/>\r\n<script type=\"application\/ld+json\" class=\"yoast-schema-graph\">{\"@context\":\"https:\/\/schema.org\",\"@graph\":[{\"@type\":\"WebPage\",\"@id\":\"https:\/\/www.ogbl.lu\/communique\/ogbl-jeunes-represente-lors-du-hearing-jeunes-et-emploi-a-la-chambre-des-deputes-le-27-mars-2014\/\",\"url\":\"https:\/\/www.ogbl.lu\/communique\/ogbl-jeunes-represente-lors-du-hearing-jeunes-et-emploi-a-la-chambre-des-deputes-le-27-mars-2014\/\",\"name\":\"[:fr]OGBL-Jeunes repr\u00e9sent\u00e9 lors du hearing \\\"jeunes et emploi\\\" \u00e0 la Chambre des D\u00e9put\u00e9s le 27 mars 2014[:de]OGBL-Jugend bei einem Hearing \u201eJugend und Arbeit\u201c am 27. M\u00e4rz 2014 in der Abgeordnetenkammer vertreten [:en]OGBL-Jeunes repr\u00e9sent\u00e9 lors du hearing \\\"jeunes et emploi\\\" \u00e0 la Chambre des D\u00e9put\u00e9s le 27 mars 2014[:] - OGBL\",\"isPartOf\":{\"@id\":\"https:\/\/www.ogbl.lu\/de\/#website\"},\"datePublished\":\"2014-03-31T08:57:48+00:00\",\"dateModified\":\"2023-06-30T11:48:13+00:00\",\"breadcrumb\":{\"@id\":\"https:\/\/www.ogbl.lu\/communique\/ogbl-jeunes-represente-lors-du-hearing-jeunes-et-emploi-a-la-chambre-des-deputes-le-27-mars-2014\/#breadcrumb\"},\"inLanguage\":\"en-US\",\"potentialAction\":[{\"@type\":\"ReadAction\",\"target\":[\"https:\/\/www.ogbl.lu\/communique\/ogbl-jeunes-represente-lors-du-hearing-jeunes-et-emploi-a-la-chambre-des-deputes-le-27-mars-2014\/\"]}]},{\"@type\":\"BreadcrumbList\",\"@id\":\"https:\/\/www.ogbl.lu\/communique\/ogbl-jeunes-represente-lors-du-hearing-jeunes-et-emploi-a-la-chambre-des-deputes-le-27-mars-2014\/#breadcrumb\",\"itemListElement\":[{\"@type\":\"ListItem\",\"position\":1,\"name\":\"Home\",\"item\":\"https:\/\/www.ogbl.lu\/\"},{\"@type\":\"ListItem\",\"position\":2,\"name\":\"OGBL-Jeunes repr\u00e9sent\u00e9 lors du hearing &#8220;jeunes et emploi&#8221; \u00e0 la Chambre des D\u00e9put\u00e9s le 27 mars 2014\"}]},{\"@type\":\"WebSite\",\"@id\":\"https:\/\/www.ogbl.lu\/de\/#website\",\"url\":\"https:\/\/www.ogbl.lu\/de\/\",\"name\":\"OGBL\",\"description\":\"THE TRADE UNION\",\"publisher\":{\"@id\":\"https:\/\/www.ogbl.lu\/de\/#organization\"},\"potentialAction\":[{\"@type\":\"SearchAction\",\"target\":{\"@type\":\"EntryPoint\",\"urlTemplate\":\"https:\/\/www.ogbl.lu\/de\/?s={search_term_string}\"},\"query-input\":\"required name=search_term_string\"}],\"inLanguage\":\"en-US\"},{\"@type\":\"Organization\",\"@id\":\"https:\/\/www.ogbl.lu\/de\/#organization\",\"name\":\"OGBL\",\"url\":\"https:\/\/www.ogbl.lu\/de\/\",\"logo\":{\"@type\":\"ImageObject\",\"inLanguage\":\"en-US\",\"@id\":\"https:\/\/www.ogbl.lu\/de\/#\/schema\/logo\/image\/\",\"url\":\"https:\/\/www.ogbl.lu\/wp-content\/uploads\/2024\/07\/LOGO_Red_FR-svg.png\",\"contentUrl\":\"https:\/\/www.ogbl.lu\/wp-content\/uploads\/2024\/07\/LOGO_Red_FR-svg.png\",\"width\":369,\"height\":171,\"caption\":\"OGBL\"},\"image\":{\"@id\":\"https:\/\/www.ogbl.lu\/de\/#\/schema\/logo\/image\/\"}}]}<\/script>\r\n<!-- \/ Yoast SEO plugin. -->","yoast_head_json":{"title":"[:fr]OGBL-Jeunes repr\u00e9sent\u00e9 lors du hearing \"jeunes et emploi\" \u00e0 la Chambre des D\u00e9put\u00e9s le 27 mars 2014[:de]OGBL-Jugend bei einem Hearing \u201eJugend und Arbeit\u201c am 27. M\u00e4rz 2014 in der Abgeordnetenkammer vertreten   [:en]OGBL-Jeunes repr\u00e9sent\u00e9 lors du hearing \"jeunes et emploi\" \u00e0 la Chambre des D\u00e9put\u00e9s le 27 mars 2014[:] - OGBL","robots":{"index":"index","follow":"follow","max-snippet":"max-snippet:-1","max-image-preview":"max-image-preview:large","max-video-preview":"max-video-preview:-1"},"canonical":"https:\/\/www.ogbl.lu\/communique\/ogbl-jeunes-represente-lors-du-hearing-jeunes-et-emploi-a-la-chambre-des-deputes-le-27-mars-2014\/","og_locale":"en_US","og_type":"article","og_title":"[:fr]OGBL-Jeunes repr\u00e9sent\u00e9 lors du hearing \"jeunes et emploi\" \u00e0 la Chambre des D\u00e9put\u00e9s le 27 mars 2014[:de]OGBL-Jugend bei einem Hearing \u201eJugend und Arbeit\u201c am 27. M\u00e4rz 2014 in der Abgeordnetenkammer vertreten   [:en]OGBL-Jeunes repr\u00e9sent\u00e9 lors du hearing \"jeunes et emploi\" \u00e0 la Chambre des D\u00e9put\u00e9s le 27 mars 2014[:] - OGBL","og_description":"Dans le cadre de sa campagne \u00abjeunes et emploi\u00bb, la Conf\u00e9rence g\u00e9n\u00e9rale de la Jeunesse du Luxembourg (CGJL) avait invit\u00e9 \u2026","og_url":"https:\/\/www.ogbl.lu\/communique\/ogbl-jeunes-represente-lors-du-hearing-jeunes-et-emploi-a-la-chambre-des-deputes-le-27-mars-2014\/","og_site_name":"OGBL","article_modified_time":"2023-06-30T11:48:13+00:00","twitter_card":"summary_large_image","twitter_misc":{"Est. reading time":"2 minutes"},"schema":{"@context":"https:\/\/schema.org","@graph":[{"@type":"WebPage","@id":"https:\/\/www.ogbl.lu\/communique\/ogbl-jeunes-represente-lors-du-hearing-jeunes-et-emploi-a-la-chambre-des-deputes-le-27-mars-2014\/","url":"https:\/\/www.ogbl.lu\/communique\/ogbl-jeunes-represente-lors-du-hearing-jeunes-et-emploi-a-la-chambre-des-deputes-le-27-mars-2014\/","name":"[:fr]OGBL-Jeunes repr\u00e9sent\u00e9 lors du hearing \"jeunes et emploi\" \u00e0 la Chambre des D\u00e9put\u00e9s le 27 mars 2014[:de]OGBL-Jugend bei einem Hearing \u201eJugend und Arbeit\u201c am 27. M\u00e4rz 2014 in der Abgeordnetenkammer vertreten [:en]OGBL-Jeunes repr\u00e9sent\u00e9 lors du hearing \"jeunes et emploi\" \u00e0 la Chambre des D\u00e9put\u00e9s le 27 mars 2014[:] - OGBL","isPartOf":{"@id":"https:\/\/www.ogbl.lu\/de\/#website"},"datePublished":"2014-03-31T08:57:48+00:00","dateModified":"2023-06-30T11:48:13+00:00","breadcrumb":{"@id":"https:\/\/www.ogbl.lu\/communique\/ogbl-jeunes-represente-lors-du-hearing-jeunes-et-emploi-a-la-chambre-des-deputes-le-27-mars-2014\/#breadcrumb"},"inLanguage":"en-US","potentialAction":[{"@type":"ReadAction","target":["https:\/\/www.ogbl.lu\/communique\/ogbl-jeunes-represente-lors-du-hearing-jeunes-et-emploi-a-la-chambre-des-deputes-le-27-mars-2014\/"]}]},{"@type":"BreadcrumbList","@id":"https:\/\/www.ogbl.lu\/communique\/ogbl-jeunes-represente-lors-du-hearing-jeunes-et-emploi-a-la-chambre-des-deputes-le-27-mars-2014\/#breadcrumb","itemListElement":[{"@type":"ListItem","position":1,"name":"Home","item":"https:\/\/www.ogbl.lu\/"},{"@type":"ListItem","position":2,"name":"OGBL-Jeunes repr\u00e9sent\u00e9 lors du hearing &#8220;jeunes et emploi&#8221; \u00e0 la Chambre des D\u00e9put\u00e9s le 27 mars 2014"}]},{"@type":"WebSite","@id":"https:\/\/www.ogbl.lu\/de\/#website","url":"https:\/\/www.ogbl.lu\/de\/","name":"OGBL","description":"THE TRADE UNION","publisher":{"@id":"https:\/\/www.ogbl.lu\/de\/#organization"},"potentialAction":[{"@type":"SearchAction","target":{"@type":"EntryPoint","urlTemplate":"https:\/\/www.ogbl.lu\/de\/?s={search_term_string}"},"query-input":"required name=search_term_string"}],"inLanguage":"en-US"},{"@type":"Organization","@id":"https:\/\/www.ogbl.lu\/de\/#organization","name":"OGBL","url":"https:\/\/www.ogbl.lu\/de\/","logo":{"@type":"ImageObject","inLanguage":"en-US","@id":"https:\/\/www.ogbl.lu\/de\/#\/schema\/logo\/image\/","url":"https:\/\/www.ogbl.lu\/wp-content\/uploads\/2024\/07\/LOGO_Red_FR-svg.png","contentUrl":"https:\/\/www.ogbl.lu\/wp-content\/uploads\/2024\/07\/LOGO_Red_FR-svg.png","width":369,"height":171,"caption":"OGBL"},"image":{"@id":"https:\/\/www.ogbl.lu\/de\/#\/schema\/logo\/image\/"}}]}},"_links":{"self":[{"href":"https:\/\/www.ogbl.lu\/en\/wp-json\/wp\/v2\/communiques\/1675"}],"collection":[{"href":"https:\/\/www.ogbl.lu\/en\/wp-json\/wp\/v2\/communiques"}],"about":[{"href":"https:\/\/www.ogbl.lu\/en\/wp-json\/wp\/v2\/types\/communiques"}],"author":[{"embeddable":true,"href":"https:\/\/www.ogbl.lu\/en\/wp-json\/wp\/v2\/users\/1"}],"version-history":[{"count":0,"href":"https:\/\/www.ogbl.lu\/en\/wp-json\/wp\/v2\/communiques\/1675\/revisions"}],"wp:attachment":[{"href":"https:\/\/www.ogbl.lu\/en\/wp-json\/wp\/v2\/media?parent=1675"}],"wp:term":[{"taxonomy":"categorie_communiques","embeddable":true,"href":"https:\/\/www.ogbl.lu\/en\/wp-json\/wp\/v2\/categorie_communiques?post=1675"},{"taxonomy":"syndicat","embeddable":true,"href":"https:\/\/www.ogbl.lu\/en\/wp-json\/wp\/v2\/syndicat?post=1675"}],"curies":[{"name":"wp","href":"https:\/\/api.w.org\/{rel}","templated":true}]}}

OGBL-Jeunes représenté lors du hearing &#8220;jeunes et emploi&#8221; à la Chambre des Députés le 27 mars 2014

<p class="qtranxs-available-languages-message qtranxs-available-languages-message-en"> </p><p>Dans le cadre de sa campagne «jeunes et emploi», la Conférence générale de la Jeunesse du Luxembourg (CGJL) avait invité à un «hearing», à la Chambre des Députés, le 27 mars lors duquel les organisations de jeunesse avaient l’opportunité d’exposer leurs positions. La présentation était suivie d’une discussion avec les mandataires politiques présents. OGBL-Jeunes était représenté par Stefano Araujo qui soulignait que de nombreux jeunes se retrouvent au chômage ou dans des emplois précaires (CDD, stages non-rémunérés, contrats d’intérimaire) et que l’OGBL refuse dans ce contexte une nouvelle extension des CDD sous couvert de réponse à des spécificités du marché de l’emploi. Une telle extension ne fera que renforcer cette précarité et n’aura aucun impact positif sur l’emploi des jeunes. La précarité de l’emploi est d’autant plus préoccupante qu’elle a des conséquences négatives sur l’insertion sociale.</p>

<!-- This site is optimized with the Yoast SEO plugin v23.1 - https://yoast.com/wordpress/plugins/seo/ -->
<title>OGBL-Jeunes représenté lors du hearing &quot;jeunes et emploi&quot; à la Chambre des Députés le 27 mars 2014 - OGBL</title>
<meta name="robots" content="index, follow, max-snippet:-1, max-image-preview:large, max-video-preview:-1" />
<link rel="canonical" href="https://www.ogbl.lu/communique/ogbl-jeunes-represente-lors-du-hearing-jeunes-et-emploi-a-la-chambre-des-deputes-le-27-mars-2014/" />
<meta property="og:locale" content="en_US" />
<meta property="og:type" content="article" />
<meta property="og:title" content="[:fr]OGBL-Jeunes représenté lors du hearing &quot;jeunes et emploi&quot; à la Chambre des Députés le 27 mars 2014[:de]OGBL-Jugend bei einem Hearing „Jugend und Arbeit“ am 27. März 2014 in der Abgeordnetenkammer vertreten   [:en]OGBL-Jeunes représenté lors du hearing &quot;jeunes et emploi&quot; à la Chambre des Députés le 27 mars 2014[:] - OGBL" />
<meta property="og:description" content="Dans le cadre de sa campagne «jeunes et emploi», la Conférence générale de la Jeunesse du Luxembourg (CGJL) avait invité …" />
<meta property="og:url" content="https://www.ogbl.lu/communique/ogbl-jeunes-represente-lors-du-hearing-jeunes-et-emploi-a-la-chambre-des-deputes-le-27-mars-2014/" />
<meta property="og:site_name" content="OGBL" />
<meta property="article:modified_time" content="2023-06-30T11:48:13+00:00" />
<meta name="twitter:card" content="summary_large_image" />
<meta name="twitter:label1" content="Est. reading time" />
	<meta name="twitter:data1" content="2 minutes" />
<script type="application/ld+json" class="yoast-schema-graph">{"@context":"https://schema.org","@graph":[{"@type":"WebPage","@id":"https://www.ogbl.lu/communique/ogbl-jeunes-represente-lors-du-hearing-jeunes-et-emploi-a-la-chambre-des-deputes-le-27-mars-2014/","url":"https://www.ogbl.lu/communique/ogbl-jeunes-represente-lors-du-hearing-jeunes-et-emploi-a-la-chambre-des-deputes-le-27-mars-2014/","name":"[:fr]OGBL-Jeunes représenté lors du hearing \"jeunes et emploi\" à la Chambre des Députés le 27 mars 2014[:de]OGBL-Jugend bei einem Hearing „Jugend und Arbeit“ am 27. März 2014 in der Abgeordnetenkammer vertreten [:en]OGBL-Jeunes représenté lors du hearing \"jeunes et emploi\" à la Chambre des Députés le 27 mars 2014[:] - OGBL","isPartOf":{"@id":"https://www.ogbl.lu/de/#website"},"datePublished":"2014-03-31T08:57:48+00:00","dateModified":"2023-06-30T11:48:13+00:00","breadcrumb":{"@id":"https://www.ogbl.lu/communique/ogbl-jeunes-represente-lors-du-hearing-jeunes-et-emploi-a-la-chambre-des-deputes-le-27-mars-2014/#breadcrumb"},"inLanguage":"en-US","potentialAction":[{"@type":"ReadAction","target":["https://www.ogbl.lu/communique/ogbl-jeunes-represente-lors-du-hearing-jeunes-et-emploi-a-la-chambre-des-deputes-le-27-mars-2014/"]}]},{"@type":"BreadcrumbList","@id":"https://www.ogbl.lu/communique/ogbl-jeunes-represente-lors-du-hearing-jeunes-et-emploi-a-la-chambre-des-deputes-le-27-mars-2014/#breadcrumb","itemListElement":[{"@type":"ListItem","position":1,"name":"Home","item":"https://www.ogbl.lu/"},{"@type":"ListItem","position":2,"name":"OGBL-Jeunes représenté lors du hearing &#8220;jeunes et emploi&#8221; à la Chambre des Députés le 27 mars 2014"}]},{"@type":"WebSite","@id":"https://www.ogbl.lu/de/#website","url":"https://www.ogbl.lu/de/","name":"OGBL","description":"THE TRADE UNION","publisher":{"@id":"https://www.ogbl.lu/de/#organization"},"potentialAction":[{"@type":"SearchAction","target":{"@type":"EntryPoint","urlTemplate":"https://www.ogbl.lu/de/?s={search_term_string}"},"query-input":"required name=search_term_string"}],"inLanguage":"en-US"},{"@type":"Organization","@id":"https://www.ogbl.lu/de/#organization","name":"OGBL","url":"https://www.ogbl.lu/de/","logo":{"@type":"ImageObject","inLanguage":"en-US","@id":"https://www.ogbl.lu/de/#/schema/logo/image/","url":"https://www.ogbl.lu/wp-content/uploads/2024/07/LOGO_Red_FR-svg.png","contentUrl":"https://www.ogbl.lu/wp-content/uploads/2024/07/LOGO_Red_FR-svg.png","width":369,"height":171,"caption":"OGBL"},"image":{"@id":"https://www.ogbl.lu/de/#/schema/logo/image/"}}]}</script>
<!-- / Yoast SEO plugin. -->

[:fr]OGBL-Jeunes représenté lors du hearing "jeunes et emploi" à la Chambre des Députés le 27 mars 2014[:de]OGBL-Jugend bei einem Hearing „Jugend und Arbeit“ am 27. März 2014 in der Abgeordnetenkammer vertreten   [:en]OGBL-Jeunes représenté lors du hearing "jeunes et emploi" à la Chambre des Députés le 27 mars 2014[:] - OGBL

Dans le cadre de sa campagne «jeunes et emploi», la Conférence générale de la Jeunesse du Luxembourg (CGJL) avait invité …

[:fr]OGBL-Jeunes représenté lors du hearing "jeunes et emploi" à la Chambre des Députés le 27 mars 2014[:de]OGBL-Jugend bei einem Hearing „Jugend und Arbeit“ am 27. März 2014 in der Abgeordnetenkammer vertreten [:en]OGBL-Jeunes représenté lors du hearing "jeunes et emploi" à la Chambre des Députés le 27 mars 2014[:] - OGBL
