{"id":1576,"date":"2013-10-01T12:14:52","date_gmt":"2013-10-01T10:14:52","guid":{"rendered":"https:\/\/www.ogbl.lu\/communiques\/des-journees-de-travail-de-22-heures-ne-sont-plus-dactualite"},"modified":"2023-05-23T19:44:16","modified_gmt":"2023-05-23T17:44:16","slug":"des-journees-de-travail-de-22-heures-ne-sont-plus-dactualite","status":"publish","type":"communiques","link":"https:\/\/www.ogbl.lu\/en\/communique\/des-journees-de-travail-de-22-heures-ne-sont-plus-dactualite\/","title":{"rendered":"Des journ\u00e9es de travail de 22 heures ne sont plus d\u2019actualit\u00e9"},"content":{"rendered":"<p class=\"qtranxs-available-languages-message qtranxs-available-languages-message-en\"> <\/p><p><img loading=\"lazy\" decoding=\"async\" class=\"alignleft size-full wp-image-14438\" alt=\"pilote\" src=\"https:\/\/www.ogbl.lu\/wp-content\/uploads\/communiques\/pilote.jpg\" width=\"150\" height=\"150\" \/> Le Syndicat Aviation civile de l\u2019OGBL salue la d\u00e9cision prise en date du 30 septembre 2013 par les membres de la Commission Transports du Parlement europ\u00e9en qui ont, par le biais d\u2019une r\u00e9solution, rejet\u00e9 majoritairement (21 voix pour, 13 voix contre) la proposition de la Commission europ\u00e9enne visant une nette d\u00e9gradation des limitations du temps de vol des agents de cabine et des pilotes.<\/p>\n<p>Les propositions de texte de la Commission europ\u00e9enne, soutenues notamment par le Royaume-Uni et par l\u2019Irlande, auraient permis des journ\u00e9es de travail allant jusqu\u2019\u00e0 22 heures. Selon la r\u00e9glementation actuelle, des journ\u00e9es de travail allant jusqu\u2019\u00e0 18 heures sont possibles. Plusieurs experts scientifiques ont mis en garde contre le projet de la Commission et ont rendu attentifs aux probl\u00e8mes de sant\u00e9 li\u00e9s \u00e0 la fatigue excessive \u00e0 laquelle le personnel navigant aurait \u00e9t\u00e9 expos\u00e9e.<\/p>\n<p>Le vote de la Commission Transports du Parlement europ\u00e9en est clairement un vote en faveur de la s\u00e9curit\u00e9 du personnel navigant et des passagers.<\/p>\n<p>Dans une prochaine \u00e9tape, la r\u00e9solution adopt\u00e9e par la Commission Transports sera soumise au vote d\u2019une session pl\u00e9niaire du Parlement europ\u00e9en, et cela probablement dans la semaine du 21 octobre 2013.<\/p>\n<p>L\u2019OGBL a soutenu activement les efforts men\u00e9s par l\u2019ETF (European Transport Workers\u2019 Federation) pour contrecarrer les plans de la Commission visant une d\u00e9gradation des conditions de travail du personnel navigant. Dans ce contexte, l\u2019OGBL est intervenu aupr\u00e8s des six d\u00e9put\u00e9s europ\u00e9ens luxembourgeois en date du 6 septembre 2013 pour les sensibiliser \u00e0 la probl\u00e9matique.<\/p>\n<p><strong>Communiqu\u00e9 par le Syndicat Aviation civile de l\u2019OGBL<br \/>\nle 1er octobre 2013<\/strong><\/p>","protected":false},"author":1,"featured_media":4336,"template":"","categorie_communiques":[44],"syndicat":[68],"acf":[],"yoast_head":"<!-- This site is optimized with the Yoast SEO plugin v23.1 - https:\/\/yoast.com\/wordpress\/plugins\/seo\/ -->\r\n<title><\/title>\r\n<meta name=\"robots\" content=\"index, follow, max-snippet:-1, max-image-preview:large, max-video-preview:-1\" \/>\r\n<link rel=\"canonical\" href=\"https:\/\/www.ogbl.lu\/communique\/des-journees-de-travail-de-22-heures-ne-sont-plus-dactualite\/\" \/>\r\n<meta property=\"og:locale\" content=\"en_US\" \/>\r\n<meta property=\"og:type\" content=\"article\" \/>\r\n<meta property=\"og:title\" content=\"[:fr]Des journ\u00e9es de travail de 22 heures ne sont plus d\u2019actualit\u00e9[:de]Arbeitstage von 22 Stunden vorerst vom Tisch[:] - OGBL\" \/>\r\n<meta property=\"og:description\" content=\"Le Syndicat Aviation civile de l\u2019OGBL salue la d\u00e9cision prise en date du 30 septembre 2013 par les membres de \u2026\" \/>\r\n<meta property=\"og:url\" content=\"https:\/\/www.ogbl.lu\/communique\/des-journees-de-travail-de-22-heures-ne-sont-plus-dactualite\/\" \/>\r\n<meta property=\"og:site_name\" content=\"OGBL\" \/>\r\n<meta property=\"article:modified_time\" content=\"2023-05-23T17:44:16+00:00\" \/>\r\n<meta property=\"og:image\" content=\"https:\/\/www.ogbl.lu\/wp-content\/uploads\/2013\/10\/pilote.jpg\" \/>\r\n\t<meta property=\"og:image:width\" content=\"150\" \/>\r\n\t<meta property=\"og:image:height\" content=\"150\" \/>\r\n\t<meta property=\"og:image:type\" content=\"image\/jpeg\" \/>\r\n<meta name=\"twitter:card\" content=\"summary_large_image\" \/>\r\n<meta name=\"twitter:label1\" content=\"Est. reading time\" \/>\n\t<meta name=\"twitter:data1\" content=\"2 minutes\" \/>\r\n<script type=\"application\/ld+json\" class=\"yoast-schema-graph\">{\"@context\":\"https:\/\/schema.org\",\"@graph\":[{\"@type\":\"WebPage\",\"@id\":\"https:\/\/www.ogbl.lu\/communique\/des-journees-de-travail-de-22-heures-ne-sont-plus-dactualite\/\",\"url\":\"https:\/\/www.ogbl.lu\/communique\/des-journees-de-travail-de-22-heures-ne-sont-plus-dactualite\/\",\"name\":\"[:fr]Des journ\u00e9es de travail de 22 heures ne sont plus d\u2019actualit\u00e9[:de]Arbeitstage von 22 Stunden vorerst vom Tisch[:] - OGBL\",\"isPartOf\":{\"@id\":\"https:\/\/www.ogbl.lu\/de\/#website\"},\"primaryImageOfPage\":{\"@id\":\"https:\/\/www.ogbl.lu\/communique\/des-journees-de-travail-de-22-heures-ne-sont-plus-dactualite\/#primaryimage\"},\"image\":{\"@id\":\"https:\/\/www.ogbl.lu\/communique\/des-journees-de-travail-de-22-heures-ne-sont-plus-dactualite\/#primaryimage\"},\"thumbnailUrl\":\"https:\/\/www.ogbl.lu\/wp-content\/uploads\/2013\/10\/pilote.jpg\",\"datePublished\":\"2013-10-01T10:14:52+00:00\",\"dateModified\":\"2023-05-23T17:44:16+00:00\",\"breadcrumb\":{\"@id\":\"https:\/\/www.ogbl.lu\/communique\/des-journees-de-travail-de-22-heures-ne-sont-plus-dactualite\/#breadcrumb\"},\"inLanguage\":\"en-US\",\"potentialAction\":[{\"@type\":\"ReadAction\",\"target\":[\"https:\/\/www.ogbl.lu\/communique\/des-journees-de-travail-de-22-heures-ne-sont-plus-dactualite\/\"]}]},{\"@type\":\"ImageObject\",\"inLanguage\":\"en-US\",\"@id\":\"https:\/\/www.ogbl.lu\/communique\/des-journees-de-travail-de-22-heures-ne-sont-plus-dactualite\/#primaryimage\",\"url\":\"https:\/\/www.ogbl.lu\/wp-content\/uploads\/2013\/10\/pilote.jpg\",\"contentUrl\":\"https:\/\/www.ogbl.lu\/wp-content\/uploads\/2013\/10\/pilote.jpg\",\"width\":150,\"height\":150},{\"@type\":\"BreadcrumbList\",\"@id\":\"https:\/\/www.ogbl.lu\/communique\/des-journees-de-travail-de-22-heures-ne-sont-plus-dactualite\/#breadcrumb\",\"itemListElement\":[{\"@type\":\"ListItem\",\"position\":1,\"name\":\"Home\",\"item\":\"https:\/\/www.ogbl.lu\/\"},{\"@type\":\"ListItem\",\"position\":2,\"name\":\"Des journ\u00e9es de travail de 22 heures ne sont plus d\u2019actualit\u00e9\"}]},{\"@type\":\"WebSite\",\"@id\":\"https:\/\/www.ogbl.lu\/de\/#website\",\"url\":\"https:\/\/www.ogbl.lu\/de\/\",\"name\":\"OGBL\",\"description\":\"THE TRADE UNION\",\"publisher\":{\"@id\":\"https:\/\/www.ogbl.lu\/de\/#organization\"},\"potentialAction\":[{\"@type\":\"SearchAction\",\"target\":{\"@type\":\"EntryPoint\",\"urlTemplate\":\"https:\/\/www.ogbl.lu\/de\/?s={search_term_string}\"},\"query-input\":\"required name=search_term_string\"}],\"inLanguage\":\"en-US\"},{\"@type\":\"Organization\",\"@id\":\"https:\/\/www.ogbl.lu\/de\/#organization\",\"name\":\"OGBL\",\"url\":\"https:\/\/www.ogbl.lu\/de\/\",\"logo\":{\"@type\":\"ImageObject\",\"inLanguage\":\"en-US\",\"@id\":\"https:\/\/www.ogbl.lu\/de\/#\/schema\/logo\/image\/\",\"url\":\"https:\/\/www.ogbl.lu\/wp-content\/uploads\/2024\/07\/LOGO_Red_FR-svg.png\",\"contentUrl\":\"https:\/\/www.ogbl.lu\/wp-content\/uploads\/2024\/07\/LOGO_Red_FR-svg.png\",\"width\":369,\"height\":171,\"caption\":\"OGBL\"},\"image\":{\"@id\":\"https:\/\/www.ogbl.lu\/de\/#\/schema\/logo\/image\/\"}}]}<\/script>\r\n<!-- \/ Yoast SEO plugin. -->","yoast_head_json":{"title":"[:fr]Des journ\u00e9es de travail de 22 heures ne sont plus d\u2019actualit\u00e9[:de]Arbeitstage von 22 Stunden vorerst vom Tisch[:] - OGBL","robots":{"index":"index","follow":"follow","max-snippet":"max-snippet:-1","max-image-preview":"max-image-preview:large","max-video-preview":"max-video-preview:-1"},"canonical":"https:\/\/www.ogbl.lu\/communique\/des-journees-de-travail-de-22-heures-ne-sont-plus-dactualite\/","og_locale":"en_US","og_type":"article","og_title":"[:fr]Des journ\u00e9es de travail de 22 heures ne sont plus d\u2019actualit\u00e9[:de]Arbeitstage von 22 Stunden vorerst vom Tisch[:] - OGBL","og_description":"Le Syndicat Aviation civile de l\u2019OGBL salue la d\u00e9cision prise en date du 30 septembre 2013 par les membres de \u2026","og_url":"https:\/\/www.ogbl.lu\/communique\/des-journees-de-travail-de-22-heures-ne-sont-plus-dactualite\/","og_site_name":"OGBL","article_modified_time":"2023-05-23T17:44:16+00:00","og_image":[{"width":150,"height":150,"url":"https:\/\/www.ogbl.lu\/wp-content\/uploads\/2013\/10\/pilote.jpg","type":"image\/jpeg"}],"twitter_card":"summary_large_image","twitter_misc":{"Est. reading time":"2 minutes"},"schema":{"@context":"https:\/\/schema.org","@graph":[{"@type":"WebPage","@id":"https:\/\/www.ogbl.lu\/communique\/des-journees-de-travail-de-22-heures-ne-sont-plus-dactualite\/","url":"https:\/\/www.ogbl.lu\/communique\/des-journees-de-travail-de-22-heures-ne-sont-plus-dactualite\/","name":"[:fr]Des journ\u00e9es de travail de 22 heures ne sont plus d\u2019actualit\u00e9[:de]Arbeitstage von 22 Stunden vorerst vom Tisch[:] - OGBL","isPartOf":{"@id":"https:\/\/www.ogbl.lu\/de\/#website"},"primaryImageOfPage":{"@id":"https:\/\/www.ogbl.lu\/communique\/des-journees-de-travail-de-22-heures-ne-sont-plus-dactualite\/#primaryimage"},"image":{"@id":"https:\/\/www.ogbl.lu\/communique\/des-journees-de-travail-de-22-heures-ne-sont-plus-dactualite\/#primaryimage"},"thumbnailUrl":"https:\/\/www.ogbl.lu\/wp-content\/uploads\/2013\/10\/pilote.jpg","datePublished":"2013-10-01T10:14:52+00:00","dateModified":"2023-05-23T17:44:16+00:00","breadcrumb":{"@id":"https:\/\/www.ogbl.lu\/communique\/des-journees-de-travail-de-22-heures-ne-sont-plus-dactualite\/#breadcrumb"},"inLanguage":"en-US","potentialAction":[{"@type":"ReadAction","target":["https:\/\/www.ogbl.lu\/communique\/des-journees-de-travail-de-22-heures-ne-sont-plus-dactualite\/"]}]},{"@type":"ImageObject","inLanguage":"en-US","@id":"https:\/\/www.ogbl.lu\/communique\/des-journees-de-travail-de-22-heures-ne-sont-plus-dactualite\/#primaryimage","url":"https:\/\/www.ogbl.lu\/wp-content\/uploads\/2013\/10\/pilote.jpg","contentUrl":"https:\/\/www.ogbl.lu\/wp-content\/uploads\/2013\/10\/pilote.jpg","width":150,"height":150},{"@type":"BreadcrumbList","@id":"https:\/\/www.ogbl.lu\/communique\/des-journees-de-travail-de-22-heures-ne-sont-plus-dactualite\/#breadcrumb","itemListElement":[{"@type":"ListItem","position":1,"name":"Home","item":"https:\/\/www.ogbl.lu\/"},{"@type":"ListItem","position":2,"name":"Des journ\u00e9es de travail de 22 heures ne sont plus d\u2019actualit\u00e9"}]},{"@type":"WebSite","@id":"https:\/\/www.ogbl.lu\/de\/#website","url":"https:\/\/www.ogbl.lu\/de\/","name":"OGBL","description":"THE TRADE UNION","publisher":{"@id":"https:\/\/www.ogbl.lu\/de\/#organization"},"potentialAction":[{"@type":"SearchAction","target":{"@type":"EntryPoint","urlTemplate":"https:\/\/www.ogbl.lu\/de\/?s={search_term_string}"},"query-input":"required name=search_term_string"}],"inLanguage":"en-US"},{"@type":"Organization","@id":"https:\/\/www.ogbl.lu\/de\/#organization","name":"OGBL","url":"https:\/\/www.ogbl.lu\/de\/","logo":{"@type":"ImageObject","inLanguage":"en-US","@id":"https:\/\/www.ogbl.lu\/de\/#\/schema\/logo\/image\/","url":"https:\/\/www.ogbl.lu\/wp-content\/uploads\/2024\/07\/LOGO_Red_FR-svg.png","contentUrl":"https:\/\/www.ogbl.lu\/wp-content\/uploads\/2024\/07\/LOGO_Red_FR-svg.png","width":369,"height":171,"caption":"OGBL"},"image":{"@id":"https:\/\/www.ogbl.lu\/de\/#\/schema\/logo\/image\/"}}]}},"_links":{"self":[{"href":"https:\/\/www.ogbl.lu\/en\/wp-json\/wp\/v2\/communiques\/1576"}],"collection":[{"href":"https:\/\/www.ogbl.lu\/en\/wp-json\/wp\/v2\/communiques"}],"about":[{"href":"https:\/\/www.ogbl.lu\/en\/wp-json\/wp\/v2\/types\/communiques"}],"author":[{"embeddable":true,"href":"https:\/\/www.ogbl.lu\/en\/wp-json\/wp\/v2\/users\/1"}],"version-history":[{"count":0,"href":"https:\/\/www.ogbl.lu\/en\/wp-json\/wp\/v2\/communiques\/1576\/revisions"}],"wp:featuredmedia":[{"embeddable":true,"href":"https:\/\/www.ogbl.lu\/en\/wp-json\/wp\/v2\/media\/4336"}],"wp:attachment":[{"href":"https:\/\/www.ogbl.lu\/en\/wp-json\/wp\/v2\/media?parent=1576"}],"wp:term":[{"taxonomy":"categorie_communiques","embeddable":true,"href":"https:\/\/www.ogbl.lu\/en\/wp-json\/wp\/v2\/categorie_communiques?post=1576"},{"taxonomy":"syndicat","embeddable":true,"href":"https:\/\/www.ogbl.lu\/en\/wp-json\/wp\/v2\/syndicat?post=1576"}],"curies":[{"name":"wp","href":"https:\/\/api.w.org\/{rel}","templated":true}]}}

Des journées de travail de 22 heures ne sont plus d’actualité

<p class="qtranxs-available-languages-message qtranxs-available-languages-message-en"> </p><p><img loading="lazy" decoding="async" class="alignleft size-full wp-image-14438" alt="pilote" src="https://www.ogbl.lu/wp-content/uploads/communiques/pilote.jpg" width="150" height="150" /> Le Syndicat Aviation civile de l’OGBL salue la décision prise en date du 30 septembre 2013 par les membres de la Commission Transports du Parlement européen qui ont, par le biais d’une résolution, rejeté majoritairement (21 voix pour, 13 voix contre) la proposition de la Commission européenne visant une nette dégradation des limitations du temps de vol des agents de cabine et des pilotes.</p>
<p>Les propositions de texte de la Commission européenne, soutenues notamment par le Royaume-Uni et par l’Irlande, auraient permis des journées de travail allant jusqu’à 22 heures. Selon la réglementation actuelle, des journées de travail allant jusqu’à 18 heures sont possibles. Plusieurs experts scientifiques ont mis en garde contre le projet de la Commission et ont rendu attentifs aux problèmes de santé liés à la fatigue excessive à laquelle le personnel navigant aurait été exposée.</p>
<p>Le vote de la Commission Transports du Parlement européen est clairement un vote en faveur de la sécurité du personnel navigant et des passagers.</p>
<p>Dans une prochaine étape, la résolution adoptée par la Commission Transports sera soumise au vote d’une session pléniaire du Parlement européen, et cela probablement dans la semaine du 21 octobre 2013.</p>
<p>L’OGBL a soutenu activement les efforts menés par l’ETF (European Transport Workers’ Federation) pour contrecarrer les plans de la Commission visant une dégradation des conditions de travail du personnel navigant. Dans ce contexte, l’OGBL est intervenu auprès des six députés européens luxembourgeois en date du 6 septembre 2013 pour les sensibiliser à la problématique.</p>
<p><strong>Communiqué par le Syndicat Aviation civile de l’OGBL<br />
le 1er octobre 2013</strong></p>

<!-- This site is optimized with the Yoast SEO plugin v23.1 - https://yoast.com/wordpress/plugins/seo/ -->
<title></title>
<meta name="robots" content="index, follow, max-snippet:-1, max-image-preview:large, max-video-preview:-1" />
<link rel="canonical" href="https://www.ogbl.lu/communique/des-journees-de-travail-de-22-heures-ne-sont-plus-dactualite/" />
<meta property="og:locale" content="en_US" />
<meta property="og:type" content="article" />
<meta property="og:title" content="[:fr]Des journées de travail de 22 heures ne sont plus d’actualité[:de]Arbeitstage von 22 Stunden vorerst vom Tisch[:] - OGBL" />
<meta property="og:description" content="Le Syndicat Aviation civile de l’OGBL salue la décision prise en date du 30 septembre 2013 par les membres de …" />
<meta property="og:url" content="https://www.ogbl.lu/communique/des-journees-de-travail-de-22-heures-ne-sont-plus-dactualite/" />
<meta property="og:site_name" content="OGBL" />
<meta property="article:modified_time" content="2023-05-23T17:44:16+00:00" />
<meta property="og:image" content="https://www.ogbl.lu/wp-content/uploads/2013/10/pilote.jpg" />
	<meta property="og:image:width" content="150" />
	<meta property="og:image:height" content="150" />
	<meta property="og:image:type" content="image/jpeg" />
<meta name="twitter:card" content="summary_large_image" />
<meta name="twitter:label1" content="Est. reading time" />
	<meta name="twitter:data1" content="2 minutes" />
<script type="application/ld+json" class="yoast-schema-graph">{"@context":"https://schema.org","@graph":[{"@type":"WebPage","@id":"https://www.ogbl.lu/communique/des-journees-de-travail-de-22-heures-ne-sont-plus-dactualite/","url":"https://www.ogbl.lu/communique/des-journees-de-travail-de-22-heures-ne-sont-plus-dactualite/","name":"[:fr]Des journées de travail de 22 heures ne sont plus d’actualité[:de]Arbeitstage von 22 Stunden vorerst vom Tisch[:] - OGBL","isPartOf":{"@id":"https://www.ogbl.lu/de/#website"},"primaryImageOfPage":{"@id":"https://www.ogbl.lu/communique/des-journees-de-travail-de-22-heures-ne-sont-plus-dactualite/#primaryimage"},"image":{"@id":"https://www.ogbl.lu/communique/des-journees-de-travail-de-22-heures-ne-sont-plus-dactualite/#primaryimage"},"thumbnailUrl":"https://www.ogbl.lu/wp-content/uploads/2013/10/pilote.jpg","datePublished":"2013-10-01T10:14:52+00:00","dateModified":"2023-05-23T17:44:16+00:00","breadcrumb":{"@id":"https://www.ogbl.lu/communique/des-journees-de-travail-de-22-heures-ne-sont-plus-dactualite/#breadcrumb"},"inLanguage":"en-US","potentialAction":[{"@type":"ReadAction","target":["https://www.ogbl.lu/communique/des-journees-de-travail-de-22-heures-ne-sont-plus-dactualite/"]}]},{"@type":"ImageObject","inLanguage":"en-US","@id":"https://www.ogbl.lu/communique/des-journees-de-travail-de-22-heures-ne-sont-plus-dactualite/#primaryimage","url":"https://www.ogbl.lu/wp-content/uploads/2013/10/pilote.jpg","contentUrl":"https://www.ogbl.lu/wp-content/uploads/2013/10/pilote.jpg","width":150,"height":150},{"@type":"BreadcrumbList","@id":"https://www.ogbl.lu/communique/des-journees-de-travail-de-22-heures-ne-sont-plus-dactualite/#breadcrumb","itemListElement":[{"@type":"ListItem","position":1,"name":"Home","item":"https://www.ogbl.lu/"},{"@type":"ListItem","position":2,"name":"Des journées de travail de 22 heures ne sont plus d’actualité"}]},{"@type":"WebSite","@id":"https://www.ogbl.lu/de/#website","url":"https://www.ogbl.lu/de/","name":"OGBL","description":"THE TRADE UNION","publisher":{"@id":"https://www.ogbl.lu/de/#organization"},"potentialAction":[{"@type":"SearchAction","target":{"@type":"EntryPoint","urlTemplate":"https://www.ogbl.lu/de/?s={search_term_string}"},"query-input":"required name=search_term_string"}],"inLanguage":"en-US"},{"@type":"Organization","@id":"https://www.ogbl.lu/de/#organization","name":"OGBL","url":"https://www.ogbl.lu/de/","logo":{"@type":"ImageObject","inLanguage":"en-US","@id":"https://www.ogbl.lu/de/#/schema/logo/image/","url":"https://www.ogbl.lu/wp-content/uploads/2024/07/LOGO_Red_FR-svg.png","contentUrl":"https://www.ogbl.lu/wp-content/uploads/2024/07/LOGO_Red_FR-svg.png","width":369,"height":171,"caption":"OGBL"},"image":{"@id":"https://www.ogbl.lu/de/#/schema/logo/image/"}}]}</script>
<!-- / Yoast SEO plugin. -->

[:fr]Des journées de travail de 22 heures ne sont plus d’actualité[:de]Arbeitstage von 22 Stunden vorerst vom Tisch[:] - OGBL

Le Syndicat Aviation civile de l’OGBL salue la décision prise en date du 30 septembre 2013 par les membres de …
