{"id":1561,"date":"2013-09-09T13:40:25","date_gmt":"2013-09-09T11:40:25","guid":{"rendered":"https:\/\/www.ogbl.lu\/communiques\/logbl-se-bat-pour-les-salaries-des-boutiques-en-faillite"},"modified":"2023-06-01T14:30:50","modified_gmt":"2023-06-01T12:30:50","slug":"logbl-se-bat-pour-les-salaries-des-boutiques-en-faillite","status":"publish","type":"communiques","link":"https:\/\/www.ogbl.lu\/en\/communique\/logbl-se-bat-pour-les-salaries-des-boutiques-en-faillite\/","title":{"rendered":"L\u2019OGBL se bat pour les salari\u00e9s des boutiques en faillite"},"content":{"rendered":"<p class=\"qtranxs-available-languages-message qtranxs-available-languages-message-en\"> <\/p><p><a href=\"https:\/\/www.ogbl.lu\/wp-content\/uploads\/communiques\/faillite_boutiques.jpg\"><img loading=\"lazy\" decoding=\"async\" class=\"alignleft size-thumbnail wp-image-14182\" src=\"https:\/\/www.ogbl.lu\/wp-content\/uploads\/communiques\/faillite_boutiques-150x150.jpg\" alt=\"faillite_boutiques\" width=\"150\" height=\"150\" \/><\/a>Plus de 60 salari\u00e9s des 17 magasins (Loft, Geox, Comptoir des Cotonniers, etc.), ayant d\u00e9clar\u00e9 faillite simultan\u00e9ment le 4 septembre, ont particip\u00e9 \u00e0 la s\u00e9ance d\u2019information organis\u00e9e par les responsables du Syndicat Commerce de l\u2019OGBL ce vendredi 6 septembre. Les salari\u00e9s ont \u00e9t\u00e9 inform\u00e9s sur leurs droits et l\u2019OGBL va les assister dans les d\u00e9marches \u00e0 suivre (d\u00e9clarations de cr\u00e9ances, ch\u00f4mage, etc.). Deux agents de l\u2019administration de l\u2019emploi (ADEM) ont \u00e9galement particip\u00e9 \u00e0 la r\u00e9union.<\/p>\n<p>Avant la r\u00e9union, une r\u00e9union a eu lieu \u00e0 l\u2019initiative de l\u2019OGBL entre le ministre du Travail, Nicolas Schmit, la ministre des Classes moyennes (commerce), Fran\u00e7oise Hetto-Gaasch, la conf\u00e9d\u00e9ration du commerce (CLC) et le syndicat Commerce de l\u2019OGBL. Le but de toutes ces initiatives est d\u2019assister au maximum les salari\u00e9s, y compris \u00e0 retrouver rapidement un nouvel emploi.<\/p>\n<p><strong>Communiqu\u00e9 par le syndicat Commerce de l\u2019OGBL<br \/>\nle 6 septembre 2013<\/strong><\/p>","protected":false},"author":1,"featured_media":0,"template":"","categorie_communiques":[48,41],"syndicat":[78],"acf":[],"yoast_head":"<!-- This site is optimized with the Yoast SEO plugin v23.1 - https:\/\/yoast.com\/wordpress\/plugins\/seo\/ -->\r\n<title><\/title>\r\n<meta name=\"robots\" content=\"index, follow, max-snippet:-1, max-image-preview:large, max-video-preview:-1\" \/>\r\n<link rel=\"canonical\" href=\"https:\/\/www.ogbl.lu\/communique\/logbl-se-bat-pour-les-salaries-des-boutiques-en-faillite\/\" \/>\r\n<meta property=\"og:locale\" content=\"en_US\" \/>\r\n<meta property=\"og:type\" content=\"article\" \/>\r\n<meta property=\"og:title\" content=\"[:fr]L\u2019OGBL se bat pour les salari\u00e9s des boutiques en faillite[:de]Der OGBL k\u00e4mpft f\u00fcr die Arbeitnehmer der vom Konkurs betroffenen Gesch\u00e4fte[:] - OGBL\" \/>\r\n<meta property=\"og:description\" content=\"Plus de 60 salari\u00e9s des 17 magasins (Loft, Geox, Comptoir des Cotonniers, etc.), ayant d\u00e9clar\u00e9 faillite simultan\u00e9ment le 4 septembre, \u2026\" \/>\r\n<meta property=\"og:url\" content=\"https:\/\/www.ogbl.lu\/communique\/logbl-se-bat-pour-les-salaries-des-boutiques-en-faillite\/\" \/>\r\n<meta property=\"og:site_name\" content=\"OGBL\" \/>\r\n<meta property=\"article:modified_time\" content=\"2023-06-01T12:30:50+00:00\" \/>\r\n<meta property=\"og:image\" content=\"https:\/\/www.ogbl.lu\/wp-content\/uploads\/communiques\/faillite_boutiques-150x150.jpg\" \/>\r\n<meta name=\"twitter:card\" content=\"summary_large_image\" \/>\r\n<meta name=\"twitter:label1\" content=\"Est. reading time\" \/>\n\t<meta name=\"twitter:data1\" content=\"1 minute\" \/>\r\n<script type=\"application\/ld+json\" class=\"yoast-schema-graph\">{\"@context\":\"https:\/\/schema.org\",\"@graph\":[{\"@type\":\"WebPage\",\"@id\":\"https:\/\/www.ogbl.lu\/communique\/logbl-se-bat-pour-les-salaries-des-boutiques-en-faillite\/\",\"url\":\"https:\/\/www.ogbl.lu\/communique\/logbl-se-bat-pour-les-salaries-des-boutiques-en-faillite\/\",\"name\":\"[:fr]L\u2019OGBL se bat pour les salari\u00e9s des boutiques en faillite[:de]Der OGBL k\u00e4mpft f\u00fcr die Arbeitnehmer der vom Konkurs betroffenen Gesch\u00e4fte[:] - OGBL\",\"isPartOf\":{\"@id\":\"https:\/\/www.ogbl.lu\/de\/#website\"},\"primaryImageOfPage\":{\"@id\":\"https:\/\/www.ogbl.lu\/communique\/logbl-se-bat-pour-les-salaries-des-boutiques-en-faillite\/#primaryimage\"},\"image\":{\"@id\":\"https:\/\/www.ogbl.lu\/communique\/logbl-se-bat-pour-les-salaries-des-boutiques-en-faillite\/#primaryimage\"},\"thumbnailUrl\":\"https:\/\/www.ogbl.lu\/wp-content\/uploads\/communiques\/faillite_boutiques-150x150.jpg\",\"datePublished\":\"2013-09-09T11:40:25+00:00\",\"dateModified\":\"2023-06-01T12:30:50+00:00\",\"breadcrumb\":{\"@id\":\"https:\/\/www.ogbl.lu\/communique\/logbl-se-bat-pour-les-salaries-des-boutiques-en-faillite\/#breadcrumb\"},\"inLanguage\":\"en-US\",\"potentialAction\":[{\"@type\":\"ReadAction\",\"target\":[\"https:\/\/www.ogbl.lu\/communique\/logbl-se-bat-pour-les-salaries-des-boutiques-en-faillite\/\"]}]},{\"@type\":\"ImageObject\",\"inLanguage\":\"en-US\",\"@id\":\"https:\/\/www.ogbl.lu\/communique\/logbl-se-bat-pour-les-salaries-des-boutiques-en-faillite\/#primaryimage\",\"url\":\"https:\/\/www.ogbl.lu\/wp-content\/uploads\/communiques\/faillite_boutiques-150x150.jpg\",\"contentUrl\":\"https:\/\/www.ogbl.lu\/wp-content\/uploads\/communiques\/faillite_boutiques-150x150.jpg\"},{\"@type\":\"BreadcrumbList\",\"@id\":\"https:\/\/www.ogbl.lu\/communique\/logbl-se-bat-pour-les-salaries-des-boutiques-en-faillite\/#breadcrumb\",\"itemListElement\":[{\"@type\":\"ListItem\",\"position\":1,\"name\":\"Home\",\"item\":\"https:\/\/www.ogbl.lu\/\"},{\"@type\":\"ListItem\",\"position\":2,\"name\":\"L\u2019OGBL se bat pour les salari\u00e9s des boutiques en faillite\"}]},{\"@type\":\"WebSite\",\"@id\":\"https:\/\/www.ogbl.lu\/de\/#website\",\"url\":\"https:\/\/www.ogbl.lu\/de\/\",\"name\":\"OGBL\",\"description\":\"THE TRADE UNION\",\"publisher\":{\"@id\":\"https:\/\/www.ogbl.lu\/de\/#organization\"},\"potentialAction\":[{\"@type\":\"SearchAction\",\"target\":{\"@type\":\"EntryPoint\",\"urlTemplate\":\"https:\/\/www.ogbl.lu\/de\/?s={search_term_string}\"},\"query-input\":\"required name=search_term_string\"}],\"inLanguage\":\"en-US\"},{\"@type\":\"Organization\",\"@id\":\"https:\/\/www.ogbl.lu\/de\/#organization\",\"name\":\"OGBL\",\"url\":\"https:\/\/www.ogbl.lu\/de\/\",\"logo\":{\"@type\":\"ImageObject\",\"inLanguage\":\"en-US\",\"@id\":\"https:\/\/www.ogbl.lu\/de\/#\/schema\/logo\/image\/\",\"url\":\"https:\/\/www.ogbl.lu\/wp-content\/uploads\/2024\/07\/LOGO_Red_FR-svg.png\",\"contentUrl\":\"https:\/\/www.ogbl.lu\/wp-content\/uploads\/2024\/07\/LOGO_Red_FR-svg.png\",\"width\":369,\"height\":171,\"caption\":\"OGBL\"},\"image\":{\"@id\":\"https:\/\/www.ogbl.lu\/de\/#\/schema\/logo\/image\/\"}}]}<\/script>\r\n<!-- \/ Yoast SEO plugin. -->","yoast_head_json":{"title":"[:fr]L\u2019OGBL se bat pour les salari\u00e9s des boutiques en faillite[:de]Der OGBL k\u00e4mpft f\u00fcr die Arbeitnehmer der vom Konkurs betroffenen Gesch\u00e4fte[:] - OGBL","robots":{"index":"index","follow":"follow","max-snippet":"max-snippet:-1","max-image-preview":"max-image-preview:large","max-video-preview":"max-video-preview:-1"},"canonical":"https:\/\/www.ogbl.lu\/communique\/logbl-se-bat-pour-les-salaries-des-boutiques-en-faillite\/","og_locale":"en_US","og_type":"article","og_title":"[:fr]L\u2019OGBL se bat pour les salari\u00e9s des boutiques en faillite[:de]Der OGBL k\u00e4mpft f\u00fcr die Arbeitnehmer der vom Konkurs betroffenen Gesch\u00e4fte[:] - OGBL","og_description":"Plus de 60 salari\u00e9s des 17 magasins (Loft, Geox, Comptoir des Cotonniers, etc.), ayant d\u00e9clar\u00e9 faillite simultan\u00e9ment le 4 septembre, \u2026","og_url":"https:\/\/www.ogbl.lu\/communique\/logbl-se-bat-pour-les-salaries-des-boutiques-en-faillite\/","og_site_name":"OGBL","article_modified_time":"2023-06-01T12:30:50+00:00","og_image":[{"url":"https:\/\/www.ogbl.lu\/wp-content\/uploads\/communiques\/faillite_boutiques-150x150.jpg"}],"twitter_card":"summary_large_image","twitter_misc":{"Est. reading time":"1 minute"},"schema":{"@context":"https:\/\/schema.org","@graph":[{"@type":"WebPage","@id":"https:\/\/www.ogbl.lu\/communique\/logbl-se-bat-pour-les-salaries-des-boutiques-en-faillite\/","url":"https:\/\/www.ogbl.lu\/communique\/logbl-se-bat-pour-les-salaries-des-boutiques-en-faillite\/","name":"[:fr]L\u2019OGBL se bat pour les salari\u00e9s des boutiques en faillite[:de]Der OGBL k\u00e4mpft f\u00fcr die Arbeitnehmer der vom Konkurs betroffenen Gesch\u00e4fte[:] - OGBL","isPartOf":{"@id":"https:\/\/www.ogbl.lu\/de\/#website"},"primaryImageOfPage":{"@id":"https:\/\/www.ogbl.lu\/communique\/logbl-se-bat-pour-les-salaries-des-boutiques-en-faillite\/#primaryimage"},"image":{"@id":"https:\/\/www.ogbl.lu\/communique\/logbl-se-bat-pour-les-salaries-des-boutiques-en-faillite\/#primaryimage"},"thumbnailUrl":"https:\/\/www.ogbl.lu\/wp-content\/uploads\/communiques\/faillite_boutiques-150x150.jpg","datePublished":"2013-09-09T11:40:25+00:00","dateModified":"2023-06-01T12:30:50+00:00","breadcrumb":{"@id":"https:\/\/www.ogbl.lu\/communique\/logbl-se-bat-pour-les-salaries-des-boutiques-en-faillite\/#breadcrumb"},"inLanguage":"en-US","potentialAction":[{"@type":"ReadAction","target":["https:\/\/www.ogbl.lu\/communique\/logbl-se-bat-pour-les-salaries-des-boutiques-en-faillite\/"]}]},{"@type":"ImageObject","inLanguage":"en-US","@id":"https:\/\/www.ogbl.lu\/communique\/logbl-se-bat-pour-les-salaries-des-boutiques-en-faillite\/#primaryimage","url":"https:\/\/www.ogbl.lu\/wp-content\/uploads\/communiques\/faillite_boutiques-150x150.jpg","contentUrl":"https:\/\/www.ogbl.lu\/wp-content\/uploads\/communiques\/faillite_boutiques-150x150.jpg"},{"@type":"BreadcrumbList","@id":"https:\/\/www.ogbl.lu\/communique\/logbl-se-bat-pour-les-salaries-des-boutiques-en-faillite\/#breadcrumb","itemListElement":[{"@type":"ListItem","position":1,"name":"Home","item":"https:\/\/www.ogbl.lu\/"},{"@type":"ListItem","position":2,"name":"L\u2019OGBL se bat pour les salari\u00e9s des boutiques en faillite"}]},{"@type":"WebSite","@id":"https:\/\/www.ogbl.lu\/de\/#website","url":"https:\/\/www.ogbl.lu\/de\/","name":"OGBL","description":"THE TRADE UNION","publisher":{"@id":"https:\/\/www.ogbl.lu\/de\/#organization"},"potentialAction":[{"@type":"SearchAction","target":{"@type":"EntryPoint","urlTemplate":"https:\/\/www.ogbl.lu\/de\/?s={search_term_string}"},"query-input":"required name=search_term_string"}],"inLanguage":"en-US"},{"@type":"Organization","@id":"https:\/\/www.ogbl.lu\/de\/#organization","name":"OGBL","url":"https:\/\/www.ogbl.lu\/de\/","logo":{"@type":"ImageObject","inLanguage":"en-US","@id":"https:\/\/www.ogbl.lu\/de\/#\/schema\/logo\/image\/","url":"https:\/\/www.ogbl.lu\/wp-content\/uploads\/2024\/07\/LOGO_Red_FR-svg.png","contentUrl":"https:\/\/www.ogbl.lu\/wp-content\/uploads\/2024\/07\/LOGO_Red_FR-svg.png","width":369,"height":171,"caption":"OGBL"},"image":{"@id":"https:\/\/www.ogbl.lu\/de\/#\/schema\/logo\/image\/"}}]}},"_links":{"self":[{"href":"https:\/\/www.ogbl.lu\/en\/wp-json\/wp\/v2\/communiques\/1561"}],"collection":[{"href":"https:\/\/www.ogbl.lu\/en\/wp-json\/wp\/v2\/communiques"}],"about":[{"href":"https:\/\/www.ogbl.lu\/en\/wp-json\/wp\/v2\/types\/communiques"}],"author":[{"embeddable":true,"href":"https:\/\/www.ogbl.lu\/en\/wp-json\/wp\/v2\/users\/1"}],"version-history":[{"count":0,"href":"https:\/\/www.ogbl.lu\/en\/wp-json\/wp\/v2\/communiques\/1561\/revisions"}],"wp:attachment":[{"href":"https:\/\/www.ogbl.lu\/en\/wp-json\/wp\/v2\/media?parent=1561"}],"wp:term":[{"taxonomy":"categorie_communiques","embeddable":true,"href":"https:\/\/www.ogbl.lu\/en\/wp-json\/wp\/v2\/categorie_communiques?post=1561"},{"taxonomy":"syndicat","embeddable":true,"href":"https:\/\/www.ogbl.lu\/en\/wp-json\/wp\/v2\/syndicat?post=1561"}],"curies":[{"name":"wp","href":"https:\/\/api.w.org\/{rel}","templated":true}]}}

L’OGBL se bat pour les salariés des boutiques en faillite

<p class="qtranxs-available-languages-message qtranxs-available-languages-message-en"> </p><p><a href="https://www.ogbl.lu/wp-content/uploads/communiques/faillite_boutiques.jpg"><img loading="lazy" decoding="async" class="alignleft size-thumbnail wp-image-14182" src="https://www.ogbl.lu/wp-content/uploads/communiques/faillite_boutiques-150x150.jpg" alt="faillite_boutiques" width="150" height="150" /></a>Plus de 60 salariés des 17 magasins (Loft, Geox, Comptoir des Cotonniers, etc.), ayant déclaré faillite simultanément le 4 septembre, ont participé à la séance d’information organisée par les responsables du Syndicat Commerce de l’OGBL ce vendredi 6 septembre. Les salariés ont été informés sur leurs droits et l’OGBL va les assister dans les démarches à suivre (déclarations de créances, chômage, etc.). Deux agents de l’administration de l’emploi (ADEM) ont également participé à la réunion.</p>
<p>Avant la réunion, une réunion a eu lieu à l’initiative de l’OGBL entre le ministre du Travail, Nicolas Schmit, la ministre des Classes moyennes (commerce), Françoise Hetto-Gaasch, la confédération du commerce (CLC) et le syndicat Commerce de l’OGBL. Le but de toutes ces initiatives est d’assister au maximum les salariés, y compris à retrouver rapidement un nouvel emploi.</p>
<p><strong>Communiqué par le syndicat Commerce de l’OGBL<br />
le 6 septembre 2013</strong></p>

<!-- This site is optimized with the Yoast SEO plugin v23.1 - https://yoast.com/wordpress/plugins/seo/ -->
<title></title>
<meta name="robots" content="index, follow, max-snippet:-1, max-image-preview:large, max-video-preview:-1" />
<link rel="canonical" href="https://www.ogbl.lu/communique/logbl-se-bat-pour-les-salaries-des-boutiques-en-faillite/" />
<meta property="og:locale" content="en_US" />
<meta property="og:type" content="article" />
<meta property="og:title" content="[:fr]L’OGBL se bat pour les salariés des boutiques en faillite[:de]Der OGBL kämpft für die Arbeitnehmer der vom Konkurs betroffenen Geschäfte[:] - OGBL" />
<meta property="og:description" content="Plus de 60 salariés des 17 magasins (Loft, Geox, Comptoir des Cotonniers, etc.), ayant déclaré faillite simultanément le 4 septembre, …" />
<meta property="og:url" content="https://www.ogbl.lu/communique/logbl-se-bat-pour-les-salaries-des-boutiques-en-faillite/" />
<meta property="og:site_name" content="OGBL" />
<meta property="article:modified_time" content="2023-06-01T12:30:50+00:00" />
<meta property="og:image" content="https://www.ogbl.lu/wp-content/uploads/communiques/faillite_boutiques-150x150.jpg" />
<meta name="twitter:card" content="summary_large_image" />
<meta name="twitter:label1" content="Est. reading time" />
	<meta name="twitter:data1" content="1 minute" />
<script type="application/ld+json" class="yoast-schema-graph">{"@context":"https://schema.org","@graph":[{"@type":"WebPage","@id":"https://www.ogbl.lu/communique/logbl-se-bat-pour-les-salaries-des-boutiques-en-faillite/","url":"https://www.ogbl.lu/communique/logbl-se-bat-pour-les-salaries-des-boutiques-en-faillite/","name":"[:fr]L’OGBL se bat pour les salariés des boutiques en faillite[:de]Der OGBL kämpft für die Arbeitnehmer der vom Konkurs betroffenen Geschäfte[:] - OGBL","isPartOf":{"@id":"https://www.ogbl.lu/de/#website"},"primaryImageOfPage":{"@id":"https://www.ogbl.lu/communique/logbl-se-bat-pour-les-salaries-des-boutiques-en-faillite/#primaryimage"},"image":{"@id":"https://www.ogbl.lu/communique/logbl-se-bat-pour-les-salaries-des-boutiques-en-faillite/#primaryimage"},"thumbnailUrl":"https://www.ogbl.lu/wp-content/uploads/communiques/faillite_boutiques-150x150.jpg","datePublished":"2013-09-09T11:40:25+00:00","dateModified":"2023-06-01T12:30:50+00:00","breadcrumb":{"@id":"https://www.ogbl.lu/communique/logbl-se-bat-pour-les-salaries-des-boutiques-en-faillite/#breadcrumb"},"inLanguage":"en-US","potentialAction":[{"@type":"ReadAction","target":["https://www.ogbl.lu/communique/logbl-se-bat-pour-les-salaries-des-boutiques-en-faillite/"]}]},{"@type":"ImageObject","inLanguage":"en-US","@id":"https://www.ogbl.lu/communique/logbl-se-bat-pour-les-salaries-des-boutiques-en-faillite/#primaryimage","url":"https://www.ogbl.lu/wp-content/uploads/communiques/faillite_boutiques-150x150.jpg","contentUrl":"https://www.ogbl.lu/wp-content/uploads/communiques/faillite_boutiques-150x150.jpg"},{"@type":"BreadcrumbList","@id":"https://www.ogbl.lu/communique/logbl-se-bat-pour-les-salaries-des-boutiques-en-faillite/#breadcrumb","itemListElement":[{"@type":"ListItem","position":1,"name":"Home","item":"https://www.ogbl.lu/"},{"@type":"ListItem","position":2,"name":"L’OGBL se bat pour les salariés des boutiques en faillite"}]},{"@type":"WebSite","@id":"https://www.ogbl.lu/de/#website","url":"https://www.ogbl.lu/de/","name":"OGBL","description":"THE TRADE UNION","publisher":{"@id":"https://www.ogbl.lu/de/#organization"},"potentialAction":[{"@type":"SearchAction","target":{"@type":"EntryPoint","urlTemplate":"https://www.ogbl.lu/de/?s={search_term_string}"},"query-input":"required name=search_term_string"}],"inLanguage":"en-US"},{"@type":"Organization","@id":"https://www.ogbl.lu/de/#organization","name":"OGBL","url":"https://www.ogbl.lu/de/","logo":{"@type":"ImageObject","inLanguage":"en-US","@id":"https://www.ogbl.lu/de/#/schema/logo/image/","url":"https://www.ogbl.lu/wp-content/uploads/2024/07/LOGO_Red_FR-svg.png","contentUrl":"https://www.ogbl.lu/wp-content/uploads/2024/07/LOGO_Red_FR-svg.png","width":369,"height":171,"caption":"OGBL"},"image":{"@id":"https://www.ogbl.lu/de/#/schema/logo/image/"}}]}</script>
<!-- / Yoast SEO plugin. -->

[:fr]L’OGBL se bat pour les salariés des boutiques en faillite[:de]Der OGBL kämpft für die Arbeitnehmer der vom Konkurs betroffenen Geschäfte[:] - OGBL

Plus de 60 salariés des 17 magasins (Loft, Geox, Comptoir des Cotonniers, etc.), ayant déclaré faillite simultanément le 4 septembre, …
