{"id":1549,"date":"2013-08-05T11:03:40","date_gmt":"2013-08-05T09:03:40","guid":{"rendered":"https:\/\/www.ogbl.lu\/communiques\/la-fatigue-tue"},"modified":"2023-05-24T13:19:14","modified_gmt":"2023-05-24T11:19:14","slug":"la-fatigue-tue","status":"publish","type":"communiques","link":"https:\/\/www.ogbl.lu\/en\/communique\/la-fatigue-tue\/","title":{"rendered":"La fatigue tue!"},"content":{"rendered":"<p class=\"qtranxs-available-languages-message qtranxs-available-languages-message-en\"> <\/p><p><img loading=\"lazy\" decoding=\"async\" class=\"alignleft size-full wp-image-13907\" title=\"ACAL-logo\" src=\"https:\/\/www.ogbl.lu\/wp-content\/uploads\/communiques\/ACAL-logo.jpg\" alt=\"\" width=\"150\" height=\"150\" \/>Cela devait arriver un jour\u00a0! Vendredi pass\u00e9, le 31 juillet un accident mortel a eu lieu sur la E 42 pr\u00e8s de Charleroi. Un chauffeur de la firme Arthur Welter rentrait de plein fouet dans un chantier mobile: un ouvrier fut tu\u00e9, trois autres furent bless\u00e9s plus ou moins gri\u00e8vement.<\/p>\n<p>Quoique nos pens\u00e9es soient actuellement avec la famille de l\u2019ouvrier tu\u00e9, avec les bless\u00e9s et leurs familles ainsi qu\u2019avec le chauffeur de camion et sa famille, le syndicat transport sur route ACAL\/OGBL doit dans ce contexte une fois de plus mettre en garde\u00a0que la fatigue au volant tue.<\/p>\n<p>Car cet accident n\u2019est et ne sera pas un cas isol\u00e9. La pression exerc\u00e9e sur les chauffeurs augmente de plus en plus et le coll\u00e8gue Patrick G., ayant caus\u00e9 l\u2019accident, a formul\u00e9 ce fait dans la presse du 3 ao\u00fbt. D\u2019apr\u00e8s les d\u00e9clarations du chauffeur concern\u00e9, les membres de la direction de ladite firme auraient \u00e9t\u00e9 au courant que les temps l\u00e9gaux de conduite ne soient pas toujours respect\u00e9s, ils auraient cependant demand\u00e9 aux chauffeurs d\u2019agir dans l\u2019int\u00e9r\u00eat de la firme et accept\u00e9 ainsi que les lois soient contourn\u00e9es. C\u2019est le profit qui compte et non les vies humaines.<\/p>\n<p>Les vrais coupables ne sont pas ceux qui conduisent les camions, mais ce sont ceux qui dans les centrales des firmes de transport donnent les ordres. Depuis des ann\u00e9es, le syndicat transport sur route ACAL\/OGBL d\u00e9nonce ces pratiques des employeurs qui demandent de plus en plus de rendement aux chauffeurs professionnels et qui contournent avec ruse les rares standards de s\u00e9curit\u00e9.<\/p>\n<p>Coupables sont \u00e9galement tous ceux qui continuent \u00e0 fermer les yeux et qui ne font rien. Nous exigeons de la politique et des responsables politiques de mettre un terme \u00e0 ces pratiques inhumaines, de contr\u00f4ler les responsables et de punir les responsables fautifs. Des contr\u00f4les r\u00e9guliers et efficaces dans les entreprises ram\u00e8neraient \u00e0 la raison les responsables des firmes de transport. Sont sollicit\u00e9s dans ce contexte\u00a0: le minist\u00e8re des Transports, l\u2019Administration des Douanes et Accises, l\u2019Inspection du Travail et des Mines, comme d\u2019ailleurs le revendique depuis de longues ann\u00e9es le syndicat ACAL\/OGBL.<\/p>\n<p>Le chauffeur sera condamn\u00e9, tous les autres n\u2019auront m\u00eame pas mauvaise conscience. On repassera vite \u00e0 l\u2019ordre du jour sans souci majeur. Et ce non seulement jusqu\u2019au prochain accident\u00a0!<\/p>\n<p><strong>Communiqu\u00e9 par le syndicat ACAL\/OGBL<br \/>\nle\u00a0 5 ao\u00fbt 2013<\/strong><\/p>","protected":false},"author":1,"featured_media":4360,"template":"","categorie_communiques":[58],"syndicat":[82],"acf":[],"yoast_head":"<!-- This site is optimized with the Yoast SEO plugin v23.1 - https:\/\/yoast.com\/wordpress\/plugins\/seo\/ -->\r\n<title><\/title>\r\n<meta name=\"robots\" content=\"index, follow, max-snippet:-1, max-image-preview:large, max-video-preview:-1\" \/>\r\n<link rel=\"canonical\" href=\"https:\/\/www.ogbl.lu\/communique\/la-fatigue-tue\/\" \/>\r\n<meta property=\"og:locale\" content=\"en_US\" \/>\r\n<meta property=\"og:type\" content=\"article\" \/>\r\n<meta property=\"og:title\" content=\"[:fr]La fatigue tue![:de]\u00dcberm\u00fcdung t\u00f6tet![:] - OGBL\" \/>\r\n<meta property=\"og:description\" content=\"Cela devait arriver un jour\u00a0! Vendredi pass\u00e9, le 31 juillet un accident mortel a eu lieu sur la E 42 \u2026\" \/>\r\n<meta property=\"og:url\" content=\"https:\/\/www.ogbl.lu\/communique\/la-fatigue-tue\/\" \/>\r\n<meta property=\"og:site_name\" content=\"OGBL\" \/>\r\n<meta property=\"article:modified_time\" content=\"2023-05-24T11:19:14+00:00\" \/>\r\n<meta property=\"og:image\" content=\"https:\/\/www.ogbl.lu\/wp-content\/uploads\/2013\/08\/ACAL-logo.jpg\" \/>\r\n\t<meta property=\"og:image:width\" content=\"150\" \/>\r\n\t<meta property=\"og:image:height\" content=\"150\" \/>\r\n\t<meta property=\"og:image:type\" content=\"image\/jpeg\" \/>\r\n<meta name=\"twitter:card\" content=\"summary_large_image\" \/>\r\n<meta name=\"twitter:label1\" content=\"Est. reading time\" \/>\n\t<meta name=\"twitter:data1\" content=\"4 minutes\" \/>\r\n<script type=\"application\/ld+json\" class=\"yoast-schema-graph\">{\"@context\":\"https:\/\/schema.org\",\"@graph\":[{\"@type\":\"WebPage\",\"@id\":\"https:\/\/www.ogbl.lu\/communique\/la-fatigue-tue\/\",\"url\":\"https:\/\/www.ogbl.lu\/communique\/la-fatigue-tue\/\",\"name\":\"[:fr]La fatigue tue![:de]\u00dcberm\u00fcdung t\u00f6tet![:] - OGBL\",\"isPartOf\":{\"@id\":\"https:\/\/www.ogbl.lu\/de\/#website\"},\"primaryImageOfPage\":{\"@id\":\"https:\/\/www.ogbl.lu\/communique\/la-fatigue-tue\/#primaryimage\"},\"image\":{\"@id\":\"https:\/\/www.ogbl.lu\/communique\/la-fatigue-tue\/#primaryimage\"},\"thumbnailUrl\":\"https:\/\/www.ogbl.lu\/wp-content\/uploads\/2013\/08\/ACAL-logo.jpg\",\"datePublished\":\"2013-08-05T09:03:40+00:00\",\"dateModified\":\"2023-05-24T11:19:14+00:00\",\"breadcrumb\":{\"@id\":\"https:\/\/www.ogbl.lu\/communique\/la-fatigue-tue\/#breadcrumb\"},\"inLanguage\":\"en-US\",\"potentialAction\":[{\"@type\":\"ReadAction\",\"target\":[\"https:\/\/www.ogbl.lu\/communique\/la-fatigue-tue\/\"]}]},{\"@type\":\"ImageObject\",\"inLanguage\":\"en-US\",\"@id\":\"https:\/\/www.ogbl.lu\/communique\/la-fatigue-tue\/#primaryimage\",\"url\":\"https:\/\/www.ogbl.lu\/wp-content\/uploads\/2013\/08\/ACAL-logo.jpg\",\"contentUrl\":\"https:\/\/www.ogbl.lu\/wp-content\/uploads\/2013\/08\/ACAL-logo.jpg\",\"width\":150,\"height\":150},{\"@type\":\"BreadcrumbList\",\"@id\":\"https:\/\/www.ogbl.lu\/communique\/la-fatigue-tue\/#breadcrumb\",\"itemListElement\":[{\"@type\":\"ListItem\",\"position\":1,\"name\":\"Home\",\"item\":\"https:\/\/www.ogbl.lu\/\"},{\"@type\":\"ListItem\",\"position\":2,\"name\":\"La fatigue tue!\"}]},{\"@type\":\"WebSite\",\"@id\":\"https:\/\/www.ogbl.lu\/de\/#website\",\"url\":\"https:\/\/www.ogbl.lu\/de\/\",\"name\":\"OGBL\",\"description\":\"THE TRADE UNION\",\"publisher\":{\"@id\":\"https:\/\/www.ogbl.lu\/de\/#organization\"},\"potentialAction\":[{\"@type\":\"SearchAction\",\"target\":{\"@type\":\"EntryPoint\",\"urlTemplate\":\"https:\/\/www.ogbl.lu\/de\/?s={search_term_string}\"},\"query-input\":\"required name=search_term_string\"}],\"inLanguage\":\"en-US\"},{\"@type\":\"Organization\",\"@id\":\"https:\/\/www.ogbl.lu\/de\/#organization\",\"name\":\"OGBL\",\"url\":\"https:\/\/www.ogbl.lu\/de\/\",\"logo\":{\"@type\":\"ImageObject\",\"inLanguage\":\"en-US\",\"@id\":\"https:\/\/www.ogbl.lu\/de\/#\/schema\/logo\/image\/\",\"url\":\"https:\/\/www.ogbl.lu\/wp-content\/uploads\/2024\/07\/LOGO_Red_FR-svg.png\",\"contentUrl\":\"https:\/\/www.ogbl.lu\/wp-content\/uploads\/2024\/07\/LOGO_Red_FR-svg.png\",\"width\":369,\"height\":171,\"caption\":\"OGBL\"},\"image\":{\"@id\":\"https:\/\/www.ogbl.lu\/de\/#\/schema\/logo\/image\/\"}}]}<\/script>\r\n<!-- \/ Yoast SEO plugin. -->","yoast_head_json":{"title":"[:fr]La fatigue tue![:de]\u00dcberm\u00fcdung t\u00f6tet![:] - OGBL","robots":{"index":"index","follow":"follow","max-snippet":"max-snippet:-1","max-image-preview":"max-image-preview:large","max-video-preview":"max-video-preview:-1"},"canonical":"https:\/\/www.ogbl.lu\/communique\/la-fatigue-tue\/","og_locale":"en_US","og_type":"article","og_title":"[:fr]La fatigue tue![:de]\u00dcberm\u00fcdung t\u00f6tet![:] - OGBL","og_description":"Cela devait arriver un jour\u00a0! Vendredi pass\u00e9, le 31 juillet un accident mortel a eu lieu sur la E 42 \u2026","og_url":"https:\/\/www.ogbl.lu\/communique\/la-fatigue-tue\/","og_site_name":"OGBL","article_modified_time":"2023-05-24T11:19:14+00:00","og_image":[{"width":150,"height":150,"url":"https:\/\/www.ogbl.lu\/wp-content\/uploads\/2013\/08\/ACAL-logo.jpg","type":"image\/jpeg"}],"twitter_card":"summary_large_image","twitter_misc":{"Est. reading time":"4 minutes"},"schema":{"@context":"https:\/\/schema.org","@graph":[{"@type":"WebPage","@id":"https:\/\/www.ogbl.lu\/communique\/la-fatigue-tue\/","url":"https:\/\/www.ogbl.lu\/communique\/la-fatigue-tue\/","name":"[:fr]La fatigue tue![:de]\u00dcberm\u00fcdung t\u00f6tet![:] - OGBL","isPartOf":{"@id":"https:\/\/www.ogbl.lu\/de\/#website"},"primaryImageOfPage":{"@id":"https:\/\/www.ogbl.lu\/communique\/la-fatigue-tue\/#primaryimage"},"image":{"@id":"https:\/\/www.ogbl.lu\/communique\/la-fatigue-tue\/#primaryimage"},"thumbnailUrl":"https:\/\/www.ogbl.lu\/wp-content\/uploads\/2013\/08\/ACAL-logo.jpg","datePublished":"2013-08-05T09:03:40+00:00","dateModified":"2023-05-24T11:19:14+00:00","breadcrumb":{"@id":"https:\/\/www.ogbl.lu\/communique\/la-fatigue-tue\/#breadcrumb"},"inLanguage":"en-US","potentialAction":[{"@type":"ReadAction","target":["https:\/\/www.ogbl.lu\/communique\/la-fatigue-tue\/"]}]},{"@type":"ImageObject","inLanguage":"en-US","@id":"https:\/\/www.ogbl.lu\/communique\/la-fatigue-tue\/#primaryimage","url":"https:\/\/www.ogbl.lu\/wp-content\/uploads\/2013\/08\/ACAL-logo.jpg","contentUrl":"https:\/\/www.ogbl.lu\/wp-content\/uploads\/2013\/08\/ACAL-logo.jpg","width":150,"height":150},{"@type":"BreadcrumbList","@id":"https:\/\/www.ogbl.lu\/communique\/la-fatigue-tue\/#breadcrumb","itemListElement":[{"@type":"ListItem","position":1,"name":"Home","item":"https:\/\/www.ogbl.lu\/"},{"@type":"ListItem","position":2,"name":"La fatigue tue!"}]},{"@type":"WebSite","@id":"https:\/\/www.ogbl.lu\/de\/#website","url":"https:\/\/www.ogbl.lu\/de\/","name":"OGBL","description":"THE TRADE UNION","publisher":{"@id":"https:\/\/www.ogbl.lu\/de\/#organization"},"potentialAction":[{"@type":"SearchAction","target":{"@type":"EntryPoint","urlTemplate":"https:\/\/www.ogbl.lu\/de\/?s={search_term_string}"},"query-input":"required name=search_term_string"}],"inLanguage":"en-US"},{"@type":"Organization","@id":"https:\/\/www.ogbl.lu\/de\/#organization","name":"OGBL","url":"https:\/\/www.ogbl.lu\/de\/","logo":{"@type":"ImageObject","inLanguage":"en-US","@id":"https:\/\/www.ogbl.lu\/de\/#\/schema\/logo\/image\/","url":"https:\/\/www.ogbl.lu\/wp-content\/uploads\/2024\/07\/LOGO_Red_FR-svg.png","contentUrl":"https:\/\/www.ogbl.lu\/wp-content\/uploads\/2024\/07\/LOGO_Red_FR-svg.png","width":369,"height":171,"caption":"OGBL"},"image":{"@id":"https:\/\/www.ogbl.lu\/de\/#\/schema\/logo\/image\/"}}]}},"_links":{"self":[{"href":"https:\/\/www.ogbl.lu\/en\/wp-json\/wp\/v2\/communiques\/1549"}],"collection":[{"href":"https:\/\/www.ogbl.lu\/en\/wp-json\/wp\/v2\/communiques"}],"about":[{"href":"https:\/\/www.ogbl.lu\/en\/wp-json\/wp\/v2\/types\/communiques"}],"author":[{"embeddable":true,"href":"https:\/\/www.ogbl.lu\/en\/wp-json\/wp\/v2\/users\/1"}],"version-history":[{"count":0,"href":"https:\/\/www.ogbl.lu\/en\/wp-json\/wp\/v2\/communiques\/1549\/revisions"}],"wp:featuredmedia":[{"embeddable":true,"href":"https:\/\/www.ogbl.lu\/en\/wp-json\/wp\/v2\/media\/4360"}],"wp:attachment":[{"href":"https:\/\/www.ogbl.lu\/en\/wp-json\/wp\/v2\/media?parent=1549"}],"wp:term":[{"taxonomy":"categorie_communiques","embeddable":true,"href":"https:\/\/www.ogbl.lu\/en\/wp-json\/wp\/v2\/categorie_communiques?post=1549"},{"taxonomy":"syndicat","embeddable":true,"href":"https:\/\/www.ogbl.lu\/en\/wp-json\/wp\/v2\/syndicat?post=1549"}],"curies":[{"name":"wp","href":"https:\/\/api.w.org\/{rel}","templated":true}]}}

<p class="qtranxs-available-languages-message qtranxs-available-languages-message-en"> </p><p><img loading="lazy" decoding="async" class="alignleft size-full wp-image-13907" title="ACAL-logo" src="https://www.ogbl.lu/wp-content/uploads/communiques/ACAL-logo.jpg" alt="" width="150" height="150" />Cela devait arriver un jour ! Vendredi passé, le 31 juillet un accident mortel a eu lieu sur la E 42 près de Charleroi. Un chauffeur de la firme Arthur Welter rentrait de plein fouet dans un chantier mobile: un ouvrier fut tué, trois autres furent blessés plus ou moins grièvement.</p>
<p>Quoique nos pensées soient actuellement avec la famille de l’ouvrier tué, avec les blessés et leurs familles ainsi qu’avec le chauffeur de camion et sa famille, le syndicat transport sur route ACAL/OGBL doit dans ce contexte une fois de plus mettre en garde que la fatigue au volant tue.</p>
<p>Car cet accident n’est et ne sera pas un cas isolé. La pression exercée sur les chauffeurs augmente de plus en plus et le collègue Patrick G., ayant causé l’accident, a formulé ce fait dans la presse du 3 août. D’après les déclarations du chauffeur concerné, les membres de la direction de ladite firme auraient été au courant que les temps légaux de conduite ne soient pas toujours respectés, ils auraient cependant demandé aux chauffeurs d’agir dans l’intérêt de la firme et accepté ainsi que les lois soient contournées. C’est le profit qui compte et non les vies humaines.</p>
<p>Les vrais coupables ne sont pas ceux qui conduisent les camions, mais ce sont ceux qui dans les centrales des firmes de transport donnent les ordres. Depuis des années, le syndicat transport sur route ACAL/OGBL dénonce ces pratiques des employeurs qui demandent de plus en plus de rendement aux chauffeurs professionnels et qui contournent avec ruse les rares standards de sécurité.</p>
<p>Coupables sont également tous ceux qui continuent à fermer les yeux et qui ne font rien. Nous exigeons de la politique et des responsables politiques de mettre un terme à ces pratiques inhumaines, de contrôler les responsables et de punir les responsables fautifs. Des contrôles réguliers et efficaces dans les entreprises ramèneraient à la raison les responsables des firmes de transport. Sont sollicités dans ce contexte : le ministère des Transports, l’Administration des Douanes et Accises, l’Inspection du Travail et des Mines, comme d’ailleurs le revendique depuis de longues années le syndicat ACAL/OGBL.</p>
<p>Le chauffeur sera condamné, tous les autres n’auront même pas mauvaise conscience. On repassera vite à l’ordre du jour sans souci majeur. Et ce non seulement jusqu’au prochain accident !</p>
<p><strong>Communiqué par le syndicat ACAL/OGBL<br />
le  5 août 2013</strong></p>

<!-- This site is optimized with the Yoast SEO plugin v23.1 - https://yoast.com/wordpress/plugins/seo/ -->
<title></title>
<meta name="robots" content="index, follow, max-snippet:-1, max-image-preview:large, max-video-preview:-1" />
<link rel="canonical" href="https://www.ogbl.lu/communique/la-fatigue-tue/" />
<meta property="og:locale" content="en_US" />
<meta property="og:type" content="article" />
<meta property="og:title" content="[:fr]La fatigue tue![:de]Übermüdung tötet![:] - OGBL" />
<meta property="og:description" content="Cela devait arriver un jour ! Vendredi passé, le 31 juillet un accident mortel a eu lieu sur la E 42 …" />
<meta property="og:url" content="https://www.ogbl.lu/communique/la-fatigue-tue/" />
<meta property="og:site_name" content="OGBL" />
<meta property="article:modified_time" content="2023-05-24T11:19:14+00:00" />
<meta property="og:image" content="https://www.ogbl.lu/wp-content/uploads/2013/08/ACAL-logo.jpg" />
	<meta property="og:image:width" content="150" />
	<meta property="og:image:height" content="150" />
	<meta property="og:image:type" content="image/jpeg" />
<meta name="twitter:card" content="summary_large_image" />
<meta name="twitter:label1" content="Est. reading time" />
	<meta name="twitter:data1" content="4 minutes" />
<script type="application/ld+json" class="yoast-schema-graph">{"@context":"https://schema.org","@graph":[{"@type":"WebPage","@id":"https://www.ogbl.lu/communique/la-fatigue-tue/","url":"https://www.ogbl.lu/communique/la-fatigue-tue/","name":"[:fr]La fatigue tue![:de]Übermüdung tötet![:] - OGBL","isPartOf":{"@id":"https://www.ogbl.lu/de/#website"},"primaryImageOfPage":{"@id":"https://www.ogbl.lu/communique/la-fatigue-tue/#primaryimage"},"image":{"@id":"https://www.ogbl.lu/communique/la-fatigue-tue/#primaryimage"},"thumbnailUrl":"https://www.ogbl.lu/wp-content/uploads/2013/08/ACAL-logo.jpg","datePublished":"2013-08-05T09:03:40+00:00","dateModified":"2023-05-24T11:19:14+00:00","breadcrumb":{"@id":"https://www.ogbl.lu/communique/la-fatigue-tue/#breadcrumb"},"inLanguage":"en-US","potentialAction":[{"@type":"ReadAction","target":["https://www.ogbl.lu/communique/la-fatigue-tue/"]}]},{"@type":"ImageObject","inLanguage":"en-US","@id":"https://www.ogbl.lu/communique/la-fatigue-tue/#primaryimage","url":"https://www.ogbl.lu/wp-content/uploads/2013/08/ACAL-logo.jpg","contentUrl":"https://www.ogbl.lu/wp-content/uploads/2013/08/ACAL-logo.jpg","width":150,"height":150},{"@type":"BreadcrumbList","@id":"https://www.ogbl.lu/communique/la-fatigue-tue/#breadcrumb","itemListElement":[{"@type":"ListItem","position":1,"name":"Home","item":"https://www.ogbl.lu/"},{"@type":"ListItem","position":2,"name":"La fatigue tue!"}]},{"@type":"WebSite","@id":"https://www.ogbl.lu/de/#website","url":"https://www.ogbl.lu/de/","name":"OGBL","description":"THE TRADE UNION","publisher":{"@id":"https://www.ogbl.lu/de/#organization"},"potentialAction":[{"@type":"SearchAction","target":{"@type":"EntryPoint","urlTemplate":"https://www.ogbl.lu/de/?s={search_term_string}"},"query-input":"required name=search_term_string"}],"inLanguage":"en-US"},{"@type":"Organization","@id":"https://www.ogbl.lu/de/#organization","name":"OGBL","url":"https://www.ogbl.lu/de/","logo":{"@type":"ImageObject","inLanguage":"en-US","@id":"https://www.ogbl.lu/de/#/schema/logo/image/","url":"https://www.ogbl.lu/wp-content/uploads/2024/07/LOGO_Red_FR-svg.png","contentUrl":"https://www.ogbl.lu/wp-content/uploads/2024/07/LOGO_Red_FR-svg.png","width":369,"height":171,"caption":"OGBL"},"image":{"@id":"https://www.ogbl.lu/de/#/schema/logo/image/"}}]}</script>
<!-- / Yoast SEO plugin. -->

[:fr]La fatigue tue![:de]Übermüdung tötet![:] - OGBL

Cela devait arriver un jour ! Vendredi passé, le 31 juillet un accident mortel a eu lieu sur la E 42 …
