{"id":99588,"date":"2026-04-27T11:57:07","date_gmt":"2026-04-27T09:57:07","guid":{"rendered":"https:\/\/www.ogbl.lu\/?post_type=communiques&#038;p=99588"},"modified":"2026-04-27T11:57:07","modified_gmt":"2026-04-27T09:57:07","slug":"offener-austausch-uber-die-professionalisierung-des-sportsektors","status":"publish","type":"communiques","link":"https:\/\/www.ogbl.lu\/de\/communique\/offener-austausch-uber-die-professionalisierung-des-sportsektors\/","title":{"rendered":"Offener Austausch \u00fcber die Professionalisierung des Sportsektors"},"content":{"rendered":"<p class=\"qtranxs-available-languages-message qtranxs-available-languages-message-de\"> <\/p><p>Eine Delegation der Abteilung \u00d6ffentlicher Dienst des OGBL traf k\u00fcrzlich die Sportministerin Martine Hansen sowie Beamte des Sportministeriums zu einem Austausch \u00fcber die Gesetzesvorlage 8611 zur Schaffung eines neuen \u201eEtablissement public\u201c im Sportbereich mit der Bezeichnung \u201eInitiative pour la promotion de l\u2019emploi dans le secteur du sport\u201c (IPESS). Die initiale Gesetzesvorlage, die noch von Georges Mischo eingebracht worden war, warf f\u00fcr den OGBL viele Fragen auf, insbesondere auch die Aussage im Kommentar zum Gesetzesentwurf, der unterstrich, dass die Besch\u00e4ftigten dieser neuen Einrichtung unter ein privatrechtliches Statut fallen sollten, was unter anderem mit einer h\u00f6heren \u201eFlexibilit\u00e4t, Reaktivit\u00e4t und Kompetitivit\u00e4t\u201c, aber auch mit einer \u201eOptimierung der Kosten\u201c begr\u00fcndet wurde.<\/p>\n<p>Beim Austausch mit der neuen Ministerin, der in einer konstruktiven Atmosph\u00e4re stattfand, erl\u00e4uterten die Vertreter des Ministeriums, dass die urspr\u00fcngliche Vorlage gegenw\u00e4rtig \u00fcberarbeitet werde. Ziel sei, ein Angebot f\u00fcr professionelle Unterst\u00fctzung f\u00fcr die Sportvereine und -verb\u00e4nde zu bieten, und idealerweise die Mitarbeiter der IPESS, zum Beispiel Trainer oder eine administrative Unterst\u00fctzung, nach einer \u00dcbergangsphase von den Vereinen selber eingestellt werden. In diesem Sinne sei eine Verbeamtung wenig zielf\u00fchrend.<\/p>\n<p>Die Vertreter des OGBL gaben diesbez\u00fcglich zu bedenken, dass verhindert werden m\u00fcsse, dass dies zu prek\u00e4ren Situationen f\u00fchren k\u00f6nnte, und unterstrichen, dass auch hier angestrebt werden sollte, dass alle Besch\u00e4ftigten \u00fcber unbefristete Vertr\u00e4ge verf\u00fcgen sollten. Es muss auch sichergestellt werden, dass sie ihren Qualifikationen gem\u00e4\u00df korrekt bezahlt werden. In diesem Sinne stellt sich f\u00fcr den OGBL die Frage der kollektivvertraglichen Absicherung des Personals, insofern es sich nicht um Staatsbeamte oder -angestellte handelt.<\/p>\n<p>Insgesamt begr\u00fc\u00dfte der OGBL die Initiative den Sportsektor zu professionalisieren und auf diese Weise einem gewissen Wildwuchs, mit prek\u00e4ren Arbeitsbedingungen (h\u00e4ufig im Selbst\u00e4ndigenstatus) bis hin zur Schwarzarbeit, entgegenzuwirken.<\/p>\n<p>Beide Seiten waren sich einig, dass die Initiative das ehrenamtliche Engagement im Sportverein und in den Sportverb\u00e4nden nicht ersetzen kann und es sich bei der neuen Initiative um eine Unterst\u00fctzung, und nicht um eine staatliche Lenkung des Sports in Luxemburg handeln soll.<\/p>\n<p><strong>Mitgeteilt von der Abteilung \u00d6ffentlicher Dienst des OGBL,<br \/>\n<\/strong><strong>am 27. April 2026<\/strong><\/p>","protected":false},"author":4,"featured_media":99589,"template":"","categorie_communiques":[129],"syndicat":[121],"acf":[],"yoast_head":"<!-- This site is optimized with the Yoast SEO plugin v23.1 - https:\/\/yoast.com\/wordpress\/plugins\/seo\/ -->\r\n<title><\/title>\r\n<meta name=\"robots\" content=\"index, follow, max-snippet:-1, max-image-preview:large, max-video-preview:-1\" \/>\r\n<link rel=\"canonical\" href=\"https:\/\/www.ogbl.lu\/communique\/offener-austausch-uber-die-professionalisierung-des-sportsektors\/\" \/>\r\n<meta property=\"og:locale\" content=\"de_DE\" \/>\r\n<meta property=\"og:type\" content=\"article\" \/>\r\n<meta property=\"og:title\" content=\"[:fr]Offener Austausch \u00fcber die Professionalisierung des Sportsektors[:] - OGBL\" \/>\r\n<meta property=\"og:description\" content=\"Eine Delegation der Abteilung \u00d6ffentlicher Dienst des OGBL traf k\u00fcrzlich die Sportministerin Martine Hansen sowie Beamte des Sportministeriums zu einem \u2026\" \/>\r\n<meta property=\"og:url\" content=\"https:\/\/www.ogbl.lu\/communique\/offener-austausch-uber-die-professionalisierung-des-sportsektors\/\" \/>\r\n<meta property=\"og:site_name\" content=\"OGBL\" \/>\r\n<meta property=\"og:image\" content=\"https:\/\/www.ogbl.lu\/wp-content\/uploads\/2026\/04\/Foto-der-Unterredung-zwischen-dem-OGBL-und-dem-Sportministerium.jpg\" \/>\r\n\t<meta property=\"og:image:width\" content=\"1498\" \/>\r\n\t<meta property=\"og:image:height\" content=\"995\" \/>\r\n\t<meta property=\"og:image:type\" content=\"image\/jpeg\" \/>\r\n<meta name=\"twitter:card\" content=\"summary_large_image\" \/>\r\n<meta name=\"twitter:label1\" content=\"Est. reading time\" \/>\n\t<meta name=\"twitter:data1\" content=\"2 Minuten\" \/>\r\n<script type=\"application\/ld+json\" class=\"yoast-schema-graph\">{\"@context\":\"https:\/\/schema.org\",\"@graph\":[{\"@type\":\"WebPage\",\"@id\":\"https:\/\/www.ogbl.lu\/communique\/offener-austausch-uber-die-professionalisierung-des-sportsektors\/\",\"url\":\"https:\/\/www.ogbl.lu\/communique\/offener-austausch-uber-die-professionalisierung-des-sportsektors\/\",\"name\":\"[:fr]Offener Austausch \u00fcber die Professionalisierung des Sportsektors[:] - OGBL\",\"isPartOf\":{\"@id\":\"https:\/\/www.ogbl.lu\/de\/#website\"},\"primaryImageOfPage\":{\"@id\":\"https:\/\/www.ogbl.lu\/communique\/offener-austausch-uber-die-professionalisierung-des-sportsektors\/#primaryimage\"},\"image\":{\"@id\":\"https:\/\/www.ogbl.lu\/communique\/offener-austausch-uber-die-professionalisierung-des-sportsektors\/#primaryimage\"},\"thumbnailUrl\":\"https:\/\/www.ogbl.lu\/wp-content\/uploads\/2026\/04\/Foto-der-Unterredung-zwischen-dem-OGBL-und-dem-Sportministerium-e1777283861480.jpg\",\"datePublished\":\"2026-04-27T09:57:07+00:00\",\"dateModified\":\"2026-04-27T09:57:07+00:00\",\"breadcrumb\":{\"@id\":\"https:\/\/www.ogbl.lu\/communique\/offener-austausch-uber-die-professionalisierung-des-sportsektors\/#breadcrumb\"},\"inLanguage\":\"de-DE\",\"potentialAction\":[{\"@type\":\"ReadAction\",\"target\":[\"https:\/\/www.ogbl.lu\/communique\/offener-austausch-uber-die-professionalisierung-des-sportsektors\/\"]}]},{\"@type\":\"ImageObject\",\"inLanguage\":\"de-DE\",\"@id\":\"https:\/\/www.ogbl.lu\/communique\/offener-austausch-uber-die-professionalisierung-des-sportsektors\/#primaryimage\",\"url\":\"https:\/\/www.ogbl.lu\/wp-content\/uploads\/2026\/04\/Foto-der-Unterredung-zwischen-dem-OGBL-und-dem-Sportministerium-e1777283861480.jpg\",\"contentUrl\":\"https:\/\/www.ogbl.lu\/wp-content\/uploads\/2026\/04\/Foto-der-Unterredung-zwischen-dem-OGBL-und-dem-Sportministerium-e1777283861480.jpg\",\"width\":1498,\"height\":823},{\"@type\":\"BreadcrumbList\",\"@id\":\"https:\/\/www.ogbl.lu\/communique\/offener-austausch-uber-die-professionalisierung-des-sportsektors\/#breadcrumb\",\"itemListElement\":[{\"@type\":\"ListItem\",\"position\":1,\"name\":\"Home\",\"item\":\"https:\/\/www.ogbl.lu\/\"},{\"@type\":\"ListItem\",\"position\":2,\"name\":\"Offener Austausch \u00fcber die Professionalisierung des Sportsektors\"}]},{\"@type\":\"WebSite\",\"@id\":\"https:\/\/www.ogbl.lu\/de\/#website\",\"url\":\"https:\/\/www.ogbl.lu\/de\/\",\"name\":\"OGBL\",\"description\":\"DIE GEWERKSCHAFT\",\"publisher\":{\"@id\":\"https:\/\/www.ogbl.lu\/de\/#organization\"},\"potentialAction\":[{\"@type\":\"SearchAction\",\"target\":{\"@type\":\"EntryPoint\",\"urlTemplate\":\"https:\/\/www.ogbl.lu\/de\/?s={search_term_string}\"},\"query-input\":\"required name=search_term_string\"}],\"inLanguage\":\"de-DE\"},{\"@type\":\"Organization\",\"@id\":\"https:\/\/www.ogbl.lu\/de\/#organization\",\"name\":\"OGBL\",\"url\":\"https:\/\/www.ogbl.lu\/de\/\",\"logo\":{\"@type\":\"ImageObject\",\"inLanguage\":\"de-DE\",\"@id\":\"https:\/\/www.ogbl.lu\/de\/#\/schema\/logo\/image\/\",\"url\":\"https:\/\/www.ogbl.lu\/wp-content\/uploads\/2024\/07\/LOGO_Red_FR-svg.png\",\"contentUrl\":\"https:\/\/www.ogbl.lu\/wp-content\/uploads\/2024\/07\/LOGO_Red_FR-svg.png\",\"width\":369,\"height\":171,\"caption\":\"OGBL\"},\"image\":{\"@id\":\"https:\/\/www.ogbl.lu\/de\/#\/schema\/logo\/image\/\"}}]}<\/script>\r\n<!-- \/ Yoast SEO plugin. -->","yoast_head_json":{"title":"[:fr]Offener Austausch \u00fcber die Professionalisierung des Sportsektors[:] - OGBL","robots":{"index":"index","follow":"follow","max-snippet":"max-snippet:-1","max-image-preview":"max-image-preview:large","max-video-preview":"max-video-preview:-1"},"canonical":"https:\/\/www.ogbl.lu\/communique\/offener-austausch-uber-die-professionalisierung-des-sportsektors\/","og_locale":"de_DE","og_type":"article","og_title":"[:fr]Offener Austausch \u00fcber die Professionalisierung des Sportsektors[:] - OGBL","og_description":"Eine Delegation der Abteilung \u00d6ffentlicher Dienst des OGBL traf k\u00fcrzlich die Sportministerin Martine Hansen sowie Beamte des Sportministeriums zu einem \u2026","og_url":"https:\/\/www.ogbl.lu\/communique\/offener-austausch-uber-die-professionalisierung-des-sportsektors\/","og_site_name":"OGBL","og_image":[{"width":1498,"height":995,"url":"https:\/\/www.ogbl.lu\/wp-content\/uploads\/2026\/04\/Foto-der-Unterredung-zwischen-dem-OGBL-und-dem-Sportministerium.jpg","type":"image\/jpeg"}],"twitter_card":"summary_large_image","twitter_misc":{"Est. reading time":"2 Minuten"},"schema":{"@context":"https:\/\/schema.org","@graph":[{"@type":"WebPage","@id":"https:\/\/www.ogbl.lu\/communique\/offener-austausch-uber-die-professionalisierung-des-sportsektors\/","url":"https:\/\/www.ogbl.lu\/communique\/offener-austausch-uber-die-professionalisierung-des-sportsektors\/","name":"[:fr]Offener Austausch \u00fcber die Professionalisierung des Sportsektors[:] - OGBL","isPartOf":{"@id":"https:\/\/www.ogbl.lu\/de\/#website"},"primaryImageOfPage":{"@id":"https:\/\/www.ogbl.lu\/communique\/offener-austausch-uber-die-professionalisierung-des-sportsektors\/#primaryimage"},"image":{"@id":"https:\/\/www.ogbl.lu\/communique\/offener-austausch-uber-die-professionalisierung-des-sportsektors\/#primaryimage"},"thumbnailUrl":"https:\/\/www.ogbl.lu\/wp-content\/uploads\/2026\/04\/Foto-der-Unterredung-zwischen-dem-OGBL-und-dem-Sportministerium-e1777283861480.jpg","datePublished":"2026-04-27T09:57:07+00:00","dateModified":"2026-04-27T09:57:07+00:00","breadcrumb":{"@id":"https:\/\/www.ogbl.lu\/communique\/offener-austausch-uber-die-professionalisierung-des-sportsektors\/#breadcrumb"},"inLanguage":"de-DE","potentialAction":[{"@type":"ReadAction","target":["https:\/\/www.ogbl.lu\/communique\/offener-austausch-uber-die-professionalisierung-des-sportsektors\/"]}]},{"@type":"ImageObject","inLanguage":"de-DE","@id":"https:\/\/www.ogbl.lu\/communique\/offener-austausch-uber-die-professionalisierung-des-sportsektors\/#primaryimage","url":"https:\/\/www.ogbl.lu\/wp-content\/uploads\/2026\/04\/Foto-der-Unterredung-zwischen-dem-OGBL-und-dem-Sportministerium-e1777283861480.jpg","contentUrl":"https:\/\/www.ogbl.lu\/wp-content\/uploads\/2026\/04\/Foto-der-Unterredung-zwischen-dem-OGBL-und-dem-Sportministerium-e1777283861480.jpg","width":1498,"height":823},{"@type":"BreadcrumbList","@id":"https:\/\/www.ogbl.lu\/communique\/offener-austausch-uber-die-professionalisierung-des-sportsektors\/#breadcrumb","itemListElement":[{"@type":"ListItem","position":1,"name":"Home","item":"https:\/\/www.ogbl.lu\/"},{"@type":"ListItem","position":2,"name":"Offener Austausch \u00fcber die Professionalisierung des Sportsektors"}]},{"@type":"WebSite","@id":"https:\/\/www.ogbl.lu\/de\/#website","url":"https:\/\/www.ogbl.lu\/de\/","name":"OGBL","description":"DIE GEWERKSCHAFT","publisher":{"@id":"https:\/\/www.ogbl.lu\/de\/#organization"},"potentialAction":[{"@type":"SearchAction","target":{"@type":"EntryPoint","urlTemplate":"https:\/\/www.ogbl.lu\/de\/?s={search_term_string}"},"query-input":"required name=search_term_string"}],"inLanguage":"de-DE"},{"@type":"Organization","@id":"https:\/\/www.ogbl.lu\/de\/#organization","name":"OGBL","url":"https:\/\/www.ogbl.lu\/de\/","logo":{"@type":"ImageObject","inLanguage":"de-DE","@id":"https:\/\/www.ogbl.lu\/de\/#\/schema\/logo\/image\/","url":"https:\/\/www.ogbl.lu\/wp-content\/uploads\/2024\/07\/LOGO_Red_FR-svg.png","contentUrl":"https:\/\/www.ogbl.lu\/wp-content\/uploads\/2024\/07\/LOGO_Red_FR-svg.png","width":369,"height":171,"caption":"OGBL"},"image":{"@id":"https:\/\/www.ogbl.lu\/de\/#\/schema\/logo\/image\/"}}]}},"_links":{"self":[{"href":"https:\/\/www.ogbl.lu\/de\/wp-json\/wp\/v2\/communiques\/99588"}],"collection":[{"href":"https:\/\/www.ogbl.lu\/de\/wp-json\/wp\/v2\/communiques"}],"about":[{"href":"https:\/\/www.ogbl.lu\/de\/wp-json\/wp\/v2\/types\/communiques"}],"author":[{"embeddable":true,"href":"https:\/\/www.ogbl.lu\/de\/wp-json\/wp\/v2\/users\/4"}],"version-history":[{"count":1,"href":"https:\/\/www.ogbl.lu\/de\/wp-json\/wp\/v2\/communiques\/99588\/revisions"}],"predecessor-version":[{"id":99590,"href":"https:\/\/www.ogbl.lu\/de\/wp-json\/wp\/v2\/communiques\/99588\/revisions\/99590"}],"wp:featuredmedia":[{"embeddable":true,"href":"https:\/\/www.ogbl.lu\/de\/wp-json\/wp\/v2\/media\/99589"}],"wp:attachment":[{"href":"https:\/\/www.ogbl.lu\/de\/wp-json\/wp\/v2\/media?parent=99588"}],"wp:term":[{"taxonomy":"categorie_communiques","embeddable":true,"href":"https:\/\/www.ogbl.lu\/de\/wp-json\/wp\/v2\/categorie_communiques?post=99588"},{"taxonomy":"syndicat","embeddable":true,"href":"https:\/\/www.ogbl.lu\/de\/wp-json\/wp\/v2\/syndicat?post=99588"}],"curies":[{"name":"wp","href":"https:\/\/api.w.org\/{rel}","templated":true}]}}

Offener Austausch über die Professionalisierung des Sportsektors

<p class="qtranxs-available-languages-message qtranxs-available-languages-message-de"> </p><p>Eine Delegation der Abteilung Öffentlicher Dienst des OGBL traf kürzlich die Sportministerin Martine Hansen sowie Beamte des Sportministeriums zu einem Austausch über die Gesetzesvorlage 8611 zur Schaffung eines neuen „Etablissement public“ im Sportbereich mit der Bezeichnung „Initiative pour la promotion de l’emploi dans le secteur du sport“ (IPESS). Die initiale Gesetzesvorlage, die noch von Georges Mischo eingebracht worden war, warf für den OGBL viele Fragen auf, insbesondere auch die Aussage im Kommentar zum Gesetzesentwurf, der unterstrich, dass die Beschäftigten dieser neuen Einrichtung unter ein privatrechtliches Statut fallen sollten, was unter anderem mit einer höheren „Flexibilität, Reaktivität und Kompetitivität“, aber auch mit einer „Optimierung der Kosten“ begründet wurde.</p>
<p>Beim Austausch mit der neuen Ministerin, der in einer konstruktiven Atmosphäre stattfand, erläuterten die Vertreter des Ministeriums, dass die ursprüngliche Vorlage gegenwärtig überarbeitet werde. Ziel sei, ein Angebot für professionelle Unterstützung für die Sportvereine und -verbände zu bieten, und idealerweise die Mitarbeiter der IPESS, zum Beispiel Trainer oder eine administrative Unterstützung, nach einer Übergangsphase von den Vereinen selber eingestellt werden. In diesem Sinne sei eine Verbeamtung wenig zielführend.</p>
<p>Die Vertreter des OGBL gaben diesbezüglich zu bedenken, dass verhindert werden müsse, dass dies zu prekären Situationen führen könnte, und unterstrichen, dass auch hier angestrebt werden sollte, dass alle Beschäftigten über unbefristete Verträge verfügen sollten. Es muss auch sichergestellt werden, dass sie ihren Qualifikationen gemäß korrekt bezahlt werden. In diesem Sinne stellt sich für den OGBL die Frage der kollektivvertraglichen Absicherung des Personals, insofern es sich nicht um Staatsbeamte oder -angestellte handelt.</p>
<p>Insgesamt begrüßte der OGBL die Initiative den Sportsektor zu professionalisieren und auf diese Weise einem gewissen Wildwuchs, mit prekären Arbeitsbedingungen (häufig im Selbständigenstatus) bis hin zur Schwarzarbeit, entgegenzuwirken.</p>
<p>Beide Seiten waren sich einig, dass die Initiative das ehrenamtliche Engagement im Sportverein und in den Sportverbänden nicht ersetzen kann und es sich bei der neuen Initiative um eine Unterstützung, und nicht um eine staatliche Lenkung des Sports in Luxemburg handeln soll.</p>
<p><strong>Mitgeteilt von der Abteilung Öffentlicher Dienst des OGBL,<br />
</strong><strong>am 27. April 2026</strong></p>

<!-- This site is optimized with the Yoast SEO plugin v23.1 - https://yoast.com/wordpress/plugins/seo/ -->
<title></title>
<meta name="robots" content="index, follow, max-snippet:-1, max-image-preview:large, max-video-preview:-1" />
<link rel="canonical" href="https://www.ogbl.lu/communique/offener-austausch-uber-die-professionalisierung-des-sportsektors/" />
<meta property="og:locale" content="de_DE" />
<meta property="og:type" content="article" />
<meta property="og:title" content="[:fr]Offener Austausch über die Professionalisierung des Sportsektors[:] - OGBL" />
<meta property="og:description" content="Eine Delegation der Abteilung Öffentlicher Dienst des OGBL traf kürzlich die Sportministerin Martine Hansen sowie Beamte des Sportministeriums zu einem …" />
<meta property="og:url" content="https://www.ogbl.lu/communique/offener-austausch-uber-die-professionalisierung-des-sportsektors/" />
<meta property="og:site_name" content="OGBL" />
<meta property="og:image" content="https://www.ogbl.lu/wp-content/uploads/2026/04/Foto-der-Unterredung-zwischen-dem-OGBL-und-dem-Sportministerium.jpg" />
	<meta property="og:image:width" content="1498" />
	<meta property="og:image:height" content="995" />
	<meta property="og:image:type" content="image/jpeg" />
<meta name="twitter:card" content="summary_large_image" />
<meta name="twitter:label1" content="Est. reading time" />
	<meta name="twitter:data1" content="2 Minuten" />
<script type="application/ld+json" class="yoast-schema-graph">{"@context":"https://schema.org","@graph":[{"@type":"WebPage","@id":"https://www.ogbl.lu/communique/offener-austausch-uber-die-professionalisierung-des-sportsektors/","url":"https://www.ogbl.lu/communique/offener-austausch-uber-die-professionalisierung-des-sportsektors/","name":"[:fr]Offener Austausch über die Professionalisierung des Sportsektors[:] - OGBL","isPartOf":{"@id":"https://www.ogbl.lu/de/#website"},"primaryImageOfPage":{"@id":"https://www.ogbl.lu/communique/offener-austausch-uber-die-professionalisierung-des-sportsektors/#primaryimage"},"image":{"@id":"https://www.ogbl.lu/communique/offener-austausch-uber-die-professionalisierung-des-sportsektors/#primaryimage"},"thumbnailUrl":"https://www.ogbl.lu/wp-content/uploads/2026/04/Foto-der-Unterredung-zwischen-dem-OGBL-und-dem-Sportministerium-e1777283861480.jpg","datePublished":"2026-04-27T09:57:07+00:00","dateModified":"2026-04-27T09:57:07+00:00","breadcrumb":{"@id":"https://www.ogbl.lu/communique/offener-austausch-uber-die-professionalisierung-des-sportsektors/#breadcrumb"},"inLanguage":"de-DE","potentialAction":[{"@type":"ReadAction","target":["https://www.ogbl.lu/communique/offener-austausch-uber-die-professionalisierung-des-sportsektors/"]}]},{"@type":"ImageObject","inLanguage":"de-DE","@id":"https://www.ogbl.lu/communique/offener-austausch-uber-die-professionalisierung-des-sportsektors/#primaryimage","url":"https://www.ogbl.lu/wp-content/uploads/2026/04/Foto-der-Unterredung-zwischen-dem-OGBL-und-dem-Sportministerium-e1777283861480.jpg","contentUrl":"https://www.ogbl.lu/wp-content/uploads/2026/04/Foto-der-Unterredung-zwischen-dem-OGBL-und-dem-Sportministerium-e1777283861480.jpg","width":1498,"height":823},{"@type":"BreadcrumbList","@id":"https://www.ogbl.lu/communique/offener-austausch-uber-die-professionalisierung-des-sportsektors/#breadcrumb","itemListElement":[{"@type":"ListItem","position":1,"name":"Home","item":"https://www.ogbl.lu/"},{"@type":"ListItem","position":2,"name":"Offener Austausch über die Professionalisierung des Sportsektors"}]},{"@type":"WebSite","@id":"https://www.ogbl.lu/de/#website","url":"https://www.ogbl.lu/de/","name":"OGBL","description":"DIE GEWERKSCHAFT","publisher":{"@id":"https://www.ogbl.lu/de/#organization"},"potentialAction":[{"@type":"SearchAction","target":{"@type":"EntryPoint","urlTemplate":"https://www.ogbl.lu/de/?s={search_term_string}"},"query-input":"required name=search_term_string"}],"inLanguage":"de-DE"},{"@type":"Organization","@id":"https://www.ogbl.lu/de/#organization","name":"OGBL","url":"https://www.ogbl.lu/de/","logo":{"@type":"ImageObject","inLanguage":"de-DE","@id":"https://www.ogbl.lu/de/#/schema/logo/image/","url":"https://www.ogbl.lu/wp-content/uploads/2024/07/LOGO_Red_FR-svg.png","contentUrl":"https://www.ogbl.lu/wp-content/uploads/2024/07/LOGO_Red_FR-svg.png","width":369,"height":171,"caption":"OGBL"},"image":{"@id":"https://www.ogbl.lu/de/#/schema/logo/image/"}}]}</script>
<!-- / Yoast SEO plugin. -->

[:fr]Offener Austausch über die Professionalisierung des Sportsektors[:] - OGBL

Eine Delegation der Abteilung Öffentlicher Dienst des OGBL traf kürzlich die Sportministerin Martine Hansen sowie Beamte des Sportministeriums zu einem …
