{"id":965,"date":"2011-09-20T11:27:52","date_gmt":"2011-09-20T09:27:52","guid":{"rendered":"https:\/\/www.ogbl.lu\/communiques\/cargolux-sa-toujours-interessee-par-le-nouveau-type-davion-boeing-747-8f"},"modified":"2023-05-23T19:44:26","modified_gmt":"2023-05-23T17:44:26","slug":"cargolux-sa-toujours-interessee-par-le-nouveau-type-davion-boeing-747-8f","status":"publish","type":"communiques","link":"https:\/\/www.ogbl.lu\/de\/communique\/cargolux-sa-toujours-interessee-par-le-nouveau-type-davion-boeing-747-8f\/","title":{"rendered":"Cargolux weiterhin an Boeing 747-8F interessiert"},"content":{"rendered":"<p>Auf Anfrage des OGBL fand am 20. September eine Dringlichkeitssitzung zwischen der Cargolux-Generaldirektion und der Gewerkschaft statt.<\/p>\n<p>Ausl\u00f6ser war der Beschluss des Cargolux-Verwaltungsrats vom 16. September, die f\u00fcr diese Woche vorgesehene Lieferung von zwei neuen Jumbos 747-8F abzulehnen.<\/p>\n<p>Die Unterredung, an der f\u00fcr das Management Generaldirektor Frank Reimen sowie der Direktor der Rechtsabteilung Henning zur Hausen und f\u00fcr den OGBL David Massaro, Pr\u00e4sident der Personaldelegation, Armand Seil, Sekret\u00e4r der Personaldelegation und Hubert Hollerich, Gewerkschaftssekret\u00e4r f\u00fcr das Syndikat Zivile Luftfahrt, teilnahmen, fand in einem guten Klima statt.<\/p>\n<p>Die Cargolux-Direktion best\u00e4tigte, dass sie sich gegenw\u00e4rtig in sehr intensiven und konstruktiven Gespr\u00e4chen mit Boeing befinde. Auch bekundete die Cargolux-Direktion weiterhin Interesse am neuen Flugzeugtyp Boeing 747-8F zu haben, den sie auf jeden Fall in ihre Flotte integrieren m\u00f6chte.<\/p>\n<p>F\u00fcr den OGBL ist diese Aussage von zentraler Wichtigkeit, soll doch der neue Flugzeugtyp eines der Erfolgsrezepte der erst k\u00fcrzlich verabschiedeten Cargolux-Strategie darstellen.<\/p>\n<p>Auf Antrag des OGBL, werden sowohl das Comit\u00e9 mixte als auch die Personaldelegation sofort ins Bild gesetzt, sobald sich ein neues Moment in der Diskussion ergibt.<\/p>\n<p><strong> <\/strong><\/p>\n<p><strong>Mitgeteilt vom OGBL-Syndikat Zivile Luftfahrt<br \/>\nam 20. September 2011<\/strong><\/p>","protected":false},"author":1,"featured_media":0,"template":"","categorie_communiques":[44],"syndicat":[68],"acf":[],"yoast_head":"<!-- This site is optimized with the Yoast SEO plugin v23.1 - https:\/\/yoast.com\/wordpress\/plugins\/seo\/ -->\r\n<title>Cargolux weiterhin an Boeing 747-8F interessiert - OGBL<\/title>\r\n<meta name=\"robots\" content=\"index, follow, max-snippet:-1, max-image-preview:large, max-video-preview:-1\" \/>\r\n<link rel=\"canonical\" href=\"https:\/\/www.ogbl.lu\/communique\/cargolux-sa-toujours-interessee-par-le-nouveau-type-davion-boeing-747-8f\/\" \/>\r\n<meta property=\"og:locale\" content=\"de_DE\" \/>\r\n<meta property=\"og:type\" content=\"article\" \/>\r\n<meta property=\"og:title\" content=\"[:fr]Cargolux SA toujours int\u00e9ress\u00e9e par le nouveau type d\u2019avion Boeing 747-8F[:de]Cargolux weiterhin an Boeing 747-8F interessiert[:] - OGBL\" \/>\r\n<meta property=\"og:description\" content=\"Auf Anfrage des OGBL fand am 20. September eine Dringlichkeitssitzung zwischen der Cargolux-Generaldirektion und der Gewerkschaft statt. Ausl\u00f6ser war der \u2026\" \/>\r\n<meta property=\"og:url\" content=\"https:\/\/www.ogbl.lu\/communique\/cargolux-sa-toujours-interessee-par-le-nouveau-type-davion-boeing-747-8f\/\" \/>\r\n<meta property=\"og:site_name\" content=\"OGBL\" \/>\r\n<meta property=\"article:modified_time\" content=\"2023-05-23T17:44:26+00:00\" \/>\r\n<meta name=\"twitter:card\" content=\"summary_large_image\" \/>\r\n<meta name=\"twitter:label1\" content=\"Est. reading time\" \/>\n\t<meta name=\"twitter:data1\" content=\"2 Minuten\" \/>\r\n<script type=\"application\/ld+json\" class=\"yoast-schema-graph\">{\"@context\":\"https:\/\/schema.org\",\"@graph\":[{\"@type\":\"WebPage\",\"@id\":\"https:\/\/www.ogbl.lu\/communique\/cargolux-sa-toujours-interessee-par-le-nouveau-type-davion-boeing-747-8f\/\",\"url\":\"https:\/\/www.ogbl.lu\/communique\/cargolux-sa-toujours-interessee-par-le-nouveau-type-davion-boeing-747-8f\/\",\"name\":\"[:fr]Cargolux SA toujours int\u00e9ress\u00e9e par le nouveau type d\u2019avion Boeing 747-8F[:de]Cargolux weiterhin an Boeing 747-8F interessiert[:] - OGBL\",\"isPartOf\":{\"@id\":\"https:\/\/www.ogbl.lu\/de\/#website\"},\"datePublished\":\"2011-09-20T09:27:52+00:00\",\"dateModified\":\"2023-05-23T17:44:26+00:00\",\"breadcrumb\":{\"@id\":\"https:\/\/www.ogbl.lu\/communique\/cargolux-sa-toujours-interessee-par-le-nouveau-type-davion-boeing-747-8f\/#breadcrumb\"},\"inLanguage\":\"de-DE\",\"potentialAction\":[{\"@type\":\"ReadAction\",\"target\":[\"https:\/\/www.ogbl.lu\/communique\/cargolux-sa-toujours-interessee-par-le-nouveau-type-davion-boeing-747-8f\/\"]}]},{\"@type\":\"BreadcrumbList\",\"@id\":\"https:\/\/www.ogbl.lu\/communique\/cargolux-sa-toujours-interessee-par-le-nouveau-type-davion-boeing-747-8f\/#breadcrumb\",\"itemListElement\":[{\"@type\":\"ListItem\",\"position\":1,\"name\":\"Home\",\"item\":\"https:\/\/www.ogbl.lu\/\"},{\"@type\":\"ListItem\",\"position\":2,\"name\":\"Cargolux SA toujours int\u00e9ress\u00e9e par le nouveau type d\u2019avion Boeing 747-8F\"}]},{\"@type\":\"WebSite\",\"@id\":\"https:\/\/www.ogbl.lu\/de\/#website\",\"url\":\"https:\/\/www.ogbl.lu\/de\/\",\"name\":\"OGBL\",\"description\":\"DIE GEWERKSCHAFT\",\"publisher\":{\"@id\":\"https:\/\/www.ogbl.lu\/de\/#organization\"},\"potentialAction\":[{\"@type\":\"SearchAction\",\"target\":{\"@type\":\"EntryPoint\",\"urlTemplate\":\"https:\/\/www.ogbl.lu\/de\/?s={search_term_string}\"},\"query-input\":\"required name=search_term_string\"}],\"inLanguage\":\"de-DE\"},{\"@type\":\"Organization\",\"@id\":\"https:\/\/www.ogbl.lu\/de\/#organization\",\"name\":\"OGBL\",\"url\":\"https:\/\/www.ogbl.lu\/de\/\",\"logo\":{\"@type\":\"ImageObject\",\"inLanguage\":\"de-DE\",\"@id\":\"https:\/\/www.ogbl.lu\/de\/#\/schema\/logo\/image\/\",\"url\":\"https:\/\/www.ogbl.lu\/wp-content\/uploads\/2024\/07\/LOGO_Red_FR-svg.png\",\"contentUrl\":\"https:\/\/www.ogbl.lu\/wp-content\/uploads\/2024\/07\/LOGO_Red_FR-svg.png\",\"width\":369,\"height\":171,\"caption\":\"OGBL\"},\"image\":{\"@id\":\"https:\/\/www.ogbl.lu\/de\/#\/schema\/logo\/image\/\"}}]}<\/script>\r\n<!-- \/ Yoast SEO plugin. -->","yoast_head_json":{"title":"[:fr]Cargolux SA toujours int\u00e9ress\u00e9e par le nouveau type d\u2019avion Boeing 747-8F[:de]Cargolux weiterhin an Boeing 747-8F interessiert[:] - OGBL","robots":{"index":"index","follow":"follow","max-snippet":"max-snippet:-1","max-image-preview":"max-image-preview:large","max-video-preview":"max-video-preview:-1"},"canonical":"https:\/\/www.ogbl.lu\/communique\/cargolux-sa-toujours-interessee-par-le-nouveau-type-davion-boeing-747-8f\/","og_locale":"de_DE","og_type":"article","og_title":"[:fr]Cargolux SA toujours int\u00e9ress\u00e9e par le nouveau type d\u2019avion Boeing 747-8F[:de]Cargolux weiterhin an Boeing 747-8F interessiert[:] - OGBL","og_description":"Auf Anfrage des OGBL fand am 20. September eine Dringlichkeitssitzung zwischen der Cargolux-Generaldirektion und der Gewerkschaft statt. Ausl\u00f6ser war der \u2026","og_url":"https:\/\/www.ogbl.lu\/communique\/cargolux-sa-toujours-interessee-par-le-nouveau-type-davion-boeing-747-8f\/","og_site_name":"OGBL","article_modified_time":"2023-05-23T17:44:26+00:00","twitter_card":"summary_large_image","twitter_misc":{"Est. reading time":"2 Minuten"},"schema":{"@context":"https:\/\/schema.org","@graph":[{"@type":"WebPage","@id":"https:\/\/www.ogbl.lu\/communique\/cargolux-sa-toujours-interessee-par-le-nouveau-type-davion-boeing-747-8f\/","url":"https:\/\/www.ogbl.lu\/communique\/cargolux-sa-toujours-interessee-par-le-nouveau-type-davion-boeing-747-8f\/","name":"[:fr]Cargolux SA toujours int\u00e9ress\u00e9e par le nouveau type d\u2019avion Boeing 747-8F[:de]Cargolux weiterhin an Boeing 747-8F interessiert[:] - OGBL","isPartOf":{"@id":"https:\/\/www.ogbl.lu\/de\/#website"},"datePublished":"2011-09-20T09:27:52+00:00","dateModified":"2023-05-23T17:44:26+00:00","breadcrumb":{"@id":"https:\/\/www.ogbl.lu\/communique\/cargolux-sa-toujours-interessee-par-le-nouveau-type-davion-boeing-747-8f\/#breadcrumb"},"inLanguage":"de-DE","potentialAction":[{"@type":"ReadAction","target":["https:\/\/www.ogbl.lu\/communique\/cargolux-sa-toujours-interessee-par-le-nouveau-type-davion-boeing-747-8f\/"]}]},{"@type":"BreadcrumbList","@id":"https:\/\/www.ogbl.lu\/communique\/cargolux-sa-toujours-interessee-par-le-nouveau-type-davion-boeing-747-8f\/#breadcrumb","itemListElement":[{"@type":"ListItem","position":1,"name":"Home","item":"https:\/\/www.ogbl.lu\/"},{"@type":"ListItem","position":2,"name":"Cargolux SA toujours int\u00e9ress\u00e9e par le nouveau type d\u2019avion Boeing 747-8F"}]},{"@type":"WebSite","@id":"https:\/\/www.ogbl.lu\/de\/#website","url":"https:\/\/www.ogbl.lu\/de\/","name":"OGBL","description":"DIE GEWERKSCHAFT","publisher":{"@id":"https:\/\/www.ogbl.lu\/de\/#organization"},"potentialAction":[{"@type":"SearchAction","target":{"@type":"EntryPoint","urlTemplate":"https:\/\/www.ogbl.lu\/de\/?s={search_term_string}"},"query-input":"required name=search_term_string"}],"inLanguage":"de-DE"},{"@type":"Organization","@id":"https:\/\/www.ogbl.lu\/de\/#organization","name":"OGBL","url":"https:\/\/www.ogbl.lu\/de\/","logo":{"@type":"ImageObject","inLanguage":"de-DE","@id":"https:\/\/www.ogbl.lu\/de\/#\/schema\/logo\/image\/","url":"https:\/\/www.ogbl.lu\/wp-content\/uploads\/2024\/07\/LOGO_Red_FR-svg.png","contentUrl":"https:\/\/www.ogbl.lu\/wp-content\/uploads\/2024\/07\/LOGO_Red_FR-svg.png","width":369,"height":171,"caption":"OGBL"},"image":{"@id":"https:\/\/www.ogbl.lu\/de\/#\/schema\/logo\/image\/"}}]}},"_links":{"self":[{"href":"https:\/\/www.ogbl.lu\/de\/wp-json\/wp\/v2\/communiques\/965"}],"collection":[{"href":"https:\/\/www.ogbl.lu\/de\/wp-json\/wp\/v2\/communiques"}],"about":[{"href":"https:\/\/www.ogbl.lu\/de\/wp-json\/wp\/v2\/types\/communiques"}],"author":[{"embeddable":true,"href":"https:\/\/www.ogbl.lu\/de\/wp-json\/wp\/v2\/users\/1"}],"version-history":[{"count":0,"href":"https:\/\/www.ogbl.lu\/de\/wp-json\/wp\/v2\/communiques\/965\/revisions"}],"wp:attachment":[{"href":"https:\/\/www.ogbl.lu\/de\/wp-json\/wp\/v2\/media?parent=965"}],"wp:term":[{"taxonomy":"categorie_communiques","embeddable":true,"href":"https:\/\/www.ogbl.lu\/de\/wp-json\/wp\/v2\/categorie_communiques?post=965"},{"taxonomy":"syndicat","embeddable":true,"href":"https:\/\/www.ogbl.lu\/de\/wp-json\/wp\/v2\/syndicat?post=965"}],"curies":[{"name":"wp","href":"https:\/\/api.w.org\/{rel}","templated":true}]}}

<p>Auf Anfrage des OGBL fand am 20. September eine Dringlichkeitssitzung zwischen der Cargolux-Generaldirektion und der Gewerkschaft statt.</p>
<p>Auslöser war der Beschluss des Cargolux-Verwaltungsrats vom 16. September, die für diese Woche vorgesehene Lieferung von zwei neuen Jumbos 747-8F abzulehnen.</p>
<p>Die Unterredung, an der für das Management Generaldirektor Frank Reimen sowie der Direktor der Rechtsabteilung Henning zur Hausen und für den OGBL David Massaro, Präsident der Personaldelegation, Armand Seil, Sekretär der Personaldelegation und Hubert Hollerich, Gewerkschaftssekretär für das Syndikat Zivile Luftfahrt, teilnahmen, fand in einem guten Klima statt.</p>
<p>Die Cargolux-Direktion bestätigte, dass sie sich gegenwärtig in sehr intensiven und konstruktiven Gesprächen mit Boeing befinde. Auch bekundete die Cargolux-Direktion weiterhin Interesse am neuen Flugzeugtyp Boeing 747-8F zu haben, den sie auf jeden Fall in ihre Flotte integrieren möchte.</p>
<p>Für den OGBL ist diese Aussage von zentraler Wichtigkeit, soll doch der neue Flugzeugtyp eines der Erfolgsrezepte der erst kürzlich verabschiedeten Cargolux-Strategie darstellen.</p>
<p>Auf Antrag des OGBL, werden sowohl das Comité mixte als auch die Personaldelegation sofort ins Bild gesetzt, sobald sich ein neues Moment in der Diskussion ergibt.</p>
<p><strong> </strong></p>
<p><strong>Mitgeteilt vom OGBL-Syndikat Zivile Luftfahrt<br />
am 20. September 2011</strong></p>

<!-- This site is optimized with the Yoast SEO plugin v23.1 - https://yoast.com/wordpress/plugins/seo/ -->
<title>Cargolux weiterhin an Boeing 747-8F interessiert - OGBL</title>
<meta name="robots" content="index, follow, max-snippet:-1, max-image-preview:large, max-video-preview:-1" />
<link rel="canonical" href="https://www.ogbl.lu/communique/cargolux-sa-toujours-interessee-par-le-nouveau-type-davion-boeing-747-8f/" />
<meta property="og:locale" content="de_DE" />
<meta property="og:type" content="article" />
<meta property="og:title" content="[:fr]Cargolux SA toujours intéressée par le nouveau type d’avion Boeing 747-8F[:de]Cargolux weiterhin an Boeing 747-8F interessiert[:] - OGBL" />
<meta property="og:description" content="Auf Anfrage des OGBL fand am 20. September eine Dringlichkeitssitzung zwischen der Cargolux-Generaldirektion und der Gewerkschaft statt. Auslöser war der …" />
<meta property="og:url" content="https://www.ogbl.lu/communique/cargolux-sa-toujours-interessee-par-le-nouveau-type-davion-boeing-747-8f/" />
<meta property="og:site_name" content="OGBL" />
<meta property="article:modified_time" content="2023-05-23T17:44:26+00:00" />
<meta name="twitter:card" content="summary_large_image" />
<meta name="twitter:label1" content="Est. reading time" />
	<meta name="twitter:data1" content="2 Minuten" />
<script type="application/ld+json" class="yoast-schema-graph">{"@context":"https://schema.org","@graph":[{"@type":"WebPage","@id":"https://www.ogbl.lu/communique/cargolux-sa-toujours-interessee-par-le-nouveau-type-davion-boeing-747-8f/","url":"https://www.ogbl.lu/communique/cargolux-sa-toujours-interessee-par-le-nouveau-type-davion-boeing-747-8f/","name":"[:fr]Cargolux SA toujours intéressée par le nouveau type d’avion Boeing 747-8F[:de]Cargolux weiterhin an Boeing 747-8F interessiert[:] - OGBL","isPartOf":{"@id":"https://www.ogbl.lu/de/#website"},"datePublished":"2011-09-20T09:27:52+00:00","dateModified":"2023-05-23T17:44:26+00:00","breadcrumb":{"@id":"https://www.ogbl.lu/communique/cargolux-sa-toujours-interessee-par-le-nouveau-type-davion-boeing-747-8f/#breadcrumb"},"inLanguage":"de-DE","potentialAction":[{"@type":"ReadAction","target":["https://www.ogbl.lu/communique/cargolux-sa-toujours-interessee-par-le-nouveau-type-davion-boeing-747-8f/"]}]},{"@type":"BreadcrumbList","@id":"https://www.ogbl.lu/communique/cargolux-sa-toujours-interessee-par-le-nouveau-type-davion-boeing-747-8f/#breadcrumb","itemListElement":[{"@type":"ListItem","position":1,"name":"Home","item":"https://www.ogbl.lu/"},{"@type":"ListItem","position":2,"name":"Cargolux SA toujours intéressée par le nouveau type d’avion Boeing 747-8F"}]},{"@type":"WebSite","@id":"https://www.ogbl.lu/de/#website","url":"https://www.ogbl.lu/de/","name":"OGBL","description":"DIE GEWERKSCHAFT","publisher":{"@id":"https://www.ogbl.lu/de/#organization"},"potentialAction":[{"@type":"SearchAction","target":{"@type":"EntryPoint","urlTemplate":"https://www.ogbl.lu/de/?s={search_term_string}"},"query-input":"required name=search_term_string"}],"inLanguage":"de-DE"},{"@type":"Organization","@id":"https://www.ogbl.lu/de/#organization","name":"OGBL","url":"https://www.ogbl.lu/de/","logo":{"@type":"ImageObject","inLanguage":"de-DE","@id":"https://www.ogbl.lu/de/#/schema/logo/image/","url":"https://www.ogbl.lu/wp-content/uploads/2024/07/LOGO_Red_FR-svg.png","contentUrl":"https://www.ogbl.lu/wp-content/uploads/2024/07/LOGO_Red_FR-svg.png","width":369,"height":171,"caption":"OGBL"},"image":{"@id":"https://www.ogbl.lu/de/#/schema/logo/image/"}}]}</script>
<!-- / Yoast SEO plugin. -->

[:fr]Cargolux SA toujours intéressée par le nouveau type d’avion Boeing 747-8F[:de]Cargolux weiterhin an Boeing 747-8F interessiert[:] - OGBL

Auf Anfrage des OGBL fand am 20. September eine Dringlichkeitssitzung zwischen der Cargolux-Generaldirektion und der Gewerkschaft statt. Auslöser war der …

Cargolux SA toujours intéressée par le nouveau type d’avion Boeing 747-8F
