{"id":640,"date":"2009-04-23T14:02:48","date_gmt":"2009-04-23T12:02:48","guid":{"rendered":"https:\/\/www.ogbl.lu\/communiques\/7-syndicats-forment-un-front-syndical-uni-pour-le-16-mai"},"modified":"2023-07-03T11:30:38","modified_gmt":"2023-07-03T09:30:38","slug":"7-syndicats-forment-un-front-syndical-uni-pour-le-16-mai","status":"publish","type":"communiques","link":"https:\/\/www.ogbl.lu\/de\/communique\/7-syndicats-forment-un-front-syndical-uni-pour-le-16-mai\/","title":{"rendered":"7 Gewerkschaften bilden einheitliche Gewerkschaftsfront f\u00fcr den 16. Mai"},"content":{"rendered":"<p>Am 22. April trafen sich die Verantwortlichen von 7 Gewerkschaften zwecks Konzertierung f\u00fcr die gro\u00dfe Stra\u00dfendemonstration am 16. Mai 2009.<br \/>\nDie vom OGBL initiierte Demonstration aller Lohn- und Rentenabh\u00e4ngigen gegen Sozialabbau und f\u00fcr Besch\u00e4ftigung im Rahmen der aktuellen Wirtschaftskrise stie\u00df auf breite Zustimmung unter den luxemburgischen Gewerkschaften. Die Verantwortlichen von OGBL, LCGB, CGFP, ALEBA, FNCTTFEL, SYPROLUX und FGFC trafen sich am 22. April, um sich \u00fcber die praktischen Einzelheiten der Demo vom 16. Mai auszutauschen.<br \/>\nDie Gewerkschaften einigten sich auf die folgenden Hauptthemen:<\/p>\n<ul>\n<li>Zusammen gegen jede Form von Sozialabbau;<\/li>\n<li>F\u00fcr die Absicherung unserer Arbeitspl\u00e4tze und f\u00fcr Zukunftsperspektiven f\u00fcr unsere Jugend auf dem Arbeitsmarkt;<\/li>\n<li>F\u00fcr unsere L\u00f6hne und Kaufkraft;<\/li>\n<li>F\u00fcr den integralen Erhalt des automatischen Indexsystems;<\/li>\n<li>F\u00fcr den Erhalt unserer Sozialversicherungen und deren Leistungen.<\/li>\n<\/ul>\n<p>Alle anwesenden Gewerkschaftsf\u00fchrer betonten, dass es sich bei dieser Initiative um eine gewerkschaftliche Veranstaltung handelt, die ausschlie\u00dflich den Interessen der Arbeitnehmer, der zuk\u00fcnftigen Arbeitnehmer sowie der Rentner und Pensionierten dienen soll. Die Gewerkschaften werden es nicht zulassen, dass die Manifestation von den politischen Parteien f\u00fcr Wahlkampfzwecke missbraucht wird. Jeder, der sich von den ausgew\u00e4hlten Schwerpunktthemen angesprochen f\u00fchlt, ist aufgerufen, sich am 16. Mai zu beteiligen.<\/p>\n<p>Versammlungspunkt ist der Bahnhofsplatz der Stadt Luxemburg um 15.15 Uhr.<\/p>\n<p><strong>Mitgeteilt von OGBL, LCGB, CGFP, ALEBA, FGFC, FNCTTFEL und<\/strong> <strong>SYPROLUX<\/strong><br \/>\n<strong> am 23. April 2009<\/strong><\/p>","protected":false},"author":1,"featured_media":0,"template":"","categorie_communiques":[41],"syndicat":[],"acf":[],"yoast_head":"<!-- This site is optimized with the Yoast SEO plugin v23.1 - https:\/\/yoast.com\/wordpress\/plugins\/seo\/ -->\r\n<title>7 Gewerkschaften bilden einheitliche Gewerkschaftsfront f\u00fcr den 16. Mai - OGBL<\/title>\r\n<meta name=\"robots\" content=\"index, follow, max-snippet:-1, max-image-preview:large, max-video-preview:-1\" \/>\r\n<link rel=\"canonical\" href=\"https:\/\/www.ogbl.lu\/communique\/7-syndicats-forment-un-front-syndical-uni-pour-le-16-mai\/\" \/>\r\n<meta property=\"og:locale\" content=\"de_DE\" \/>\r\n<meta property=\"og:type\" content=\"article\" \/>\r\n<meta property=\"og:title\" content=\"[:fr]7 syndicats forment un front syndical uni pour le 16 mai[:de]7 Gewerkschaften bilden einheitliche Gewerkschaftsfront f\u00fcr den 16. Mai[:en]7 syndicats forment un front syndical uni pour le 16 mai[:] - OGBL\" \/>\r\n<meta property=\"og:description\" content=\"Am 22. April trafen sich die Verantwortlichen von 7 Gewerkschaften zwecks Konzertierung f\u00fcr die gro\u00dfe Stra\u00dfendemonstration am 16. Mai 2009. \u2026\" \/>\r\n<meta property=\"og:url\" content=\"https:\/\/www.ogbl.lu\/communique\/7-syndicats-forment-un-front-syndical-uni-pour-le-16-mai\/\" \/>\r\n<meta property=\"og:site_name\" content=\"OGBL\" \/>\r\n<meta property=\"article:modified_time\" content=\"2023-07-03T09:30:38+00:00\" \/>\r\n<meta name=\"twitter:card\" content=\"summary_large_image\" \/>\r\n<meta name=\"twitter:label1\" content=\"Est. reading time\" \/>\n\t<meta name=\"twitter:data1\" content=\"3 Minuten\" \/>\r\n<script type=\"application\/ld+json\" class=\"yoast-schema-graph\">{\"@context\":\"https:\/\/schema.org\",\"@graph\":[{\"@type\":\"WebPage\",\"@id\":\"https:\/\/www.ogbl.lu\/communique\/7-syndicats-forment-un-front-syndical-uni-pour-le-16-mai\/\",\"url\":\"https:\/\/www.ogbl.lu\/communique\/7-syndicats-forment-un-front-syndical-uni-pour-le-16-mai\/\",\"name\":\"[:fr]7 syndicats forment un front syndical uni pour le 16 mai[:de]7 Gewerkschaften bilden einheitliche Gewerkschaftsfront f\u00fcr den 16. Mai[:en]7 syndicats forment un front syndical uni pour le 16 mai[:] - OGBL\",\"isPartOf\":{\"@id\":\"https:\/\/www.ogbl.lu\/de\/#website\"},\"datePublished\":\"2009-04-23T12:02:48+00:00\",\"dateModified\":\"2023-07-03T09:30:38+00:00\",\"breadcrumb\":{\"@id\":\"https:\/\/www.ogbl.lu\/communique\/7-syndicats-forment-un-front-syndical-uni-pour-le-16-mai\/#breadcrumb\"},\"inLanguage\":\"de-DE\",\"potentialAction\":[{\"@type\":\"ReadAction\",\"target\":[\"https:\/\/www.ogbl.lu\/communique\/7-syndicats-forment-un-front-syndical-uni-pour-le-16-mai\/\"]}]},{\"@type\":\"BreadcrumbList\",\"@id\":\"https:\/\/www.ogbl.lu\/communique\/7-syndicats-forment-un-front-syndical-uni-pour-le-16-mai\/#breadcrumb\",\"itemListElement\":[{\"@type\":\"ListItem\",\"position\":1,\"name\":\"Home\",\"item\":\"https:\/\/www.ogbl.lu\/\"},{\"@type\":\"ListItem\",\"position\":2,\"name\":\"7 syndicats forment un front syndical uni pour le 16 mai\"}]},{\"@type\":\"WebSite\",\"@id\":\"https:\/\/www.ogbl.lu\/de\/#website\",\"url\":\"https:\/\/www.ogbl.lu\/de\/\",\"name\":\"OGBL\",\"description\":\"DIE GEWERKSCHAFT\",\"publisher\":{\"@id\":\"https:\/\/www.ogbl.lu\/de\/#organization\"},\"potentialAction\":[{\"@type\":\"SearchAction\",\"target\":{\"@type\":\"EntryPoint\",\"urlTemplate\":\"https:\/\/www.ogbl.lu\/de\/?s={search_term_string}\"},\"query-input\":\"required name=search_term_string\"}],\"inLanguage\":\"de-DE\"},{\"@type\":\"Organization\",\"@id\":\"https:\/\/www.ogbl.lu\/de\/#organization\",\"name\":\"OGBL\",\"url\":\"https:\/\/www.ogbl.lu\/de\/\",\"logo\":{\"@type\":\"ImageObject\",\"inLanguage\":\"de-DE\",\"@id\":\"https:\/\/www.ogbl.lu\/de\/#\/schema\/logo\/image\/\",\"url\":\"https:\/\/www.ogbl.lu\/wp-content\/uploads\/2024\/07\/LOGO_Red_FR-svg.png\",\"contentUrl\":\"https:\/\/www.ogbl.lu\/wp-content\/uploads\/2024\/07\/LOGO_Red_FR-svg.png\",\"width\":369,\"height\":171,\"caption\":\"OGBL\"},\"image\":{\"@id\":\"https:\/\/www.ogbl.lu\/de\/#\/schema\/logo\/image\/\"}}]}<\/script>\r\n<!-- \/ Yoast SEO plugin. -->","yoast_head_json":{"title":"[:fr]7 syndicats forment un front syndical uni pour le 16 mai[:de]7 Gewerkschaften bilden einheitliche Gewerkschaftsfront f\u00fcr den 16. Mai[:en]7 syndicats forment un front syndical uni pour le 16 mai[:] - OGBL","robots":{"index":"index","follow":"follow","max-snippet":"max-snippet:-1","max-image-preview":"max-image-preview:large","max-video-preview":"max-video-preview:-1"},"canonical":"https:\/\/www.ogbl.lu\/communique\/7-syndicats-forment-un-front-syndical-uni-pour-le-16-mai\/","og_locale":"de_DE","og_type":"article","og_title":"[:fr]7 syndicats forment un front syndical uni pour le 16 mai[:de]7 Gewerkschaften bilden einheitliche Gewerkschaftsfront f\u00fcr den 16. Mai[:en]7 syndicats forment un front syndical uni pour le 16 mai[:] - OGBL","og_description":"Am 22. April trafen sich die Verantwortlichen von 7 Gewerkschaften zwecks Konzertierung f\u00fcr die gro\u00dfe Stra\u00dfendemonstration am 16. Mai 2009. \u2026","og_url":"https:\/\/www.ogbl.lu\/communique\/7-syndicats-forment-un-front-syndical-uni-pour-le-16-mai\/","og_site_name":"OGBL","article_modified_time":"2023-07-03T09:30:38+00:00","twitter_card":"summary_large_image","twitter_misc":{"Est. reading time":"3 Minuten"},"schema":{"@context":"https:\/\/schema.org","@graph":[{"@type":"WebPage","@id":"https:\/\/www.ogbl.lu\/communique\/7-syndicats-forment-un-front-syndical-uni-pour-le-16-mai\/","url":"https:\/\/www.ogbl.lu\/communique\/7-syndicats-forment-un-front-syndical-uni-pour-le-16-mai\/","name":"[:fr]7 syndicats forment un front syndical uni pour le 16 mai[:de]7 Gewerkschaften bilden einheitliche Gewerkschaftsfront f\u00fcr den 16. Mai[:en]7 syndicats forment un front syndical uni pour le 16 mai[:] - OGBL","isPartOf":{"@id":"https:\/\/www.ogbl.lu\/de\/#website"},"datePublished":"2009-04-23T12:02:48+00:00","dateModified":"2023-07-03T09:30:38+00:00","breadcrumb":{"@id":"https:\/\/www.ogbl.lu\/communique\/7-syndicats-forment-un-front-syndical-uni-pour-le-16-mai\/#breadcrumb"},"inLanguage":"de-DE","potentialAction":[{"@type":"ReadAction","target":["https:\/\/www.ogbl.lu\/communique\/7-syndicats-forment-un-front-syndical-uni-pour-le-16-mai\/"]}]},{"@type":"BreadcrumbList","@id":"https:\/\/www.ogbl.lu\/communique\/7-syndicats-forment-un-front-syndical-uni-pour-le-16-mai\/#breadcrumb","itemListElement":[{"@type":"ListItem","position":1,"name":"Home","item":"https:\/\/www.ogbl.lu\/"},{"@type":"ListItem","position":2,"name":"7 syndicats forment un front syndical uni pour le 16 mai"}]},{"@type":"WebSite","@id":"https:\/\/www.ogbl.lu\/de\/#website","url":"https:\/\/www.ogbl.lu\/de\/","name":"OGBL","description":"DIE GEWERKSCHAFT","publisher":{"@id":"https:\/\/www.ogbl.lu\/de\/#organization"},"potentialAction":[{"@type":"SearchAction","target":{"@type":"EntryPoint","urlTemplate":"https:\/\/www.ogbl.lu\/de\/?s={search_term_string}"},"query-input":"required name=search_term_string"}],"inLanguage":"de-DE"},{"@type":"Organization","@id":"https:\/\/www.ogbl.lu\/de\/#organization","name":"OGBL","url":"https:\/\/www.ogbl.lu\/de\/","logo":{"@type":"ImageObject","inLanguage":"de-DE","@id":"https:\/\/www.ogbl.lu\/de\/#\/schema\/logo\/image\/","url":"https:\/\/www.ogbl.lu\/wp-content\/uploads\/2024\/07\/LOGO_Red_FR-svg.png","contentUrl":"https:\/\/www.ogbl.lu\/wp-content\/uploads\/2024\/07\/LOGO_Red_FR-svg.png","width":369,"height":171,"caption":"OGBL"},"image":{"@id":"https:\/\/www.ogbl.lu\/de\/#\/schema\/logo\/image\/"}}]}},"_links":{"self":[{"href":"https:\/\/www.ogbl.lu\/de\/wp-json\/wp\/v2\/communiques\/640"}],"collection":[{"href":"https:\/\/www.ogbl.lu\/de\/wp-json\/wp\/v2\/communiques"}],"about":[{"href":"https:\/\/www.ogbl.lu\/de\/wp-json\/wp\/v2\/types\/communiques"}],"author":[{"embeddable":true,"href":"https:\/\/www.ogbl.lu\/de\/wp-json\/wp\/v2\/users\/1"}],"version-history":[{"count":0,"href":"https:\/\/www.ogbl.lu\/de\/wp-json\/wp\/v2\/communiques\/640\/revisions"}],"wp:attachment":[{"href":"https:\/\/www.ogbl.lu\/de\/wp-json\/wp\/v2\/media?parent=640"}],"wp:term":[{"taxonomy":"categorie_communiques","embeddable":true,"href":"https:\/\/www.ogbl.lu\/de\/wp-json\/wp\/v2\/categorie_communiques?post=640"},{"taxonomy":"syndicat","embeddable":true,"href":"https:\/\/www.ogbl.lu\/de\/wp-json\/wp\/v2\/syndicat?post=640"}],"curies":[{"name":"wp","href":"https:\/\/api.w.org\/{rel}","templated":true}]}}

7 Gewerkschaften bilden einheitliche Gewerkschaftsfront für den 16. Mai

<p>Am 22. April trafen sich die Verantwortlichen von 7 Gewerkschaften zwecks Konzertierung für die große Straßendemonstration am 16. Mai 2009.<br />
Die vom OGBL initiierte Demonstration aller Lohn- und Rentenabhängigen gegen Sozialabbau und für Beschäftigung im Rahmen der aktuellen Wirtschaftskrise stieß auf breite Zustimmung unter den luxemburgischen Gewerkschaften. Die Verantwortlichen von OGBL, LCGB, CGFP, ALEBA, FNCTTFEL, SYPROLUX und FGFC trafen sich am 22. April, um sich über die praktischen Einzelheiten der Demo vom 16. Mai auszutauschen.<br />
Die Gewerkschaften einigten sich auf die folgenden Hauptthemen:</p>
<ul>
<li>Zusammen gegen jede Form von Sozialabbau;</li>
<li>Für die Absicherung unserer Arbeitsplätze und für Zukunftsperspektiven für unsere Jugend auf dem Arbeitsmarkt;</li>
<li>Für unsere Löhne und Kaufkraft;</li>
<li>Für den integralen Erhalt des automatischen Indexsystems;</li>
<li>Für den Erhalt unserer Sozialversicherungen und deren Leistungen.</li>
</ul>
<p>Alle anwesenden Gewerkschaftsführer betonten, dass es sich bei dieser Initiative um eine gewerkschaftliche Veranstaltung handelt, die ausschließlich den Interessen der Arbeitnehmer, der zukünftigen Arbeitnehmer sowie der Rentner und Pensionierten dienen soll. Die Gewerkschaften werden es nicht zulassen, dass die Manifestation von den politischen Parteien für Wahlkampfzwecke missbraucht wird. Jeder, der sich von den ausgewählten Schwerpunktthemen angesprochen fühlt, ist aufgerufen, sich am 16. Mai zu beteiligen.</p>
<p>Versammlungspunkt ist der Bahnhofsplatz der Stadt Luxemburg um 15.15 Uhr.</p>
<p><strong>Mitgeteilt von OGBL, LCGB, CGFP, ALEBA, FGFC, FNCTTFEL und</strong> <strong>SYPROLUX</strong><br />
<strong> am 23. April 2009</strong></p>

<!-- This site is optimized with the Yoast SEO plugin v23.1 - https://yoast.com/wordpress/plugins/seo/ -->
<title>7 Gewerkschaften bilden einheitliche Gewerkschaftsfront für den 16. Mai - OGBL</title>
<meta name="robots" content="index, follow, max-snippet:-1, max-image-preview:large, max-video-preview:-1" />
<link rel="canonical" href="https://www.ogbl.lu/communique/7-syndicats-forment-un-front-syndical-uni-pour-le-16-mai/" />
<meta property="og:locale" content="de_DE" />
<meta property="og:type" content="article" />
<meta property="og:title" content="[:fr]7 syndicats forment un front syndical uni pour le 16 mai[:de]7 Gewerkschaften bilden einheitliche Gewerkschaftsfront für den 16. Mai[:en]7 syndicats forment un front syndical uni pour le 16 mai[:] - OGBL" />
<meta property="og:description" content="Am 22. April trafen sich die Verantwortlichen von 7 Gewerkschaften zwecks Konzertierung für die große Straßendemonstration am 16. Mai 2009. …" />
<meta property="og:url" content="https://www.ogbl.lu/communique/7-syndicats-forment-un-front-syndical-uni-pour-le-16-mai/" />
<meta property="og:site_name" content="OGBL" />
<meta property="article:modified_time" content="2023-07-03T09:30:38+00:00" />
<meta name="twitter:card" content="summary_large_image" />
<meta name="twitter:label1" content="Est. reading time" />
	<meta name="twitter:data1" content="3 Minuten" />
<script type="application/ld+json" class="yoast-schema-graph">{"@context":"https://schema.org","@graph":[{"@type":"WebPage","@id":"https://www.ogbl.lu/communique/7-syndicats-forment-un-front-syndical-uni-pour-le-16-mai/","url":"https://www.ogbl.lu/communique/7-syndicats-forment-un-front-syndical-uni-pour-le-16-mai/","name":"[:fr]7 syndicats forment un front syndical uni pour le 16 mai[:de]7 Gewerkschaften bilden einheitliche Gewerkschaftsfront für den 16. Mai[:en]7 syndicats forment un front syndical uni pour le 16 mai[:] - OGBL","isPartOf":{"@id":"https://www.ogbl.lu/de/#website"},"datePublished":"2009-04-23T12:02:48+00:00","dateModified":"2023-07-03T09:30:38+00:00","breadcrumb":{"@id":"https://www.ogbl.lu/communique/7-syndicats-forment-un-front-syndical-uni-pour-le-16-mai/#breadcrumb"},"inLanguage":"de-DE","potentialAction":[{"@type":"ReadAction","target":["https://www.ogbl.lu/communique/7-syndicats-forment-un-front-syndical-uni-pour-le-16-mai/"]}]},{"@type":"BreadcrumbList","@id":"https://www.ogbl.lu/communique/7-syndicats-forment-un-front-syndical-uni-pour-le-16-mai/#breadcrumb","itemListElement":[{"@type":"ListItem","position":1,"name":"Home","item":"https://www.ogbl.lu/"},{"@type":"ListItem","position":2,"name":"7 syndicats forment un front syndical uni pour le 16 mai"}]},{"@type":"WebSite","@id":"https://www.ogbl.lu/de/#website","url":"https://www.ogbl.lu/de/","name":"OGBL","description":"DIE GEWERKSCHAFT","publisher":{"@id":"https://www.ogbl.lu/de/#organization"},"potentialAction":[{"@type":"SearchAction","target":{"@type":"EntryPoint","urlTemplate":"https://www.ogbl.lu/de/?s={search_term_string}"},"query-input":"required name=search_term_string"}],"inLanguage":"de-DE"},{"@type":"Organization","@id":"https://www.ogbl.lu/de/#organization","name":"OGBL","url":"https://www.ogbl.lu/de/","logo":{"@type":"ImageObject","inLanguage":"de-DE","@id":"https://www.ogbl.lu/de/#/schema/logo/image/","url":"https://www.ogbl.lu/wp-content/uploads/2024/07/LOGO_Red_FR-svg.png","contentUrl":"https://www.ogbl.lu/wp-content/uploads/2024/07/LOGO_Red_FR-svg.png","width":369,"height":171,"caption":"OGBL"},"image":{"@id":"https://www.ogbl.lu/de/#/schema/logo/image/"}}]}</script>
<!-- / Yoast SEO plugin. -->

[:fr]7 syndicats forment un front syndical uni pour le 16 mai[:de]7 Gewerkschaften bilden einheitliche Gewerkschaftsfront für den 16. Mai[:en]7 syndicats forment un front syndical uni pour le 16 mai[:] - OGBL

Am 22. April trafen sich die Verantwortlichen von 7 Gewerkschaften zwecks Konzertierung für die große Straßendemonstration am 16. Mai 2009. …
