{"id":61268,"date":"2025-11-20T14:41:10","date_gmt":"2025-11-20T13:41:10","guid":{"rendered":"https:\/\/www.ogbl.lu\/?post_type=communiques&#038;p=61268"},"modified":"2025-11-20T14:41:10","modified_gmt":"2025-11-20T13:41:10","slug":"renouvellement-de-la-convention-collective-pour-les-salaries-de-mister-minit-luxembourg","status":"publish","type":"communiques","link":"https:\/\/www.ogbl.lu\/de\/communique\/renouvellement-de-la-convention-collective-pour-les-salaries-de-mister-minit-luxembourg\/","title":{"rendered":"Renouvellement de la convention collective pour les salari\u00e9s de Mister Minit Luxembourg"},"content":{"rendered":"<p class=\"qtranxs-available-languages-message qtranxs-available-languages-message-de\"> <\/p><p>L\u2019OGBL et la direction de Mister Minit Luxembourg ont sign\u00e9 le 19 novembre 2025 le renouvellement de la convention collective pour les quelque 20 salari\u00e9s de l\u2019entreprise, active dans les services de cordonnerie et de reproduction de cl\u00e9s.<\/p>\n<p>Cette convention collective est valable du 1<sup>er<\/sup> janvier 2025 au 31 d\u00e9cembre 2026, soit pour une dur\u00e9e de deux ans.<\/p>\n<p>Les n\u00e9gociations se sont d\u00e9roul\u00e9es dans un climat de dialogue constructif et respectueux, marqu\u00e9 par une volont\u00e9 commune d\u2019aboutir \u00e0 des am\u00e9liorations concr\u00e8tes pour le personnel. Cela fait plusieurs ann\u00e9es qu\u2019une convention collective est en place chez Mister Minit Luxembourg. Ren\u00e9goci\u00e9e \u00e0 plusieurs reprises par l\u2019OGBL et les d\u00e9l\u00e9gu\u00e9s, elle a progressivement \u00e9t\u00e9 renforc\u00e9e au fil des signatures successives. La version qui vient d\u2019\u00eatre renouvel\u00e9e s\u2019inscrit dans cette dynamique d\u2019am\u00e9lioration continue \u2014 une \u00e9volution qui t\u00e9moigne de la reconnaissance, au travers des n\u00e9gociations, que l\u2019am\u00e9lioration des conditions de travail et la valorisation du personnel constituent des \u00e9l\u00e9ments essentiels \u00e0 la p\u00e9rennit\u00e9 de l\u2019entreprise.<\/p>\n<p>Cette nouvelle convention collective apporte plusieurs avanc\u00e9es, parmi lesquelles :<\/p>\n<ul>\n<li>l\u2019augmentation de l\u2019indemnit\u00e9 kilom\u00e9trique pour les trajets domicile-lieu de travail<\/li>\n<li>l\u2019augmentation de l\u2019indemnit\u00e9 forfaitaire destin\u00e9e \u00e0 couvrir les frais de repas, renfor\u00e7ant ainsi la prise en charge du co\u00fbt de la vie quotidienne<\/li>\n<li>l\u2019introduction d\u2019un nouveau cong\u00e9 accord\u00e9 sous certaines conditions.<\/li>\n<li>la stabilisation du seuil utilis\u00e9 pour le calcul d\u2019une prime interne, permettant une m\u00e9thode de calcul plus avantageuse pour les salari\u00e9s<\/li>\n<li>l\u2019introduction d\u2019un article sur le droit \u00e0 la d\u00e9connexion, garantissant un meilleur \u00e9quilibre entre vie professionnelle et vie priv\u00e9e<\/li>\n<li>l\u2019int\u00e9gration d\u2019un article relatif au harc\u00e8lement moral, sexuel et \u00e0 la violence au travail<\/li>\n<\/ul>\n<p>Ces avanc\u00e9es contribuent \u00e0 renforcer encore le pouvoir d\u2019achat, la s\u00e9curit\u00e9 et le bien-\u00eatre des salari\u00e9s.<\/p>\n<p>L\u2019OGBL salue cette nouvelle \u00e9tape positive et r\u00e9affirme son engagement aupr\u00e8s des salari\u00e9s de Mister Minit Luxembourg \u00e0 continuer \u00e0 d\u00e9fendre et am\u00e9liorer leurs conditions de travail.<\/p>\n<p><strong>Communiqu\u00e9 par le syndicat Commerce de l\u2019OGBL,<br \/>\n<\/strong><strong>le 20 novembre 2025<\/strong><\/p>","protected":false},"author":4,"featured_media":61269,"template":"","categorie_communiques":[48],"syndicat":[78],"acf":[],"yoast_head":"<!-- This site is optimized with the Yoast SEO plugin v23.1 - https:\/\/yoast.com\/wordpress\/plugins\/seo\/ -->\r\n<title><\/title>\r\n<meta name=\"robots\" content=\"index, follow, max-snippet:-1, max-image-preview:large, max-video-preview:-1\" \/>\r\n<link rel=\"canonical\" href=\"https:\/\/www.ogbl.lu\/communique\/renouvellement-de-la-convention-collective-pour-les-salaries-de-mister-minit-luxembourg\/\" \/>\r\n<meta property=\"og:locale\" content=\"de_DE\" \/>\r\n<meta property=\"og:type\" content=\"article\" \/>\r\n<meta property=\"og:title\" content=\"[:fr]Renouvellement de la convention collective pour les salari\u00e9s de Mister Minit Luxembourg[:] - OGBL\" \/>\r\n<meta property=\"og:description\" content=\"L\u2019OGBL et la direction de Mister Minit Luxembourg ont sign\u00e9 le 19 novembre 2025 le renouvellement de la convention collective \u2026\" \/>\r\n<meta property=\"og:url\" content=\"https:\/\/www.ogbl.lu\/communique\/renouvellement-de-la-convention-collective-pour-les-salaries-de-mister-minit-luxembourg\/\" \/>\r\n<meta property=\"og:site_name\" content=\"OGBL\" \/>\r\n<meta property=\"og:image\" content=\"https:\/\/www.ogbl.lu\/wp-content\/uploads\/2025\/11\/IMG_2725-scaled-e1763646055582.jpeg\" \/>\r\n\t<meta property=\"og:image:width\" content=\"2491\" \/>\r\n\t<meta property=\"og:image:height\" content=\"1440\" \/>\r\n\t<meta property=\"og:image:type\" content=\"image\/jpeg\" \/>\r\n<meta name=\"twitter:card\" content=\"summary_large_image\" \/>\r\n<meta name=\"twitter:label1\" content=\"Est. reading time\" \/>\n\t<meta name=\"twitter:data1\" content=\"2 Minuten\" \/>\r\n<script type=\"application\/ld+json\" class=\"yoast-schema-graph\">{\"@context\":\"https:\/\/schema.org\",\"@graph\":[{\"@type\":\"WebPage\",\"@id\":\"https:\/\/www.ogbl.lu\/communique\/renouvellement-de-la-convention-collective-pour-les-salaries-de-mister-minit-luxembourg\/\",\"url\":\"https:\/\/www.ogbl.lu\/communique\/renouvellement-de-la-convention-collective-pour-les-salaries-de-mister-minit-luxembourg\/\",\"name\":\"[:fr]Renouvellement de la convention collective pour les salari\u00e9s de Mister Minit Luxembourg[:] - OGBL\",\"isPartOf\":{\"@id\":\"https:\/\/www.ogbl.lu\/de\/#website\"},\"primaryImageOfPage\":{\"@id\":\"https:\/\/www.ogbl.lu\/communique\/renouvellement-de-la-convention-collective-pour-les-salaries-de-mister-minit-luxembourg\/#primaryimage\"},\"image\":{\"@id\":\"https:\/\/www.ogbl.lu\/communique\/renouvellement-de-la-convention-collective-pour-les-salaries-de-mister-minit-luxembourg\/#primaryimage\"},\"thumbnailUrl\":\"https:\/\/www.ogbl.lu\/wp-content\/uploads\/2025\/11\/IMG_2725-scaled-e1763646055582.jpeg\",\"datePublished\":\"2025-11-20T13:41:10+00:00\",\"dateModified\":\"2025-11-20T13:41:10+00:00\",\"breadcrumb\":{\"@id\":\"https:\/\/www.ogbl.lu\/communique\/renouvellement-de-la-convention-collective-pour-les-salaries-de-mister-minit-luxembourg\/#breadcrumb\"},\"inLanguage\":\"de-DE\",\"potentialAction\":[{\"@type\":\"ReadAction\",\"target\":[\"https:\/\/www.ogbl.lu\/communique\/renouvellement-de-la-convention-collective-pour-les-salaries-de-mister-minit-luxembourg\/\"]}]},{\"@type\":\"ImageObject\",\"inLanguage\":\"de-DE\",\"@id\":\"https:\/\/www.ogbl.lu\/communique\/renouvellement-de-la-convention-collective-pour-les-salaries-de-mister-minit-luxembourg\/#primaryimage\",\"url\":\"https:\/\/www.ogbl.lu\/wp-content\/uploads\/2025\/11\/IMG_2725-scaled-e1763646055582.jpeg\",\"contentUrl\":\"https:\/\/www.ogbl.lu\/wp-content\/uploads\/2025\/11\/IMG_2725-scaled-e1763646055582.jpeg\",\"width\":2491,\"height\":1440},{\"@type\":\"BreadcrumbList\",\"@id\":\"https:\/\/www.ogbl.lu\/communique\/renouvellement-de-la-convention-collective-pour-les-salaries-de-mister-minit-luxembourg\/#breadcrumb\",\"itemListElement\":[{\"@type\":\"ListItem\",\"position\":1,\"name\":\"Home\",\"item\":\"https:\/\/www.ogbl.lu\/\"},{\"@type\":\"ListItem\",\"position\":2,\"name\":\"Renouvellement de la convention collective pour les salari\u00e9s de Mister Minit Luxembourg\"}]},{\"@type\":\"WebSite\",\"@id\":\"https:\/\/www.ogbl.lu\/de\/#website\",\"url\":\"https:\/\/www.ogbl.lu\/de\/\",\"name\":\"OGBL\",\"description\":\"DIE GEWERKSCHAFT\",\"publisher\":{\"@id\":\"https:\/\/www.ogbl.lu\/de\/#organization\"},\"potentialAction\":[{\"@type\":\"SearchAction\",\"target\":{\"@type\":\"EntryPoint\",\"urlTemplate\":\"https:\/\/www.ogbl.lu\/de\/?s={search_term_string}\"},\"query-input\":\"required name=search_term_string\"}],\"inLanguage\":\"de-DE\"},{\"@type\":\"Organization\",\"@id\":\"https:\/\/www.ogbl.lu\/de\/#organization\",\"name\":\"OGBL\",\"url\":\"https:\/\/www.ogbl.lu\/de\/\",\"logo\":{\"@type\":\"ImageObject\",\"inLanguage\":\"de-DE\",\"@id\":\"https:\/\/www.ogbl.lu\/de\/#\/schema\/logo\/image\/\",\"url\":\"https:\/\/www.ogbl.lu\/wp-content\/uploads\/2024\/07\/LOGO_Red_FR-svg.png\",\"contentUrl\":\"https:\/\/www.ogbl.lu\/wp-content\/uploads\/2024\/07\/LOGO_Red_FR-svg.png\",\"width\":369,\"height\":171,\"caption\":\"OGBL\"},\"image\":{\"@id\":\"https:\/\/www.ogbl.lu\/de\/#\/schema\/logo\/image\/\"}}]}<\/script>\r\n<!-- \/ Yoast SEO plugin. -->","yoast_head_json":{"title":"[:fr]Renouvellement de la convention collective pour les salari\u00e9s de Mister Minit Luxembourg[:] - OGBL","robots":{"index":"index","follow":"follow","max-snippet":"max-snippet:-1","max-image-preview":"max-image-preview:large","max-video-preview":"max-video-preview:-1"},"canonical":"https:\/\/www.ogbl.lu\/communique\/renouvellement-de-la-convention-collective-pour-les-salaries-de-mister-minit-luxembourg\/","og_locale":"de_DE","og_type":"article","og_title":"[:fr]Renouvellement de la convention collective pour les salari\u00e9s de Mister Minit Luxembourg[:] - OGBL","og_description":"L\u2019OGBL et la direction de Mister Minit Luxembourg ont sign\u00e9 le 19 novembre 2025 le renouvellement de la convention collective \u2026","og_url":"https:\/\/www.ogbl.lu\/communique\/renouvellement-de-la-convention-collective-pour-les-salaries-de-mister-minit-luxembourg\/","og_site_name":"OGBL","og_image":[{"width":2491,"height":1440,"url":"https:\/\/www.ogbl.lu\/wp-content\/uploads\/2025\/11\/IMG_2725-scaled-e1763646055582.jpeg","type":"image\/jpeg"}],"twitter_card":"summary_large_image","twitter_misc":{"Est. reading time":"2 Minuten"},"schema":{"@context":"https:\/\/schema.org","@graph":[{"@type":"WebPage","@id":"https:\/\/www.ogbl.lu\/communique\/renouvellement-de-la-convention-collective-pour-les-salaries-de-mister-minit-luxembourg\/","url":"https:\/\/www.ogbl.lu\/communique\/renouvellement-de-la-convention-collective-pour-les-salaries-de-mister-minit-luxembourg\/","name":"[:fr]Renouvellement de la convention collective pour les salari\u00e9s de Mister Minit Luxembourg[:] - OGBL","isPartOf":{"@id":"https:\/\/www.ogbl.lu\/de\/#website"},"primaryImageOfPage":{"@id":"https:\/\/www.ogbl.lu\/communique\/renouvellement-de-la-convention-collective-pour-les-salaries-de-mister-minit-luxembourg\/#primaryimage"},"image":{"@id":"https:\/\/www.ogbl.lu\/communique\/renouvellement-de-la-convention-collective-pour-les-salaries-de-mister-minit-luxembourg\/#primaryimage"},"thumbnailUrl":"https:\/\/www.ogbl.lu\/wp-content\/uploads\/2025\/11\/IMG_2725-scaled-e1763646055582.jpeg","datePublished":"2025-11-20T13:41:10+00:00","dateModified":"2025-11-20T13:41:10+00:00","breadcrumb":{"@id":"https:\/\/www.ogbl.lu\/communique\/renouvellement-de-la-convention-collective-pour-les-salaries-de-mister-minit-luxembourg\/#breadcrumb"},"inLanguage":"de-DE","potentialAction":[{"@type":"ReadAction","target":["https:\/\/www.ogbl.lu\/communique\/renouvellement-de-la-convention-collective-pour-les-salaries-de-mister-minit-luxembourg\/"]}]},{"@type":"ImageObject","inLanguage":"de-DE","@id":"https:\/\/www.ogbl.lu\/communique\/renouvellement-de-la-convention-collective-pour-les-salaries-de-mister-minit-luxembourg\/#primaryimage","url":"https:\/\/www.ogbl.lu\/wp-content\/uploads\/2025\/11\/IMG_2725-scaled-e1763646055582.jpeg","contentUrl":"https:\/\/www.ogbl.lu\/wp-content\/uploads\/2025\/11\/IMG_2725-scaled-e1763646055582.jpeg","width":2491,"height":1440},{"@type":"BreadcrumbList","@id":"https:\/\/www.ogbl.lu\/communique\/renouvellement-de-la-convention-collective-pour-les-salaries-de-mister-minit-luxembourg\/#breadcrumb","itemListElement":[{"@type":"ListItem","position":1,"name":"Home","item":"https:\/\/www.ogbl.lu\/"},{"@type":"ListItem","position":2,"name":"Renouvellement de la convention collective pour les salari\u00e9s de Mister Minit Luxembourg"}]},{"@type":"WebSite","@id":"https:\/\/www.ogbl.lu\/de\/#website","url":"https:\/\/www.ogbl.lu\/de\/","name":"OGBL","description":"DIE GEWERKSCHAFT","publisher":{"@id":"https:\/\/www.ogbl.lu\/de\/#organization"},"potentialAction":[{"@type":"SearchAction","target":{"@type":"EntryPoint","urlTemplate":"https:\/\/www.ogbl.lu\/de\/?s={search_term_string}"},"query-input":"required name=search_term_string"}],"inLanguage":"de-DE"},{"@type":"Organization","@id":"https:\/\/www.ogbl.lu\/de\/#organization","name":"OGBL","url":"https:\/\/www.ogbl.lu\/de\/","logo":{"@type":"ImageObject","inLanguage":"de-DE","@id":"https:\/\/www.ogbl.lu\/de\/#\/schema\/logo\/image\/","url":"https:\/\/www.ogbl.lu\/wp-content\/uploads\/2024\/07\/LOGO_Red_FR-svg.png","contentUrl":"https:\/\/www.ogbl.lu\/wp-content\/uploads\/2024\/07\/LOGO_Red_FR-svg.png","width":369,"height":171,"caption":"OGBL"},"image":{"@id":"https:\/\/www.ogbl.lu\/de\/#\/schema\/logo\/image\/"}}]}},"_links":{"self":[{"href":"https:\/\/www.ogbl.lu\/de\/wp-json\/wp\/v2\/communiques\/61268"}],"collection":[{"href":"https:\/\/www.ogbl.lu\/de\/wp-json\/wp\/v2\/communiques"}],"about":[{"href":"https:\/\/www.ogbl.lu\/de\/wp-json\/wp\/v2\/types\/communiques"}],"author":[{"embeddable":true,"href":"https:\/\/www.ogbl.lu\/de\/wp-json\/wp\/v2\/users\/4"}],"version-history":[{"count":1,"href":"https:\/\/www.ogbl.lu\/de\/wp-json\/wp\/v2\/communiques\/61268\/revisions"}],"predecessor-version":[{"id":61270,"href":"https:\/\/www.ogbl.lu\/de\/wp-json\/wp\/v2\/communiques\/61268\/revisions\/61270"}],"wp:featuredmedia":[{"embeddable":true,"href":"https:\/\/www.ogbl.lu\/de\/wp-json\/wp\/v2\/media\/61269"}],"wp:attachment":[{"href":"https:\/\/www.ogbl.lu\/de\/wp-json\/wp\/v2\/media?parent=61268"}],"wp:term":[{"taxonomy":"categorie_communiques","embeddable":true,"href":"https:\/\/www.ogbl.lu\/de\/wp-json\/wp\/v2\/categorie_communiques?post=61268"},{"taxonomy":"syndicat","embeddable":true,"href":"https:\/\/www.ogbl.lu\/de\/wp-json\/wp\/v2\/syndicat?post=61268"}],"curies":[{"name":"wp","href":"https:\/\/api.w.org\/{rel}","templated":true}]}}

Renouvellement de la convention collective pour les salariés de Mister Minit Luxembourg

<p class="qtranxs-available-languages-message qtranxs-available-languages-message-de"> </p><p>L’OGBL et la direction de Mister Minit Luxembourg ont signé le 19 novembre 2025 le renouvellement de la convention collective pour les quelque 20 salariés de l’entreprise, active dans les services de cordonnerie et de reproduction de clés.</p>
<p>Cette convention collective est valable du 1<sup>er</sup> janvier 2025 au 31 décembre 2026, soit pour une durée de deux ans.</p>
<p>Les négociations se sont déroulées dans un climat de dialogue constructif et respectueux, marqué par une volonté commune d’aboutir à des améliorations concrètes pour le personnel. Cela fait plusieurs années qu’une convention collective est en place chez Mister Minit Luxembourg. Renégociée à plusieurs reprises par l’OGBL et les délégués, elle a progressivement été renforcée au fil des signatures successives. La version qui vient d’être renouvelée s’inscrit dans cette dynamique d’amélioration continue — une évolution qui témoigne de la reconnaissance, au travers des négociations, que l’amélioration des conditions de travail et la valorisation du personnel constituent des éléments essentiels à la pérennité de l’entreprise.</p>
<p>Cette nouvelle convention collective apporte plusieurs avancées, parmi lesquelles :</p>
<ul>
<li>l’augmentation de l’indemnité kilométrique pour les trajets domicile-lieu de travail</li>
<li>l’augmentation de l’indemnité forfaitaire destinée à couvrir les frais de repas, renforçant ainsi la prise en charge du coût de la vie quotidienne</li>
<li>l’introduction d’un nouveau congé accordé sous certaines conditions.</li>
<li>la stabilisation du seuil utilisé pour le calcul d’une prime interne, permettant une méthode de calcul plus avantageuse pour les salariés</li>
<li>l’introduction d’un article sur le droit à la déconnexion, garantissant un meilleur équilibre entre vie professionnelle et vie privée</li>
<li>l’intégration d’un article relatif au harcèlement moral, sexuel et à la violence au travail</li>
</ul>
<p>Ces avancées contribuent à renforcer encore le pouvoir d’achat, la sécurité et le bien-être des salariés.</p>
<p>L’OGBL salue cette nouvelle étape positive et réaffirme son engagement auprès des salariés de Mister Minit Luxembourg à continuer à défendre et améliorer leurs conditions de travail.</p>
<p><strong>Communiqué par le syndicat Commerce de l’OGBL,<br />
</strong><strong>le 20 novembre 2025</strong></p>

<!-- This site is optimized with the Yoast SEO plugin v23.1 - https://yoast.com/wordpress/plugins/seo/ -->
<title></title>
<meta name="robots" content="index, follow, max-snippet:-1, max-image-preview:large, max-video-preview:-1" />
<link rel="canonical" href="https://www.ogbl.lu/communique/renouvellement-de-la-convention-collective-pour-les-salaries-de-mister-minit-luxembourg/" />
<meta property="og:locale" content="de_DE" />
<meta property="og:type" content="article" />
<meta property="og:title" content="[:fr]Renouvellement de la convention collective pour les salariés de Mister Minit Luxembourg[:] - OGBL" />
<meta property="og:description" content="L’OGBL et la direction de Mister Minit Luxembourg ont signé le 19 novembre 2025 le renouvellement de la convention collective …" />
<meta property="og:url" content="https://www.ogbl.lu/communique/renouvellement-de-la-convention-collective-pour-les-salaries-de-mister-minit-luxembourg/" />
<meta property="og:site_name" content="OGBL" />
<meta property="og:image" content="https://www.ogbl.lu/wp-content/uploads/2025/11/IMG_2725-scaled-e1763646055582.jpeg" />
	<meta property="og:image:width" content="2491" />
	<meta property="og:image:height" content="1440" />
	<meta property="og:image:type" content="image/jpeg" />
<meta name="twitter:card" content="summary_large_image" />
<meta name="twitter:label1" content="Est. reading time" />
	<meta name="twitter:data1" content="2 Minuten" />
<script type="application/ld+json" class="yoast-schema-graph">{"@context":"https://schema.org","@graph":[{"@type":"WebPage","@id":"https://www.ogbl.lu/communique/renouvellement-de-la-convention-collective-pour-les-salaries-de-mister-minit-luxembourg/","url":"https://www.ogbl.lu/communique/renouvellement-de-la-convention-collective-pour-les-salaries-de-mister-minit-luxembourg/","name":"[:fr]Renouvellement de la convention collective pour les salariés de Mister Minit Luxembourg[:] - OGBL","isPartOf":{"@id":"https://www.ogbl.lu/de/#website"},"primaryImageOfPage":{"@id":"https://www.ogbl.lu/communique/renouvellement-de-la-convention-collective-pour-les-salaries-de-mister-minit-luxembourg/#primaryimage"},"image":{"@id":"https://www.ogbl.lu/communique/renouvellement-de-la-convention-collective-pour-les-salaries-de-mister-minit-luxembourg/#primaryimage"},"thumbnailUrl":"https://www.ogbl.lu/wp-content/uploads/2025/11/IMG_2725-scaled-e1763646055582.jpeg","datePublished":"2025-11-20T13:41:10+00:00","dateModified":"2025-11-20T13:41:10+00:00","breadcrumb":{"@id":"https://www.ogbl.lu/communique/renouvellement-de-la-convention-collective-pour-les-salaries-de-mister-minit-luxembourg/#breadcrumb"},"inLanguage":"de-DE","potentialAction":[{"@type":"ReadAction","target":["https://www.ogbl.lu/communique/renouvellement-de-la-convention-collective-pour-les-salaries-de-mister-minit-luxembourg/"]}]},{"@type":"ImageObject","inLanguage":"de-DE","@id":"https://www.ogbl.lu/communique/renouvellement-de-la-convention-collective-pour-les-salaries-de-mister-minit-luxembourg/#primaryimage","url":"https://www.ogbl.lu/wp-content/uploads/2025/11/IMG_2725-scaled-e1763646055582.jpeg","contentUrl":"https://www.ogbl.lu/wp-content/uploads/2025/11/IMG_2725-scaled-e1763646055582.jpeg","width":2491,"height":1440},{"@type":"BreadcrumbList","@id":"https://www.ogbl.lu/communique/renouvellement-de-la-convention-collective-pour-les-salaries-de-mister-minit-luxembourg/#breadcrumb","itemListElement":[{"@type":"ListItem","position":1,"name":"Home","item":"https://www.ogbl.lu/"},{"@type":"ListItem","position":2,"name":"Renouvellement de la convention collective pour les salariés de Mister Minit Luxembourg"}]},{"@type":"WebSite","@id":"https://www.ogbl.lu/de/#website","url":"https://www.ogbl.lu/de/","name":"OGBL","description":"DIE GEWERKSCHAFT","publisher":{"@id":"https://www.ogbl.lu/de/#organization"},"potentialAction":[{"@type":"SearchAction","target":{"@type":"EntryPoint","urlTemplate":"https://www.ogbl.lu/de/?s={search_term_string}"},"query-input":"required name=search_term_string"}],"inLanguage":"de-DE"},{"@type":"Organization","@id":"https://www.ogbl.lu/de/#organization","name":"OGBL","url":"https://www.ogbl.lu/de/","logo":{"@type":"ImageObject","inLanguage":"de-DE","@id":"https://www.ogbl.lu/de/#/schema/logo/image/","url":"https://www.ogbl.lu/wp-content/uploads/2024/07/LOGO_Red_FR-svg.png","contentUrl":"https://www.ogbl.lu/wp-content/uploads/2024/07/LOGO_Red_FR-svg.png","width":369,"height":171,"caption":"OGBL"},"image":{"@id":"https://www.ogbl.lu/de/#/schema/logo/image/"}}]}</script>
<!-- / Yoast SEO plugin. -->

[:fr]Renouvellement de la convention collective pour les salariés de Mister Minit Luxembourg[:] - OGBL

L’OGBL et la direction de Mister Minit Luxembourg ont signé le 19 novembre 2025 le renouvellement de la convention collective …
