{"id":524,"date":"2008-06-17T15:21:23","date_gmt":"2008-06-17T13:21:23","guid":{"rendered":"https:\/\/www.ogbl.lu\/communiques\/la-securite-est-prioritaire-dans-le-transport-de-personnes"},"modified":"2023-05-24T13:34:52","modified_gmt":"2023-05-24T11:34:52","slug":"la-securite-est-prioritaire-dans-le-transport-de-personnes","status":"publish","type":"communiques","link":"https:\/\/www.ogbl.lu\/de\/communique\/la-securite-est-prioritaire-dans-le-transport-de-personnes\/","title":{"rendered":"Sicherheit im Personentransport hat Vorrang"},"content":{"rendered":"<p>Anl\u00e4sslich der Unterredung einer Delegation des OGBL-ACAL mit Transportminister Lucien Lux, am 17. Juni 2008, wurden haupts\u00e4chlich Themen im Busverkehr angesprochen.<\/p>\n<p><strong>12 Arbeitstage ohne Pause f\u00fcr Reisebusfahrer?<\/strong><\/p>\n<p>Der internationale Arbeitgeberverband IRU fordert, dass Busfahrer im Reiseverkehr k\u00fcnftig wieder 12 Tage hintereinander fahren d\u00fcrfen. Diese Regelung war mit Inkrafttreten der neuen Verordnung \u00fcber die Lenk- und Ruhezeiten im Jahr 2006 abgeschafft worden. Die europ\u00e4ische Gesetzgebung hat die Reisebusfahrer gleichgesetzt mit Lkw-Fahrern, die maximal 6 Tage am St\u00fcck lenken d\u00fcrfen. F\u00fcr den OGBL, sowie f\u00fcr rund 15 westeurop\u00e4ische Transportarbeitergewerkschaften ist die Forderung der IRU inakzeptabel, da die Sicherheit sowohl der Busfahrer als auch der Passagiere unter diesen Umst\u00e4nden nicht gew\u00e4hrt ist.<\/p>\n<p>Transportminister Lucien Lux informierte, der Transportministerrat der EU sei mit dieser Frage bislang nicht befasst worden. Fest stehe jedoch f\u00fcr ihn, dass die Sicherheit absolute Priorit\u00e4t genie\u00dfe. Ziel der EU-Transportminister sei es, die Zahl der Verkehrsopfer zu halbieren.<\/p>\n<p>Voraussichtlich wird die franz\u00f6sische Ratspr\u00e4sidentschaft mit der Frage befasst, die den Punkt dann fr\u00fchestens im Oktober 2008 auf die Tagesordnung setzen wird.<\/p>\n<p><strong>Gurtpflicht f\u00fcr Busfahrer <\/strong><\/p>\n<p>Der Minister bedauerte die Interpretationsschwierigkeiten in Bezug auf das Anlegen des Sicherheitsgurts f\u00fcr Busfahrer. Die Polizei hatte, nach der Um\u00e4nderung der Stra\u00dfenverkehrsordnung im April 2008, verst\u00e4rkte Kontrollen durchgef\u00fchrt. Zahlreiche Busfahrer wurden mit einer Geldbu\u00dfe und einem Punkteabzug vom F\u00fchrerschein sanktioniert. F\u00fcr den OGBL-ACAL ist das harte Durchgreifen der Polizei disproportioniert. Transportminister Lucien Lux stellte klar, Busfahrer seien immer gezwungen, den Sicherheitsgurt anzulegen. Lediglich f\u00fcr die Passagiere gelte eine Ausnahme im Linienverkehr in Siedlungen. Der Minister zeigte sich jedoch gespr\u00e4chsbereit, in Bezug auf die Anregungen und Forderungen der OGBL-Busfahrer.<\/p>\n<p><strong>RGTR-Vertrag unter Dach und Fach<\/strong><\/p>\n<p>Transportminister Lux gab Erkl\u00e4rungen zu den im Dezember 2007 abgeschlossenen Verhandlungen zur Erneuerung des RGTR-Vertrags, der den \u00f6ffentlichen Bustransport regelt. Der neue Vertrag wird erneut eine G\u00fcltigkeit von 10 Jahren haben. Entgegen anf\u00e4nglichen Bef\u00fcrchtungen, wird es in Luxemburg nicht zu einer europaweiten Ausschreibung der Buslinien kommen. Der \u00f6ffentliche Transport wird demzufolge weiterhin von den privaten Busunternehmen, den CFL und dem TICE durchgef\u00fchrt. Transportminister Lux stimmte mit dem OGBL \u00fcberein, dass es demnach keinen Grund gibt, die Kollektivvertragsverhandlungen im privaten Bussektor weiterhin unter dem Vorwand der nicht abgeschlossenen RGTR-Verhandlungen von Patronatsseite aus zu blockieren.<\/p>\n<p><strong>Verbesserung des \u00f6ffentlichen Transportangebots<\/strong><\/p>\n<p>In Bezug auf die steigenden Spritpreise und im Zuge der Klimadebatte steigt bei der Bev\u00f6lkerung die Nachfrage am \u00f6ffentlichen Transport. Der OGBL-ACAL unterbreitete dem Transportminister diesbez\u00fcglich eine Resolution der ITF (Internationale Transportarbeiter F\u00f6deration), die anl\u00e4sslich der letzten Sitzung vom 9. bis 11. Juni 2008 in London, im Beisein des OGBL, angenommen wurde und die als Ziel hat, den \u00f6ffentlichen Transport auf der ganzen Welt zu f\u00f6rdern.<\/p>\n<p>Konkret wurde der OGBL-ACAL mit zwei Anfragen befasst, zus\u00e4tzliche Busverbindungen zum Flughafen zu schaffen. Gleichzeitig m\u00fcsste die bestehende Buslinie zum Cargo Center der Luxair den Bed\u00fcrfnissen der dort arbeitenden potentiellen Kunden angepasst werden. Transportminister Lux zeigte sich bereit, die Belange des OGBL n\u00e4her zu analysieren. Der OGBL wird dem Minister dar\u00fcber hinaus eine Aufstellung s\u00e4mtlicher M\u00e4ngeln und den erforderlichen Verbesserungsvorschl\u00e4gen im landesweiten Busnetz zukommen lassen.<\/p>\n<p><strong>Aggressionen im Taxisektor <\/strong><\/p>\n<p>Der OGBL zeigte sich besorgt \u00fcber die steigende Gewalt im Taxisektor und verlangte, den bereits im Ministerium funktionierende Lenkungssausschuss zum Thema der Aggressionen im \u00f6ffentlichen Transport auf den Taxisektor auszudehnen. Transportminister Lucien Lux zeigte Verst\u00e4ndnis f\u00fcr die Sorgen und \u00c4ngste der Taxifahrer und schlug vor, eine Anh\u00f6rung in Pr\u00e4senz von Polizeiminister Luc Frieden, der Polizei und Vertretern der Staatsanwaltschaft zu organisieren.<\/p>\n<p>Beide Seiten waren sich einig, k\u00fcnftig eng zusammen zu arbeiten.<\/p>\n<p><strong>Mitgeteilt vom OGBL-ACAL<\/strong><br \/>\n<strong> am 17. Juni 2008<\/strong><\/p>","protected":false},"author":1,"featured_media":0,"template":"","categorie_communiques":[58],"syndicat":[82],"acf":[],"yoast_head":"<!-- This site is optimized with the Yoast SEO plugin v23.1 - https:\/\/yoast.com\/wordpress\/plugins\/seo\/ -->\r\n<title>Sicherheit im Personentransport hat Vorrang - OGBL<\/title>\r\n<meta name=\"robots\" content=\"index, follow, max-snippet:-1, max-image-preview:large, max-video-preview:-1\" \/>\r\n<link rel=\"canonical\" href=\"https:\/\/www.ogbl.lu\/communique\/la-securite-est-prioritaire-dans-le-transport-de-personnes\/\" \/>\r\n<meta property=\"og:locale\" content=\"de_DE\" \/>\r\n<meta property=\"og:type\" content=\"article\" \/>\r\n<meta property=\"og:title\" content=\"[:fr]La s\u00e9curit\u00e9 est prioritaire dans le transport de personnes[:de]Sicherheit im Personentransport hat Vorrang[:en]La s\u00e9curit\u00e9 est prioritaire dans le transport de personnes[:] - OGBL\" \/>\r\n<meta property=\"og:description\" content=\"Anl\u00e4sslich der Unterredung einer Delegation des OGBL-ACAL mit Transportminister Lucien Lux, am 17. Juni 2008, wurden haupts\u00e4chlich Themen im Busverkehr \u2026\" \/>\r\n<meta property=\"og:url\" content=\"https:\/\/www.ogbl.lu\/communique\/la-securite-est-prioritaire-dans-le-transport-de-personnes\/\" \/>\r\n<meta property=\"og:site_name\" content=\"OGBL\" \/>\r\n<meta property=\"article:modified_time\" content=\"2023-05-24T11:34:52+00:00\" \/>\r\n<meta name=\"twitter:card\" content=\"summary_large_image\" \/>\r\n<meta name=\"twitter:label1\" content=\"Est. reading time\" \/>\n\t<meta name=\"twitter:data1\" content=\"7 Minuten\" \/>\r\n<script type=\"application\/ld+json\" class=\"yoast-schema-graph\">{\"@context\":\"https:\/\/schema.org\",\"@graph\":[{\"@type\":\"WebPage\",\"@id\":\"https:\/\/www.ogbl.lu\/communique\/la-securite-est-prioritaire-dans-le-transport-de-personnes\/\",\"url\":\"https:\/\/www.ogbl.lu\/communique\/la-securite-est-prioritaire-dans-le-transport-de-personnes\/\",\"name\":\"[:fr]La s\u00e9curit\u00e9 est prioritaire dans le transport de personnes[:de]Sicherheit im Personentransport hat Vorrang[:en]La s\u00e9curit\u00e9 est prioritaire dans le transport de personnes[:] - OGBL\",\"isPartOf\":{\"@id\":\"https:\/\/www.ogbl.lu\/de\/#website\"},\"datePublished\":\"2008-06-17T13:21:23+00:00\",\"dateModified\":\"2023-05-24T11:34:52+00:00\",\"breadcrumb\":{\"@id\":\"https:\/\/www.ogbl.lu\/communique\/la-securite-est-prioritaire-dans-le-transport-de-personnes\/#breadcrumb\"},\"inLanguage\":\"de-DE\",\"potentialAction\":[{\"@type\":\"ReadAction\",\"target\":[\"https:\/\/www.ogbl.lu\/communique\/la-securite-est-prioritaire-dans-le-transport-de-personnes\/\"]}]},{\"@type\":\"BreadcrumbList\",\"@id\":\"https:\/\/www.ogbl.lu\/communique\/la-securite-est-prioritaire-dans-le-transport-de-personnes\/#breadcrumb\",\"itemListElement\":[{\"@type\":\"ListItem\",\"position\":1,\"name\":\"Home\",\"item\":\"https:\/\/www.ogbl.lu\/\"},{\"@type\":\"ListItem\",\"position\":2,\"name\":\"La s\u00e9curit\u00e9 est prioritaire dans le transport de personnes\"}]},{\"@type\":\"WebSite\",\"@id\":\"https:\/\/www.ogbl.lu\/de\/#website\",\"url\":\"https:\/\/www.ogbl.lu\/de\/\",\"name\":\"OGBL\",\"description\":\"DIE GEWERKSCHAFT\",\"publisher\":{\"@id\":\"https:\/\/www.ogbl.lu\/de\/#organization\"},\"potentialAction\":[{\"@type\":\"SearchAction\",\"target\":{\"@type\":\"EntryPoint\",\"urlTemplate\":\"https:\/\/www.ogbl.lu\/de\/?s={search_term_string}\"},\"query-input\":\"required name=search_term_string\"}],\"inLanguage\":\"de-DE\"},{\"@type\":\"Organization\",\"@id\":\"https:\/\/www.ogbl.lu\/de\/#organization\",\"name\":\"OGBL\",\"url\":\"https:\/\/www.ogbl.lu\/de\/\",\"logo\":{\"@type\":\"ImageObject\",\"inLanguage\":\"de-DE\",\"@id\":\"https:\/\/www.ogbl.lu\/de\/#\/schema\/logo\/image\/\",\"url\":\"https:\/\/www.ogbl.lu\/wp-content\/uploads\/2024\/07\/LOGO_Red_FR-svg.png\",\"contentUrl\":\"https:\/\/www.ogbl.lu\/wp-content\/uploads\/2024\/07\/LOGO_Red_FR-svg.png\",\"width\":369,\"height\":171,\"caption\":\"OGBL\"},\"image\":{\"@id\":\"https:\/\/www.ogbl.lu\/de\/#\/schema\/logo\/image\/\"}}]}<\/script>\r\n<!-- \/ Yoast SEO plugin. -->","yoast_head_json":{"title":"[:fr]La s\u00e9curit\u00e9 est prioritaire dans le transport de personnes[:de]Sicherheit im Personentransport hat Vorrang[:en]La s\u00e9curit\u00e9 est prioritaire dans le transport de personnes[:] - OGBL","robots":{"index":"index","follow":"follow","max-snippet":"max-snippet:-1","max-image-preview":"max-image-preview:large","max-video-preview":"max-video-preview:-1"},"canonical":"https:\/\/www.ogbl.lu\/communique\/la-securite-est-prioritaire-dans-le-transport-de-personnes\/","og_locale":"de_DE","og_type":"article","og_title":"[:fr]La s\u00e9curit\u00e9 est prioritaire dans le transport de personnes[:de]Sicherheit im Personentransport hat Vorrang[:en]La s\u00e9curit\u00e9 est prioritaire dans le transport de personnes[:] - OGBL","og_description":"Anl\u00e4sslich der Unterredung einer Delegation des OGBL-ACAL mit Transportminister Lucien Lux, am 17. Juni 2008, wurden haupts\u00e4chlich Themen im Busverkehr \u2026","og_url":"https:\/\/www.ogbl.lu\/communique\/la-securite-est-prioritaire-dans-le-transport-de-personnes\/","og_site_name":"OGBL","article_modified_time":"2023-05-24T11:34:52+00:00","twitter_card":"summary_large_image","twitter_misc":{"Est. reading time":"7 Minuten"},"schema":{"@context":"https:\/\/schema.org","@graph":[{"@type":"WebPage","@id":"https:\/\/www.ogbl.lu\/communique\/la-securite-est-prioritaire-dans-le-transport-de-personnes\/","url":"https:\/\/www.ogbl.lu\/communique\/la-securite-est-prioritaire-dans-le-transport-de-personnes\/","name":"[:fr]La s\u00e9curit\u00e9 est prioritaire dans le transport de personnes[:de]Sicherheit im Personentransport hat Vorrang[:en]La s\u00e9curit\u00e9 est prioritaire dans le transport de personnes[:] - OGBL","isPartOf":{"@id":"https:\/\/www.ogbl.lu\/de\/#website"},"datePublished":"2008-06-17T13:21:23+00:00","dateModified":"2023-05-24T11:34:52+00:00","breadcrumb":{"@id":"https:\/\/www.ogbl.lu\/communique\/la-securite-est-prioritaire-dans-le-transport-de-personnes\/#breadcrumb"},"inLanguage":"de-DE","potentialAction":[{"@type":"ReadAction","target":["https:\/\/www.ogbl.lu\/communique\/la-securite-est-prioritaire-dans-le-transport-de-personnes\/"]}]},{"@type":"BreadcrumbList","@id":"https:\/\/www.ogbl.lu\/communique\/la-securite-est-prioritaire-dans-le-transport-de-personnes\/#breadcrumb","itemListElement":[{"@type":"ListItem","position":1,"name":"Home","item":"https:\/\/www.ogbl.lu\/"},{"@type":"ListItem","position":2,"name":"La s\u00e9curit\u00e9 est prioritaire dans le transport de personnes"}]},{"@type":"WebSite","@id":"https:\/\/www.ogbl.lu\/de\/#website","url":"https:\/\/www.ogbl.lu\/de\/","name":"OGBL","description":"DIE GEWERKSCHAFT","publisher":{"@id":"https:\/\/www.ogbl.lu\/de\/#organization"},"potentialAction":[{"@type":"SearchAction","target":{"@type":"EntryPoint","urlTemplate":"https:\/\/www.ogbl.lu\/de\/?s={search_term_string}"},"query-input":"required name=search_term_string"}],"inLanguage":"de-DE"},{"@type":"Organization","@id":"https:\/\/www.ogbl.lu\/de\/#organization","name":"OGBL","url":"https:\/\/www.ogbl.lu\/de\/","logo":{"@type":"ImageObject","inLanguage":"de-DE","@id":"https:\/\/www.ogbl.lu\/de\/#\/schema\/logo\/image\/","url":"https:\/\/www.ogbl.lu\/wp-content\/uploads\/2024\/07\/LOGO_Red_FR-svg.png","contentUrl":"https:\/\/www.ogbl.lu\/wp-content\/uploads\/2024\/07\/LOGO_Red_FR-svg.png","width":369,"height":171,"caption":"OGBL"},"image":{"@id":"https:\/\/www.ogbl.lu\/de\/#\/schema\/logo\/image\/"}}]}},"_links":{"self":[{"href":"https:\/\/www.ogbl.lu\/de\/wp-json\/wp\/v2\/communiques\/524"}],"collection":[{"href":"https:\/\/www.ogbl.lu\/de\/wp-json\/wp\/v2\/communiques"}],"about":[{"href":"https:\/\/www.ogbl.lu\/de\/wp-json\/wp\/v2\/types\/communiques"}],"author":[{"embeddable":true,"href":"https:\/\/www.ogbl.lu\/de\/wp-json\/wp\/v2\/users\/1"}],"version-history":[{"count":0,"href":"https:\/\/www.ogbl.lu\/de\/wp-json\/wp\/v2\/communiques\/524\/revisions"}],"wp:attachment":[{"href":"https:\/\/www.ogbl.lu\/de\/wp-json\/wp\/v2\/media?parent=524"}],"wp:term":[{"taxonomy":"categorie_communiques","embeddable":true,"href":"https:\/\/www.ogbl.lu\/de\/wp-json\/wp\/v2\/categorie_communiques?post=524"},{"taxonomy":"syndicat","embeddable":true,"href":"https:\/\/www.ogbl.lu\/de\/wp-json\/wp\/v2\/syndicat?post=524"}],"curies":[{"name":"wp","href":"https:\/\/api.w.org\/{rel}","templated":true}]}}

<p>Anlässlich der Unterredung einer Delegation des OGBL-ACAL mit Transportminister Lucien Lux, am 17. Juni 2008, wurden hauptsächlich Themen im Busverkehr angesprochen.</p>
<p><strong>12 Arbeitstage ohne Pause für Reisebusfahrer?</strong></p>
<p>Der internationale Arbeitgeberverband IRU fordert, dass Busfahrer im Reiseverkehr künftig wieder 12 Tage hintereinander fahren dürfen. Diese Regelung war mit Inkrafttreten der neuen Verordnung über die Lenk- und Ruhezeiten im Jahr 2006 abgeschafft worden. Die europäische Gesetzgebung hat die Reisebusfahrer gleichgesetzt mit Lkw-Fahrern, die maximal 6 Tage am Stück lenken dürfen. Für den OGBL, sowie für rund 15 westeuropäische Transportarbeitergewerkschaften ist die Forderung der IRU inakzeptabel, da die Sicherheit sowohl der Busfahrer als auch der Passagiere unter diesen Umständen nicht gewährt ist.</p>
<p>Transportminister Lucien Lux informierte, der Transportministerrat der EU sei mit dieser Frage bislang nicht befasst worden. Fest stehe jedoch für ihn, dass die Sicherheit absolute Priorität genieße. Ziel der EU-Transportminister sei es, die Zahl der Verkehrsopfer zu halbieren.</p>
<p>Voraussichtlich wird die französische Ratspräsidentschaft mit der Frage befasst, die den Punkt dann frühestens im Oktober 2008 auf die Tagesordnung setzen wird.</p>
<p><strong>Gurtpflicht für Busfahrer </strong></p>
<p>Der Minister bedauerte die Interpretationsschwierigkeiten in Bezug auf das Anlegen des Sicherheitsgurts für Busfahrer. Die Polizei hatte, nach der Umänderung der Straßenverkehrsordnung im April 2008, verstärkte Kontrollen durchgeführt. Zahlreiche Busfahrer wurden mit einer Geldbuße und einem Punkteabzug vom Führerschein sanktioniert. Für den OGBL-ACAL ist das harte Durchgreifen der Polizei disproportioniert. Transportminister Lucien Lux stellte klar, Busfahrer seien immer gezwungen, den Sicherheitsgurt anzulegen. Lediglich für die Passagiere gelte eine Ausnahme im Linienverkehr in Siedlungen. Der Minister zeigte sich jedoch gesprächsbereit, in Bezug auf die Anregungen und Forderungen der OGBL-Busfahrer.</p>
<p><strong>RGTR-Vertrag unter Dach und Fach</strong></p>
<p>Transportminister Lux gab Erklärungen zu den im Dezember 2007 abgeschlossenen Verhandlungen zur Erneuerung des RGTR-Vertrags, der den öffentlichen Bustransport regelt. Der neue Vertrag wird erneut eine Gültigkeit von 10 Jahren haben. Entgegen anfänglichen Befürchtungen, wird es in Luxemburg nicht zu einer europaweiten Ausschreibung der Buslinien kommen. Der öffentliche Transport wird demzufolge weiterhin von den privaten Busunternehmen, den CFL und dem TICE durchgeführt. Transportminister Lux stimmte mit dem OGBL überein, dass es demnach keinen Grund gibt, die Kollektivvertragsverhandlungen im privaten Bussektor weiterhin unter dem Vorwand der nicht abgeschlossenen RGTR-Verhandlungen von Patronatsseite aus zu blockieren.</p>
<p><strong>Verbesserung des öffentlichen Transportangebots</strong></p>
<p>In Bezug auf die steigenden Spritpreise und im Zuge der Klimadebatte steigt bei der Bevölkerung die Nachfrage am öffentlichen Transport. Der OGBL-ACAL unterbreitete dem Transportminister diesbezüglich eine Resolution der ITF (Internationale Transportarbeiter Föderation), die anlässlich der letzten Sitzung vom 9. bis 11. Juni 2008 in London, im Beisein des OGBL, angenommen wurde und die als Ziel hat, den öffentlichen Transport auf der ganzen Welt zu fördern.</p>
<p>Konkret wurde der OGBL-ACAL mit zwei Anfragen befasst, zusätzliche Busverbindungen zum Flughafen zu schaffen. Gleichzeitig müsste die bestehende Buslinie zum Cargo Center der Luxair den Bedürfnissen der dort arbeitenden potentiellen Kunden angepasst werden. Transportminister Lux zeigte sich bereit, die Belange des OGBL näher zu analysieren. Der OGBL wird dem Minister darüber hinaus eine Aufstellung sämtlicher Mängeln und den erforderlichen Verbesserungsvorschlägen im landesweiten Busnetz zukommen lassen.</p>
<p><strong>Aggressionen im Taxisektor </strong></p>
<p>Der OGBL zeigte sich besorgt über die steigende Gewalt im Taxisektor und verlangte, den bereits im Ministerium funktionierende Lenkungssausschuss zum Thema der Aggressionen im öffentlichen Transport auf den Taxisektor auszudehnen. Transportminister Lucien Lux zeigte Verständnis für die Sorgen und Ängste der Taxifahrer und schlug vor, eine Anhörung in Präsenz von Polizeiminister Luc Frieden, der Polizei und Vertretern der Staatsanwaltschaft zu organisieren.</p>
<p>Beide Seiten waren sich einig, künftig eng zusammen zu arbeiten.</p>
<p><strong>Mitgeteilt vom OGBL-ACAL</strong><br />
<strong> am 17. Juni 2008</strong></p>

<!-- This site is optimized with the Yoast SEO plugin v23.1 - https://yoast.com/wordpress/plugins/seo/ -->
<title>Sicherheit im Personentransport hat Vorrang - OGBL</title>
<meta name="robots" content="index, follow, max-snippet:-1, max-image-preview:large, max-video-preview:-1" />
<link rel="canonical" href="https://www.ogbl.lu/communique/la-securite-est-prioritaire-dans-le-transport-de-personnes/" />
<meta property="og:locale" content="de_DE" />
<meta property="og:type" content="article" />
<meta property="og:title" content="[:fr]La sécurité est prioritaire dans le transport de personnes[:de]Sicherheit im Personentransport hat Vorrang[:en]La sécurité est prioritaire dans le transport de personnes[:] - OGBL" />
<meta property="og:description" content="Anlässlich der Unterredung einer Delegation des OGBL-ACAL mit Transportminister Lucien Lux, am 17. Juni 2008, wurden hauptsächlich Themen im Busverkehr …" />
<meta property="og:url" content="https://www.ogbl.lu/communique/la-securite-est-prioritaire-dans-le-transport-de-personnes/" />
<meta property="og:site_name" content="OGBL" />
<meta property="article:modified_time" content="2023-05-24T11:34:52+00:00" />
<meta name="twitter:card" content="summary_large_image" />
<meta name="twitter:label1" content="Est. reading time" />
	<meta name="twitter:data1" content="7 Minuten" />
<script type="application/ld+json" class="yoast-schema-graph">{"@context":"https://schema.org","@graph":[{"@type":"WebPage","@id":"https://www.ogbl.lu/communique/la-securite-est-prioritaire-dans-le-transport-de-personnes/","url":"https://www.ogbl.lu/communique/la-securite-est-prioritaire-dans-le-transport-de-personnes/","name":"[:fr]La sécurité est prioritaire dans le transport de personnes[:de]Sicherheit im Personentransport hat Vorrang[:en]La sécurité est prioritaire dans le transport de personnes[:] - OGBL","isPartOf":{"@id":"https://www.ogbl.lu/de/#website"},"datePublished":"2008-06-17T13:21:23+00:00","dateModified":"2023-05-24T11:34:52+00:00","breadcrumb":{"@id":"https://www.ogbl.lu/communique/la-securite-est-prioritaire-dans-le-transport-de-personnes/#breadcrumb"},"inLanguage":"de-DE","potentialAction":[{"@type":"ReadAction","target":["https://www.ogbl.lu/communique/la-securite-est-prioritaire-dans-le-transport-de-personnes/"]}]},{"@type":"BreadcrumbList","@id":"https://www.ogbl.lu/communique/la-securite-est-prioritaire-dans-le-transport-de-personnes/#breadcrumb","itemListElement":[{"@type":"ListItem","position":1,"name":"Home","item":"https://www.ogbl.lu/"},{"@type":"ListItem","position":2,"name":"La sécurité est prioritaire dans le transport de personnes"}]},{"@type":"WebSite","@id":"https://www.ogbl.lu/de/#website","url":"https://www.ogbl.lu/de/","name":"OGBL","description":"DIE GEWERKSCHAFT","publisher":{"@id":"https://www.ogbl.lu/de/#organization"},"potentialAction":[{"@type":"SearchAction","target":{"@type":"EntryPoint","urlTemplate":"https://www.ogbl.lu/de/?s={search_term_string}"},"query-input":"required name=search_term_string"}],"inLanguage":"de-DE"},{"@type":"Organization","@id":"https://www.ogbl.lu/de/#organization","name":"OGBL","url":"https://www.ogbl.lu/de/","logo":{"@type":"ImageObject","inLanguage":"de-DE","@id":"https://www.ogbl.lu/de/#/schema/logo/image/","url":"https://www.ogbl.lu/wp-content/uploads/2024/07/LOGO_Red_FR-svg.png","contentUrl":"https://www.ogbl.lu/wp-content/uploads/2024/07/LOGO_Red_FR-svg.png","width":369,"height":171,"caption":"OGBL"},"image":{"@id":"https://www.ogbl.lu/de/#/schema/logo/image/"}}]}</script>
<!-- / Yoast SEO plugin. -->

[:fr]La sécurité est prioritaire dans le transport de personnes[:de]Sicherheit im Personentransport hat Vorrang[:en]La sécurité est prioritaire dans le transport de personnes[:] - OGBL

Anlässlich der Unterredung einer Delegation des OGBL-ACAL mit Transportminister Lucien Lux, am 17. Juni 2008, wurden hauptsächlich Themen im Busverkehr …

La sécurité est prioritaire dans le transport de personnes
