{"id":42438,"date":"2024-12-18T10:44:54","date_gmt":"2024-12-18T09:44:54","guid":{"rendered":"https:\/\/www.ogbl.lu\/?post_type=communiques&#038;p=42438"},"modified":"2024-12-18T11:32:30","modified_gmt":"2024-12-18T10:32:30","slug":"les-pensionnes-planchent-sur-lavenir-de-notre-systeme-de-retraites","status":"publish","type":"communiques","link":"https:\/\/www.ogbl.lu\/de\/communique\/les-pensionnes-planchent-sur-lavenir-de-notre-systeme-de-retraites\/","title":{"rendered":"Die Pensionerten besch\u00e4ftigen sich mit der Zukunft unseres Rentensystems"},"content":{"rendered":"<p><strong>Die OGBL-Pensioniertenabteilung hatte am 15. November ein volles Haus anl\u00e4sslich ihres Pensioniertentages im Gewerkschaftskasino in Bonneweg.<\/strong><\/p>\n<p>Neben der Verabschiedung des T\u00e4tigkeitsberichts der Abteilung und der Anpassung der Gesch\u00e4ftsordnung, besch\u00e4ftigten sich die Pensionierten des OGBL insbesondere mit unserem Rentensystem, dies im Rahmen der Debatte, die die Ministerin f\u00fcr soziale Sicherheit diesen Herbst \u00fcber die Zukunft desselben er\u00f6ffnet hat. So hielt der Direktor der Arbeitnehmerkammer, Sylvain Hoffmann, ein Referat zu diesem Thema und pl\u00e4dierte f\u00fcr ein gest\u00e4rktes \u00f6ffentliches Rentensystem. Der Vizepr\u00e4sident der Arbeitnehmerkammer und ehemalige Pr\u00e4sident des OGBL, Jean-Claude Reding, sprach ebenfalls \u00fcber die Frage des Rentensystems und betonte, dass f\u00fcr den OGBL eine Schw\u00e4chung des Systems nicht in Frage komme.<\/p>\n<p>Carlos Pereira, Mitglied des gesch\u00e4ftsf\u00fchrenden Vorstands, berichtete \u00fcber die aktuelle Situation der Nationalen Gesundheitskasse (CNS) und deren Finanzlage.<\/p>\n<p>Es sei darauf hingewiesen, dass Videoaufnahmen der Reden von Sylvain Hoffmann, Jean-Claude Reding und Carlos Pereira auf dem YouTube-Kanal des OGBL abrufbar sind.<\/p>\n<p>Die Pensioniertenabteilung w\u00e4hlte anschlie\u00dfend ebenfalls ihren neuen Vorstand, der sich seinerseits eine neue Exekutive f\u00fcr die n\u00e4chsten f\u00fcnf Jahre gab. Diese setzt sich nun zusammen aus Jean-Claude Reding (Pr\u00e4sident), Maryl\u00e8ne Hozay (Vizepr\u00e4sidentin), Alain Kinn (Vizepr\u00e4sident), Henri Reding (Sekret\u00e4r) und Serge Schimoff (Schatzmeister).<\/p>\n<p><strong>Dieser Artikel wurde im Aktuell ver\u00f6ffentlicht (5\/2024)<\/strong><\/p>","protected":false},"author":4,"featured_media":42440,"template":"","categorie_communiques":[133],"syndicat":[118],"acf":[],"yoast_head":"<!-- This site is optimized with the Yoast SEO plugin v23.1 - https:\/\/yoast.com\/wordpress\/plugins\/seo\/ -->\r\n<title>Die Pensionerten besch\u00e4ftigen sich mit der Zukunft unseres Rentensystems - OGBL<\/title>\r\n<meta name=\"robots\" content=\"index, follow, max-snippet:-1, max-image-preview:large, max-video-preview:-1\" \/>\r\n<link rel=\"canonical\" href=\"https:\/\/www.ogbl.lu\/communique\/les-pensionnes-planchent-sur-lavenir-de-notre-systeme-de-retraites\/\" \/>\r\n<meta property=\"og:locale\" content=\"de_DE\" \/>\r\n<meta property=\"og:type\" content=\"article\" \/>\r\n<meta property=\"og:title\" content=\"[:fr]Les pensionn\u00e9s planchent sur l\u2019avenir de notre syst\u00e8me de retraites[:de]Die Pensionerten besch\u00e4ftigen sich mit der Zukunft unseres Rentensystems[:] - OGBL\" \/>\r\n<meta property=\"og:description\" content=\"Die OGBL-Pensioniertenabteilung hatte am 15. November ein volles Haus anl\u00e4sslich ihres Pensioniertentages im Gewerkschaftskasino in Bonneweg. Neben der Verabschiedung des \u2026\" \/>\r\n<meta property=\"og:url\" content=\"https:\/\/www.ogbl.lu\/communique\/les-pensionnes-planchent-sur-lavenir-de-notre-systeme-de-retraites\/\" \/>\r\n<meta property=\"og:site_name\" content=\"OGBL\" \/>\r\n<meta property=\"article:modified_time\" content=\"2024-12-18T10:32:30+00:00\" \/>\r\n<meta property=\"og:image\" content=\"https:\/\/www.ogbl.lu\/wp-content\/uploads\/2024\/12\/pensionnes.jpg\" \/>\r\n\t<meta property=\"og:image:width\" content=\"988\" \/>\r\n\t<meta property=\"og:image:height\" content=\"658\" \/>\r\n\t<meta property=\"og:image:type\" content=\"image\/jpeg\" \/>\r\n<meta name=\"twitter:card\" content=\"summary_large_image\" \/>\r\n<meta name=\"twitter:label1\" content=\"Est. reading time\" \/>\n\t<meta name=\"twitter:data1\" content=\"2 Minuten\" \/>\r\n<script type=\"application\/ld+json\" class=\"yoast-schema-graph\">{\"@context\":\"https:\/\/schema.org\",\"@graph\":[{\"@type\":\"WebPage\",\"@id\":\"https:\/\/www.ogbl.lu\/communique\/les-pensionnes-planchent-sur-lavenir-de-notre-systeme-de-retraites\/\",\"url\":\"https:\/\/www.ogbl.lu\/communique\/les-pensionnes-planchent-sur-lavenir-de-notre-systeme-de-retraites\/\",\"name\":\"[:fr]Les pensionn\u00e9s planchent sur l\u2019avenir de notre syst\u00e8me de retraites[:de]Die Pensionerten besch\u00e4ftigen sich mit der Zukunft unseres Rentensystems[:] - OGBL\",\"isPartOf\":{\"@id\":\"https:\/\/www.ogbl.lu\/de\/#website\"},\"primaryImageOfPage\":{\"@id\":\"https:\/\/www.ogbl.lu\/communique\/les-pensionnes-planchent-sur-lavenir-de-notre-systeme-de-retraites\/#primaryimage\"},\"image\":{\"@id\":\"https:\/\/www.ogbl.lu\/communique\/les-pensionnes-planchent-sur-lavenir-de-notre-systeme-de-retraites\/#primaryimage\"},\"thumbnailUrl\":\"https:\/\/www.ogbl.lu\/wp-content\/uploads\/2024\/12\/pensionnes.jpg\",\"datePublished\":\"2024-12-18T09:44:54+00:00\",\"dateModified\":\"2024-12-18T10:32:30+00:00\",\"breadcrumb\":{\"@id\":\"https:\/\/www.ogbl.lu\/communique\/les-pensionnes-planchent-sur-lavenir-de-notre-systeme-de-retraites\/#breadcrumb\"},\"inLanguage\":\"de-DE\",\"potentialAction\":[{\"@type\":\"ReadAction\",\"target\":[\"https:\/\/www.ogbl.lu\/communique\/les-pensionnes-planchent-sur-lavenir-de-notre-systeme-de-retraites\/\"]}]},{\"@type\":\"ImageObject\",\"inLanguage\":\"de-DE\",\"@id\":\"https:\/\/www.ogbl.lu\/communique\/les-pensionnes-planchent-sur-lavenir-de-notre-systeme-de-retraites\/#primaryimage\",\"url\":\"https:\/\/www.ogbl.lu\/wp-content\/uploads\/2024\/12\/pensionnes.jpg\",\"contentUrl\":\"https:\/\/www.ogbl.lu\/wp-content\/uploads\/2024\/12\/pensionnes.jpg\",\"width\":988,\"height\":658},{\"@type\":\"BreadcrumbList\",\"@id\":\"https:\/\/www.ogbl.lu\/communique\/les-pensionnes-planchent-sur-lavenir-de-notre-systeme-de-retraites\/#breadcrumb\",\"itemListElement\":[{\"@type\":\"ListItem\",\"position\":1,\"name\":\"Home\",\"item\":\"https:\/\/www.ogbl.lu\/\"},{\"@type\":\"ListItem\",\"position\":2,\"name\":\"Les pensionn\u00e9s planchent sur l\u2019avenir de notre syst\u00e8me de retraites\"}]},{\"@type\":\"WebSite\",\"@id\":\"https:\/\/www.ogbl.lu\/de\/#website\",\"url\":\"https:\/\/www.ogbl.lu\/de\/\",\"name\":\"OGBL\",\"description\":\"DIE GEWERKSCHAFT\",\"publisher\":{\"@id\":\"https:\/\/www.ogbl.lu\/de\/#organization\"},\"potentialAction\":[{\"@type\":\"SearchAction\",\"target\":{\"@type\":\"EntryPoint\",\"urlTemplate\":\"https:\/\/www.ogbl.lu\/de\/?s={search_term_string}\"},\"query-input\":\"required name=search_term_string\"}],\"inLanguage\":\"de-DE\"},{\"@type\":\"Organization\",\"@id\":\"https:\/\/www.ogbl.lu\/de\/#organization\",\"name\":\"OGBL\",\"url\":\"https:\/\/www.ogbl.lu\/de\/\",\"logo\":{\"@type\":\"ImageObject\",\"inLanguage\":\"de-DE\",\"@id\":\"https:\/\/www.ogbl.lu\/de\/#\/schema\/logo\/image\/\",\"url\":\"https:\/\/www.ogbl.lu\/wp-content\/uploads\/2024\/07\/LOGO_Red_FR-svg.png\",\"contentUrl\":\"https:\/\/www.ogbl.lu\/wp-content\/uploads\/2024\/07\/LOGO_Red_FR-svg.png\",\"width\":369,\"height\":171,\"caption\":\"OGBL\"},\"image\":{\"@id\":\"https:\/\/www.ogbl.lu\/de\/#\/schema\/logo\/image\/\"}}]}<\/script>\r\n<!-- \/ Yoast SEO plugin. -->","yoast_head_json":{"title":"[:fr]Les pensionn\u00e9s planchent sur l\u2019avenir de notre syst\u00e8me de retraites[:de]Die Pensionerten besch\u00e4ftigen sich mit der Zukunft unseres Rentensystems[:] - OGBL","robots":{"index":"index","follow":"follow","max-snippet":"max-snippet:-1","max-image-preview":"max-image-preview:large","max-video-preview":"max-video-preview:-1"},"canonical":"https:\/\/www.ogbl.lu\/communique\/les-pensionnes-planchent-sur-lavenir-de-notre-systeme-de-retraites\/","og_locale":"de_DE","og_type":"article","og_title":"[:fr]Les pensionn\u00e9s planchent sur l\u2019avenir de notre syst\u00e8me de retraites[:de]Die Pensionerten besch\u00e4ftigen sich mit der Zukunft unseres Rentensystems[:] - OGBL","og_description":"Die OGBL-Pensioniertenabteilung hatte am 15. November ein volles Haus anl\u00e4sslich ihres Pensioniertentages im Gewerkschaftskasino in Bonneweg. Neben der Verabschiedung des \u2026","og_url":"https:\/\/www.ogbl.lu\/communique\/les-pensionnes-planchent-sur-lavenir-de-notre-systeme-de-retraites\/","og_site_name":"OGBL","article_modified_time":"2024-12-18T10:32:30+00:00","og_image":[{"width":988,"height":658,"url":"https:\/\/www.ogbl.lu\/wp-content\/uploads\/2024\/12\/pensionnes.jpg","type":"image\/jpeg"}],"twitter_card":"summary_large_image","twitter_misc":{"Est. reading time":"2 Minuten"},"schema":{"@context":"https:\/\/schema.org","@graph":[{"@type":"WebPage","@id":"https:\/\/www.ogbl.lu\/communique\/les-pensionnes-planchent-sur-lavenir-de-notre-systeme-de-retraites\/","url":"https:\/\/www.ogbl.lu\/communique\/les-pensionnes-planchent-sur-lavenir-de-notre-systeme-de-retraites\/","name":"[:fr]Les pensionn\u00e9s planchent sur l\u2019avenir de notre syst\u00e8me de retraites[:de]Die Pensionerten besch\u00e4ftigen sich mit der Zukunft unseres Rentensystems[:] - OGBL","isPartOf":{"@id":"https:\/\/www.ogbl.lu\/de\/#website"},"primaryImageOfPage":{"@id":"https:\/\/www.ogbl.lu\/communique\/les-pensionnes-planchent-sur-lavenir-de-notre-systeme-de-retraites\/#primaryimage"},"image":{"@id":"https:\/\/www.ogbl.lu\/communique\/les-pensionnes-planchent-sur-lavenir-de-notre-systeme-de-retraites\/#primaryimage"},"thumbnailUrl":"https:\/\/www.ogbl.lu\/wp-content\/uploads\/2024\/12\/pensionnes.jpg","datePublished":"2024-12-18T09:44:54+00:00","dateModified":"2024-12-18T10:32:30+00:00","breadcrumb":{"@id":"https:\/\/www.ogbl.lu\/communique\/les-pensionnes-planchent-sur-lavenir-de-notre-systeme-de-retraites\/#breadcrumb"},"inLanguage":"de-DE","potentialAction":[{"@type":"ReadAction","target":["https:\/\/www.ogbl.lu\/communique\/les-pensionnes-planchent-sur-lavenir-de-notre-systeme-de-retraites\/"]}]},{"@type":"ImageObject","inLanguage":"de-DE","@id":"https:\/\/www.ogbl.lu\/communique\/les-pensionnes-planchent-sur-lavenir-de-notre-systeme-de-retraites\/#primaryimage","url":"https:\/\/www.ogbl.lu\/wp-content\/uploads\/2024\/12\/pensionnes.jpg","contentUrl":"https:\/\/www.ogbl.lu\/wp-content\/uploads\/2024\/12\/pensionnes.jpg","width":988,"height":658},{"@type":"BreadcrumbList","@id":"https:\/\/www.ogbl.lu\/communique\/les-pensionnes-planchent-sur-lavenir-de-notre-systeme-de-retraites\/#breadcrumb","itemListElement":[{"@type":"ListItem","position":1,"name":"Home","item":"https:\/\/www.ogbl.lu\/"},{"@type":"ListItem","position":2,"name":"Les pensionn\u00e9s planchent sur l\u2019avenir de notre syst\u00e8me de retraites"}]},{"@type":"WebSite","@id":"https:\/\/www.ogbl.lu\/de\/#website","url":"https:\/\/www.ogbl.lu\/de\/","name":"OGBL","description":"DIE GEWERKSCHAFT","publisher":{"@id":"https:\/\/www.ogbl.lu\/de\/#organization"},"potentialAction":[{"@type":"SearchAction","target":{"@type":"EntryPoint","urlTemplate":"https:\/\/www.ogbl.lu\/de\/?s={search_term_string}"},"query-input":"required name=search_term_string"}],"inLanguage":"de-DE"},{"@type":"Organization","@id":"https:\/\/www.ogbl.lu\/de\/#organization","name":"OGBL","url":"https:\/\/www.ogbl.lu\/de\/","logo":{"@type":"ImageObject","inLanguage":"de-DE","@id":"https:\/\/www.ogbl.lu\/de\/#\/schema\/logo\/image\/","url":"https:\/\/www.ogbl.lu\/wp-content\/uploads\/2024\/07\/LOGO_Red_FR-svg.png","contentUrl":"https:\/\/www.ogbl.lu\/wp-content\/uploads\/2024\/07\/LOGO_Red_FR-svg.png","width":369,"height":171,"caption":"OGBL"},"image":{"@id":"https:\/\/www.ogbl.lu\/de\/#\/schema\/logo\/image\/"}}]}},"_links":{"self":[{"href":"https:\/\/www.ogbl.lu\/de\/wp-json\/wp\/v2\/communiques\/42438"}],"collection":[{"href":"https:\/\/www.ogbl.lu\/de\/wp-json\/wp\/v2\/communiques"}],"about":[{"href":"https:\/\/www.ogbl.lu\/de\/wp-json\/wp\/v2\/types\/communiques"}],"author":[{"embeddable":true,"href":"https:\/\/www.ogbl.lu\/de\/wp-json\/wp\/v2\/users\/4"}],"version-history":[{"count":5,"href":"https:\/\/www.ogbl.lu\/de\/wp-json\/wp\/v2\/communiques\/42438\/revisions"}],"predecessor-version":[{"id":42479,"href":"https:\/\/www.ogbl.lu\/de\/wp-json\/wp\/v2\/communiques\/42438\/revisions\/42479"}],"wp:featuredmedia":[{"embeddable":true,"href":"https:\/\/www.ogbl.lu\/de\/wp-json\/wp\/v2\/media\/42440"}],"wp:attachment":[{"href":"https:\/\/www.ogbl.lu\/de\/wp-json\/wp\/v2\/media?parent=42438"}],"wp:term":[{"taxonomy":"categorie_communiques","embeddable":true,"href":"https:\/\/www.ogbl.lu\/de\/wp-json\/wp\/v2\/categorie_communiques?post=42438"},{"taxonomy":"syndicat","embeddable":true,"href":"https:\/\/www.ogbl.lu\/de\/wp-json\/wp\/v2\/syndicat?post=42438"}],"curies":[{"name":"wp","href":"https:\/\/api.w.org\/{rel}","templated":true}]}}

Die Pensionerten beschäftigen sich mit der Zukunft unseres Rentensystems

<p><strong>Die OGBL-Pensioniertenabteilung hatte am 15. November ein volles Haus anlässlich ihres Pensioniertentages im Gewerkschaftskasino in Bonneweg.</strong></p>
<p>Neben der Verabschiedung des Tätigkeitsberichts der Abteilung und der Anpassung der Geschäftsordnung, beschäftigten sich die Pensionierten des OGBL insbesondere mit unserem Rentensystem, dies im Rahmen der Debatte, die die Ministerin für soziale Sicherheit diesen Herbst über die Zukunft desselben eröffnet hat. So hielt der Direktor der Arbeitnehmerkammer, Sylvain Hoffmann, ein Referat zu diesem Thema und plädierte für ein gestärktes öffentliches Rentensystem. Der Vizepräsident der Arbeitnehmerkammer und ehemalige Präsident des OGBL, Jean-Claude Reding, sprach ebenfalls über die Frage des Rentensystems und betonte, dass für den OGBL eine Schwächung des Systems nicht in Frage komme.</p>
<p>Carlos Pereira, Mitglied des geschäftsführenden Vorstands, berichtete über die aktuelle Situation der Nationalen Gesundheitskasse (CNS) und deren Finanzlage.</p>
<p>Es sei darauf hingewiesen, dass Videoaufnahmen der Reden von Sylvain Hoffmann, Jean-Claude Reding und Carlos Pereira auf dem YouTube-Kanal des OGBL abrufbar sind.</p>
<p>Die Pensioniertenabteilung wählte anschließend ebenfalls ihren neuen Vorstand, der sich seinerseits eine neue Exekutive für die nächsten fünf Jahre gab. Diese setzt sich nun zusammen aus Jean-Claude Reding (Präsident), Marylène Hozay (Vizepräsidentin), Alain Kinn (Vizepräsident), Henri Reding (Sekretär) und Serge Schimoff (Schatzmeister).</p>
<p><strong>Dieser Artikel wurde im Aktuell veröffentlicht (5/2024)</strong></p>

<!-- This site is optimized with the Yoast SEO plugin v23.1 - https://yoast.com/wordpress/plugins/seo/ -->
<title>Die Pensionerten beschäftigen sich mit der Zukunft unseres Rentensystems - OGBL</title>
<meta name="robots" content="index, follow, max-snippet:-1, max-image-preview:large, max-video-preview:-1" />
<link rel="canonical" href="https://www.ogbl.lu/communique/les-pensionnes-planchent-sur-lavenir-de-notre-systeme-de-retraites/" />
<meta property="og:locale" content="de_DE" />
<meta property="og:type" content="article" />
<meta property="og:title" content="[:fr]Les pensionnés planchent sur l’avenir de notre système de retraites[:de]Die Pensionerten beschäftigen sich mit der Zukunft unseres Rentensystems[:] - OGBL" />
<meta property="og:description" content="Die OGBL-Pensioniertenabteilung hatte am 15. November ein volles Haus anlässlich ihres Pensioniertentages im Gewerkschaftskasino in Bonneweg. Neben der Verabschiedung des …" />
<meta property="og:url" content="https://www.ogbl.lu/communique/les-pensionnes-planchent-sur-lavenir-de-notre-systeme-de-retraites/" />
<meta property="og:site_name" content="OGBL" />
<meta property="article:modified_time" content="2024-12-18T10:32:30+00:00" />
<meta property="og:image" content="https://www.ogbl.lu/wp-content/uploads/2024/12/pensionnes.jpg" />
	<meta property="og:image:width" content="988" />
	<meta property="og:image:height" content="658" />
	<meta property="og:image:type" content="image/jpeg" />
<meta name="twitter:card" content="summary_large_image" />
<meta name="twitter:label1" content="Est. reading time" />
	<meta name="twitter:data1" content="2 Minuten" />
<script type="application/ld+json" class="yoast-schema-graph">{"@context":"https://schema.org","@graph":[{"@type":"WebPage","@id":"https://www.ogbl.lu/communique/les-pensionnes-planchent-sur-lavenir-de-notre-systeme-de-retraites/","url":"https://www.ogbl.lu/communique/les-pensionnes-planchent-sur-lavenir-de-notre-systeme-de-retraites/","name":"[:fr]Les pensionnés planchent sur l’avenir de notre système de retraites[:de]Die Pensionerten beschäftigen sich mit der Zukunft unseres Rentensystems[:] - OGBL","isPartOf":{"@id":"https://www.ogbl.lu/de/#website"},"primaryImageOfPage":{"@id":"https://www.ogbl.lu/communique/les-pensionnes-planchent-sur-lavenir-de-notre-systeme-de-retraites/#primaryimage"},"image":{"@id":"https://www.ogbl.lu/communique/les-pensionnes-planchent-sur-lavenir-de-notre-systeme-de-retraites/#primaryimage"},"thumbnailUrl":"https://www.ogbl.lu/wp-content/uploads/2024/12/pensionnes.jpg","datePublished":"2024-12-18T09:44:54+00:00","dateModified":"2024-12-18T10:32:30+00:00","breadcrumb":{"@id":"https://www.ogbl.lu/communique/les-pensionnes-planchent-sur-lavenir-de-notre-systeme-de-retraites/#breadcrumb"},"inLanguage":"de-DE","potentialAction":[{"@type":"ReadAction","target":["https://www.ogbl.lu/communique/les-pensionnes-planchent-sur-lavenir-de-notre-systeme-de-retraites/"]}]},{"@type":"ImageObject","inLanguage":"de-DE","@id":"https://www.ogbl.lu/communique/les-pensionnes-planchent-sur-lavenir-de-notre-systeme-de-retraites/#primaryimage","url":"https://www.ogbl.lu/wp-content/uploads/2024/12/pensionnes.jpg","contentUrl":"https://www.ogbl.lu/wp-content/uploads/2024/12/pensionnes.jpg","width":988,"height":658},{"@type":"BreadcrumbList","@id":"https://www.ogbl.lu/communique/les-pensionnes-planchent-sur-lavenir-de-notre-systeme-de-retraites/#breadcrumb","itemListElement":[{"@type":"ListItem","position":1,"name":"Home","item":"https://www.ogbl.lu/"},{"@type":"ListItem","position":2,"name":"Les pensionnés planchent sur l’avenir de notre système de retraites"}]},{"@type":"WebSite","@id":"https://www.ogbl.lu/de/#website","url":"https://www.ogbl.lu/de/","name":"OGBL","description":"DIE GEWERKSCHAFT","publisher":{"@id":"https://www.ogbl.lu/de/#organization"},"potentialAction":[{"@type":"SearchAction","target":{"@type":"EntryPoint","urlTemplate":"https://www.ogbl.lu/de/?s={search_term_string}"},"query-input":"required name=search_term_string"}],"inLanguage":"de-DE"},{"@type":"Organization","@id":"https://www.ogbl.lu/de/#organization","name":"OGBL","url":"https://www.ogbl.lu/de/","logo":{"@type":"ImageObject","inLanguage":"de-DE","@id":"https://www.ogbl.lu/de/#/schema/logo/image/","url":"https://www.ogbl.lu/wp-content/uploads/2024/07/LOGO_Red_FR-svg.png","contentUrl":"https://www.ogbl.lu/wp-content/uploads/2024/07/LOGO_Red_FR-svg.png","width":369,"height":171,"caption":"OGBL"},"image":{"@id":"https://www.ogbl.lu/de/#/schema/logo/image/"}}]}</script>
<!-- / Yoast SEO plugin. -->

[:fr]Les pensionnés planchent sur l’avenir de notre système de retraites[:de]Die Pensionerten beschäftigen sich mit der Zukunft unseres Rentensystems[:] - OGBL

Die OGBL-Pensioniertenabteilung hatte am 15. November ein volles Haus anlässlich ihres Pensioniertentages im Gewerkschaftskasino in Bonneweg. Neben der Verabschiedung des …

Les pensionnés planchent sur l’avenir de notre système de retraites
