{"id":3038,"date":"2022-09-08T10:54:59","date_gmt":"2022-09-08T08:54:59","guid":{"rendered":"https:\/\/www.ogbl.lu\/communiques\/pour-le-respect-du-personnel"},"modified":"2023-06-05T11:10:56","modified_gmt":"2023-06-05T09:10:56","slug":"pour-le-respect-du-personnel","status":"publish","type":"communiques","link":"https:\/\/www.ogbl.lu\/de\/communique\/pour-le-respect-du-personnel\/","title":{"rendered":"F\u00fcr den Respekt des Personals"},"content":{"rendered":"<p>Anl\u00e4sslich der Sitzung des Begleitausschusses der Tripartite Luftfahrt am 26. September\u00a0 2022 laden die Gewerkschaften Sie zu einer Gro\u00dfdemonstration ein.<br \/>\nGemeinsam<\/p>\n<ul>\n<li>fordern wir den Respekt des Luxair-Personals durch die Generaldirektion;<\/li>\n<li>fordern wir eine Verbesserung der Arbeitsbedingungen und der Entlohnung, die dem t\u00e4glichen Einsatz der Luxair-Besch\u00e4ftigten entspricht;<\/li>\n<li>verteidigen wir die Zukunft von Luxair und der Aktivit\u00e4ten in Luxemburg (Cargo Center, Refleeting, Catering, Wartung usw.)<\/li>\n<\/ul>\n<p><strong>26. September 2022 ab 8 Uhr<\/strong><\/p>\n<p><strong>Programm:<\/strong><br \/>\n7:15 Uhr Abfahrt Shuttle Busse P&amp;R Bouillon<\/p>\n<p>8:00 Uhr Treffpunkt Parkplatz \u201eGlacis\u201c 21, all\u00e9e Scheffer L-2520 Luxembourg<\/p>\n<p>8:15 Uhr Start Demonstrationszugs<\/p>\n<p>8:45 Uhr Ankunft und Reden Ministerium f\u00fcr Mobilit\u00e4t und \u00f6ffentliche Arbeiten 4, place de l\u2019Europe L-1499 Luxembourg<\/p>\n<p><strong><em>Fr\u00fchst\u00fcck f\u00fcr die Nachtschicht vom CargoCenter zwischen 6.30 und 7.30 Uhr im Hotel Melia (1 Park Drai Eechelen, 1499 Luxemburg). Ab 6:15 Uhr werden Shuttle-Busse vom CargoCenter, zum Hotel Melia und zum Startpunkt des Demonstrationszuges organisiert.<\/em><\/strong><\/p>\n<p>&gt;&gt; <a href=\"https:\/\/www.ogbl.lu\/wp-content\/uploads\/communiques\/2022-09-26-Tract-commun-LCGB-OGBL-NGL-Manifestation-DE.pdf\" target=\"_blank\" rel=\"noopener\">Siehe Flugblatt auf Deutsch (PDF)<\/a><\/p>\n<p>&gt;&gt; <a href=\"https:\/\/www.ogbl.lu\/wp-content\/uploads\/communiques\/2022-09-26-Tract-commun-LCGB-OGBL-NGL-Manifestation-EN.pdf\" target=\"_blank\" rel=\"noopener\">See the flyer in English (PDF)<\/a><\/p>","protected":false},"author":1,"featured_media":3173,"template":"","categorie_communiques":[44],"syndicat":[68],"acf":[],"yoast_head":"<!-- This site is optimized with the Yoast SEO plugin v23.1 - https:\/\/yoast.com\/wordpress\/plugins\/seo\/ -->\r\n<title>F\u00fcr den Respekt des Personals - OGBL<\/title>\r\n<meta name=\"robots\" content=\"index, follow, max-snippet:-1, max-image-preview:large, max-video-preview:-1\" \/>\r\n<link rel=\"canonical\" href=\"https:\/\/www.ogbl.lu\/communique\/pour-le-respect-du-personnel\/\" \/>\r\n<meta property=\"og:locale\" content=\"de_DE\" \/>\r\n<meta property=\"og:type\" content=\"article\" \/>\r\n<meta property=\"og:title\" content=\"[:fr]Pour le respect du personnel[:de]F\u00fcr den Respekt des Personals[:] - OGBL\" \/>\r\n<meta property=\"og:description\" content=\"Anl\u00e4sslich der Sitzung des Begleitausschusses der Tripartite Luftfahrt am 26. September\u00a0 2022 laden die Gewerkschaften Sie zu einer Gro\u00dfdemonstration ein. \u2026\" \/>\r\n<meta property=\"og:url\" content=\"https:\/\/www.ogbl.lu\/communique\/pour-le-respect-du-personnel\/\" \/>\r\n<meta property=\"og:site_name\" content=\"OGBL\" \/>\r\n<meta property=\"article:modified_time\" content=\"2023-06-05T09:10:56+00:00\" \/>\r\n<meta property=\"og:image\" content=\"https:\/\/www.ogbl.lu\/wp-content\/uploads\/2022\/09\/manifestation_luxair.jpg\" \/>\r\n\t<meta property=\"og:image:width\" content=\"839\" \/>\r\n\t<meta property=\"og:image:height\" content=\"575\" \/>\r\n\t<meta property=\"og:image:type\" content=\"image\/jpeg\" \/>\r\n<meta name=\"twitter:card\" content=\"summary_large_image\" \/>\r\n<meta name=\"twitter:label1\" content=\"Est. reading time\" \/>\n\t<meta name=\"twitter:data1\" content=\"2 Minuten\" \/>\r\n<script type=\"application\/ld+json\" class=\"yoast-schema-graph\">{\"@context\":\"https:\/\/schema.org\",\"@graph\":[{\"@type\":\"WebPage\",\"@id\":\"https:\/\/www.ogbl.lu\/communique\/pour-le-respect-du-personnel\/\",\"url\":\"https:\/\/www.ogbl.lu\/communique\/pour-le-respect-du-personnel\/\",\"name\":\"[:fr]Pour le respect du personnel[:de]F\u00fcr den Respekt des Personals[:] - OGBL\",\"isPartOf\":{\"@id\":\"https:\/\/www.ogbl.lu\/de\/#website\"},\"primaryImageOfPage\":{\"@id\":\"https:\/\/www.ogbl.lu\/communique\/pour-le-respect-du-personnel\/#primaryimage\"},\"image\":{\"@id\":\"https:\/\/www.ogbl.lu\/communique\/pour-le-respect-du-personnel\/#primaryimage\"},\"thumbnailUrl\":\"https:\/\/www.ogbl.lu\/wp-content\/uploads\/2022\/09\/manifestation_luxair.jpg\",\"datePublished\":\"2022-09-08T08:54:59+00:00\",\"dateModified\":\"2023-06-05T09:10:56+00:00\",\"breadcrumb\":{\"@id\":\"https:\/\/www.ogbl.lu\/communique\/pour-le-respect-du-personnel\/#breadcrumb\"},\"inLanguage\":\"de-DE\",\"potentialAction\":[{\"@type\":\"ReadAction\",\"target\":[\"https:\/\/www.ogbl.lu\/communique\/pour-le-respect-du-personnel\/\"]}]},{\"@type\":\"ImageObject\",\"inLanguage\":\"de-DE\",\"@id\":\"https:\/\/www.ogbl.lu\/communique\/pour-le-respect-du-personnel\/#primaryimage\",\"url\":\"https:\/\/www.ogbl.lu\/wp-content\/uploads\/2022\/09\/manifestation_luxair.jpg\",\"contentUrl\":\"https:\/\/www.ogbl.lu\/wp-content\/uploads\/2022\/09\/manifestation_luxair.jpg\",\"width\":839,\"height\":575},{\"@type\":\"BreadcrumbList\",\"@id\":\"https:\/\/www.ogbl.lu\/communique\/pour-le-respect-du-personnel\/#breadcrumb\",\"itemListElement\":[{\"@type\":\"ListItem\",\"position\":1,\"name\":\"Home\",\"item\":\"https:\/\/www.ogbl.lu\/\"},{\"@type\":\"ListItem\",\"position\":2,\"name\":\"Pour le respect du personnel\"}]},{\"@type\":\"WebSite\",\"@id\":\"https:\/\/www.ogbl.lu\/de\/#website\",\"url\":\"https:\/\/www.ogbl.lu\/de\/\",\"name\":\"OGBL\",\"description\":\"DIE GEWERKSCHAFT\",\"publisher\":{\"@id\":\"https:\/\/www.ogbl.lu\/de\/#organization\"},\"potentialAction\":[{\"@type\":\"SearchAction\",\"target\":{\"@type\":\"EntryPoint\",\"urlTemplate\":\"https:\/\/www.ogbl.lu\/de\/?s={search_term_string}\"},\"query-input\":\"required name=search_term_string\"}],\"inLanguage\":\"de-DE\"},{\"@type\":\"Organization\",\"@id\":\"https:\/\/www.ogbl.lu\/de\/#organization\",\"name\":\"OGBL\",\"url\":\"https:\/\/www.ogbl.lu\/de\/\",\"logo\":{\"@type\":\"ImageObject\",\"inLanguage\":\"de-DE\",\"@id\":\"https:\/\/www.ogbl.lu\/de\/#\/schema\/logo\/image\/\",\"url\":\"https:\/\/www.ogbl.lu\/wp-content\/uploads\/2024\/07\/LOGO_Red_FR-svg.png\",\"contentUrl\":\"https:\/\/www.ogbl.lu\/wp-content\/uploads\/2024\/07\/LOGO_Red_FR-svg.png\",\"width\":369,\"height\":171,\"caption\":\"OGBL\"},\"image\":{\"@id\":\"https:\/\/www.ogbl.lu\/de\/#\/schema\/logo\/image\/\"}}]}<\/script>\r\n<!-- \/ Yoast SEO plugin. -->","yoast_head_json":{"title":"[:fr]Pour le respect du personnel[:de]F\u00fcr den Respekt des Personals[:] - OGBL","robots":{"index":"index","follow":"follow","max-snippet":"max-snippet:-1","max-image-preview":"max-image-preview:large","max-video-preview":"max-video-preview:-1"},"canonical":"https:\/\/www.ogbl.lu\/communique\/pour-le-respect-du-personnel\/","og_locale":"de_DE","og_type":"article","og_title":"[:fr]Pour le respect du personnel[:de]F\u00fcr den Respekt des Personals[:] - OGBL","og_description":"Anl\u00e4sslich der Sitzung des Begleitausschusses der Tripartite Luftfahrt am 26. September\u00a0 2022 laden die Gewerkschaften Sie zu einer Gro\u00dfdemonstration ein. \u2026","og_url":"https:\/\/www.ogbl.lu\/communique\/pour-le-respect-du-personnel\/","og_site_name":"OGBL","article_modified_time":"2023-06-05T09:10:56+00:00","og_image":[{"width":839,"height":575,"url":"https:\/\/www.ogbl.lu\/wp-content\/uploads\/2022\/09\/manifestation_luxair.jpg","type":"image\/jpeg"}],"twitter_card":"summary_large_image","twitter_misc":{"Est. reading time":"2 Minuten"},"schema":{"@context":"https:\/\/schema.org","@graph":[{"@type":"WebPage","@id":"https:\/\/www.ogbl.lu\/communique\/pour-le-respect-du-personnel\/","url":"https:\/\/www.ogbl.lu\/communique\/pour-le-respect-du-personnel\/","name":"[:fr]Pour le respect du personnel[:de]F\u00fcr den Respekt des Personals[:] - OGBL","isPartOf":{"@id":"https:\/\/www.ogbl.lu\/de\/#website"},"primaryImageOfPage":{"@id":"https:\/\/www.ogbl.lu\/communique\/pour-le-respect-du-personnel\/#primaryimage"},"image":{"@id":"https:\/\/www.ogbl.lu\/communique\/pour-le-respect-du-personnel\/#primaryimage"},"thumbnailUrl":"https:\/\/www.ogbl.lu\/wp-content\/uploads\/2022\/09\/manifestation_luxair.jpg","datePublished":"2022-09-08T08:54:59+00:00","dateModified":"2023-06-05T09:10:56+00:00","breadcrumb":{"@id":"https:\/\/www.ogbl.lu\/communique\/pour-le-respect-du-personnel\/#breadcrumb"},"inLanguage":"de-DE","potentialAction":[{"@type":"ReadAction","target":["https:\/\/www.ogbl.lu\/communique\/pour-le-respect-du-personnel\/"]}]},{"@type":"ImageObject","inLanguage":"de-DE","@id":"https:\/\/www.ogbl.lu\/communique\/pour-le-respect-du-personnel\/#primaryimage","url":"https:\/\/www.ogbl.lu\/wp-content\/uploads\/2022\/09\/manifestation_luxair.jpg","contentUrl":"https:\/\/www.ogbl.lu\/wp-content\/uploads\/2022\/09\/manifestation_luxair.jpg","width":839,"height":575},{"@type":"BreadcrumbList","@id":"https:\/\/www.ogbl.lu\/communique\/pour-le-respect-du-personnel\/#breadcrumb","itemListElement":[{"@type":"ListItem","position":1,"name":"Home","item":"https:\/\/www.ogbl.lu\/"},{"@type":"ListItem","position":2,"name":"Pour le respect du personnel"}]},{"@type":"WebSite","@id":"https:\/\/www.ogbl.lu\/de\/#website","url":"https:\/\/www.ogbl.lu\/de\/","name":"OGBL","description":"DIE GEWERKSCHAFT","publisher":{"@id":"https:\/\/www.ogbl.lu\/de\/#organization"},"potentialAction":[{"@type":"SearchAction","target":{"@type":"EntryPoint","urlTemplate":"https:\/\/www.ogbl.lu\/de\/?s={search_term_string}"},"query-input":"required name=search_term_string"}],"inLanguage":"de-DE"},{"@type":"Organization","@id":"https:\/\/www.ogbl.lu\/de\/#organization","name":"OGBL","url":"https:\/\/www.ogbl.lu\/de\/","logo":{"@type":"ImageObject","inLanguage":"de-DE","@id":"https:\/\/www.ogbl.lu\/de\/#\/schema\/logo\/image\/","url":"https:\/\/www.ogbl.lu\/wp-content\/uploads\/2024\/07\/LOGO_Red_FR-svg.png","contentUrl":"https:\/\/www.ogbl.lu\/wp-content\/uploads\/2024\/07\/LOGO_Red_FR-svg.png","width":369,"height":171,"caption":"OGBL"},"image":{"@id":"https:\/\/www.ogbl.lu\/de\/#\/schema\/logo\/image\/"}}]}},"_links":{"self":[{"href":"https:\/\/www.ogbl.lu\/de\/wp-json\/wp\/v2\/communiques\/3038"}],"collection":[{"href":"https:\/\/www.ogbl.lu\/de\/wp-json\/wp\/v2\/communiques"}],"about":[{"href":"https:\/\/www.ogbl.lu\/de\/wp-json\/wp\/v2\/types\/communiques"}],"author":[{"embeddable":true,"href":"https:\/\/www.ogbl.lu\/de\/wp-json\/wp\/v2\/users\/1"}],"version-history":[{"count":0,"href":"https:\/\/www.ogbl.lu\/de\/wp-json\/wp\/v2\/communiques\/3038\/revisions"}],"wp:featuredmedia":[{"embeddable":true,"href":"https:\/\/www.ogbl.lu\/de\/wp-json\/wp\/v2\/media\/3173"}],"wp:attachment":[{"href":"https:\/\/www.ogbl.lu\/de\/wp-json\/wp\/v2\/media?parent=3038"}],"wp:term":[{"taxonomy":"categorie_communiques","embeddable":true,"href":"https:\/\/www.ogbl.lu\/de\/wp-json\/wp\/v2\/categorie_communiques?post=3038"},{"taxonomy":"syndicat","embeddable":true,"href":"https:\/\/www.ogbl.lu\/de\/wp-json\/wp\/v2\/syndicat?post=3038"}],"curies":[{"name":"wp","href":"https:\/\/api.w.org\/{rel}","templated":true}]}}

Für den Respekt des Personals

<p>Anlässlich der Sitzung des Begleitausschusses der Tripartite Luftfahrt am 26. September  2022 laden die Gewerkschaften Sie zu einer Großdemonstration ein.<br />
Gemeinsam</p>
<ul>
<li>fordern wir den Respekt des Luxair-Personals durch die Generaldirektion;</li>
<li>fordern wir eine Verbesserung der Arbeitsbedingungen und der Entlohnung, die dem täglichen Einsatz der Luxair-Beschäftigten entspricht;</li>
<li>verteidigen wir die Zukunft von Luxair und der Aktivitäten in Luxemburg (Cargo Center, Refleeting, Catering, Wartung usw.)</li>
</ul>
<p><strong>26. September 2022 ab 8 Uhr</strong></p>
<p><strong>Programm:</strong><br />
7:15 Uhr Abfahrt Shuttle Busse P&amp;R Bouillon</p>
<p>8:00 Uhr Treffpunkt Parkplatz „Glacis“ 21, allée Scheffer L-2520 Luxembourg</p>
<p>8:15 Uhr Start Demonstrationszugs</p>
<p>8:45 Uhr Ankunft und Reden Ministerium für Mobilität und öffentliche Arbeiten 4, place de l’Europe L-1499 Luxembourg</p>
<p><strong><em>Frühstück für die Nachtschicht vom CargoCenter zwischen 6.30 und 7.30 Uhr im Hotel Melia (1 Park Drai Eechelen, 1499 Luxemburg). Ab 6:15 Uhr werden Shuttle-Busse vom CargoCenter, zum Hotel Melia und zum Startpunkt des Demonstrationszuges organisiert.</em></strong></p>
<p>&gt;&gt; <a href="https://www.ogbl.lu/wp-content/uploads/communiques/2022-09-26-Tract-commun-LCGB-OGBL-NGL-Manifestation-DE.pdf" target="_blank" rel="noopener">Siehe Flugblatt auf Deutsch (PDF)</a></p>
<p>&gt;&gt; <a href="https://www.ogbl.lu/wp-content/uploads/communiques/2022-09-26-Tract-commun-LCGB-OGBL-NGL-Manifestation-EN.pdf" target="_blank" rel="noopener">See the flyer in English (PDF)</a></p>

<!-- This site is optimized with the Yoast SEO plugin v23.1 - https://yoast.com/wordpress/plugins/seo/ -->
<title>Für den Respekt des Personals - OGBL</title>
<meta name="robots" content="index, follow, max-snippet:-1, max-image-preview:large, max-video-preview:-1" />
<link rel="canonical" href="https://www.ogbl.lu/communique/pour-le-respect-du-personnel/" />
<meta property="og:locale" content="de_DE" />
<meta property="og:type" content="article" />
<meta property="og:title" content="[:fr]Pour le respect du personnel[:de]Für den Respekt des Personals[:] - OGBL" />
<meta property="og:description" content="Anlässlich der Sitzung des Begleitausschusses der Tripartite Luftfahrt am 26. September  2022 laden die Gewerkschaften Sie zu einer Großdemonstration ein. …" />
<meta property="og:url" content="https://www.ogbl.lu/communique/pour-le-respect-du-personnel/" />
<meta property="og:site_name" content="OGBL" />
<meta property="article:modified_time" content="2023-06-05T09:10:56+00:00" />
<meta property="og:image" content="https://www.ogbl.lu/wp-content/uploads/2022/09/manifestation_luxair.jpg" />
	<meta property="og:image:width" content="839" />
	<meta property="og:image:height" content="575" />
	<meta property="og:image:type" content="image/jpeg" />
<meta name="twitter:card" content="summary_large_image" />
<meta name="twitter:label1" content="Est. reading time" />
	<meta name="twitter:data1" content="2 Minuten" />
<script type="application/ld+json" class="yoast-schema-graph">{"@context":"https://schema.org","@graph":[{"@type":"WebPage","@id":"https://www.ogbl.lu/communique/pour-le-respect-du-personnel/","url":"https://www.ogbl.lu/communique/pour-le-respect-du-personnel/","name":"[:fr]Pour le respect du personnel[:de]Für den Respekt des Personals[:] - OGBL","isPartOf":{"@id":"https://www.ogbl.lu/de/#website"},"primaryImageOfPage":{"@id":"https://www.ogbl.lu/communique/pour-le-respect-du-personnel/#primaryimage"},"image":{"@id":"https://www.ogbl.lu/communique/pour-le-respect-du-personnel/#primaryimage"},"thumbnailUrl":"https://www.ogbl.lu/wp-content/uploads/2022/09/manifestation_luxair.jpg","datePublished":"2022-09-08T08:54:59+00:00","dateModified":"2023-06-05T09:10:56+00:00","breadcrumb":{"@id":"https://www.ogbl.lu/communique/pour-le-respect-du-personnel/#breadcrumb"},"inLanguage":"de-DE","potentialAction":[{"@type":"ReadAction","target":["https://www.ogbl.lu/communique/pour-le-respect-du-personnel/"]}]},{"@type":"ImageObject","inLanguage":"de-DE","@id":"https://www.ogbl.lu/communique/pour-le-respect-du-personnel/#primaryimage","url":"https://www.ogbl.lu/wp-content/uploads/2022/09/manifestation_luxair.jpg","contentUrl":"https://www.ogbl.lu/wp-content/uploads/2022/09/manifestation_luxair.jpg","width":839,"height":575},{"@type":"BreadcrumbList","@id":"https://www.ogbl.lu/communique/pour-le-respect-du-personnel/#breadcrumb","itemListElement":[{"@type":"ListItem","position":1,"name":"Home","item":"https://www.ogbl.lu/"},{"@type":"ListItem","position":2,"name":"Pour le respect du personnel"}]},{"@type":"WebSite","@id":"https://www.ogbl.lu/de/#website","url":"https://www.ogbl.lu/de/","name":"OGBL","description":"DIE GEWERKSCHAFT","publisher":{"@id":"https://www.ogbl.lu/de/#organization"},"potentialAction":[{"@type":"SearchAction","target":{"@type":"EntryPoint","urlTemplate":"https://www.ogbl.lu/de/?s={search_term_string}"},"query-input":"required name=search_term_string"}],"inLanguage":"de-DE"},{"@type":"Organization","@id":"https://www.ogbl.lu/de/#organization","name":"OGBL","url":"https://www.ogbl.lu/de/","logo":{"@type":"ImageObject","inLanguage":"de-DE","@id":"https://www.ogbl.lu/de/#/schema/logo/image/","url":"https://www.ogbl.lu/wp-content/uploads/2024/07/LOGO_Red_FR-svg.png","contentUrl":"https://www.ogbl.lu/wp-content/uploads/2024/07/LOGO_Red_FR-svg.png","width":369,"height":171,"caption":"OGBL"},"image":{"@id":"https://www.ogbl.lu/de/#/schema/logo/image/"}}]}</script>
<!-- / Yoast SEO plugin. -->

[:fr]Pour le respect du personnel[:de]Für den Respekt des Personals[:] - OGBL

Anlässlich der Sitzung des Begleitausschusses der Tripartite Luftfahrt am 26. September  2022 laden die Gewerkschaften Sie zu einer Großdemonstration ein. …
