{"id":2469,"date":"2019-06-21T13:57:40","date_gmt":"2019-06-21T11:57:40","guid":{"rendered":"https:\/\/www.ogbl.lu\/communiques\/renouvellement-de-la-convention-collective-43"},"modified":"2023-06-02T13:21:32","modified_gmt":"2023-06-02T11:21:32","slug":"renouvellement-de-la-convention-collective-43","status":"publish","type":"communiques","link":"https:\/\/www.ogbl.lu\/de\/communique\/renouvellement-de-la-convention-collective-43\/","title":{"rendered":"Erneuerung des Kollektivvertrags"},"content":{"rendered":"<p><a href=\"https:\/\/www.ogbl.lu\/wp-content\/uploads\/communiques\/19_06_19-Photo-Signature-CC-Goodyear.jpg\" target=\"_blank\" rel=\"noopener\"><img decoding=\"async\" class=\" wp-image-28559 alignnone\" style=\"border: 0px none;\" src=\"https:\/\/www.ogbl.lu\/wp-content\/uploads\/communiques\/19_06_19-Photo-Signature-CC-Goodyear-1024x768.jpg\" alt=\"19_06_19 Photo Signature CC Goodyear\" width=\"600\" \/><\/a><\/p>\n<p>Im Anschluss an Verhandlungen, die \u00fcber mehrere Monate in einer gelassenen und konstruktiven Stimmung abliefen, hat die Verhandlungsgruppe, zusammengesetzt aus 2 Rechtstr\u00e4gern der Goodyear-Gruppe Luxemburg sowie den Gewerkschaften OGBL und LCGB, ein Kollektivvertragsabkommen f\u00fcr die Jahre 2019, 2020 und 2021 unterzeichnet.<\/p>\n<p>Dieses Abkommen, das fast 3500 Arbeitnehmer betrifft, enth\u00e4lt folgende Hauptma\u00dfnahmen:<\/p>\n<ul>\n<li>Eine Erh\u00f6hung um 35\u20ac f\u00fcr alle im Januar 2020<\/li>\n<li>Eine Erh\u00f6hung um 35\u20ac f\u00fcr alle im Oktober 2021<\/li>\n<li>Eine zus\u00e4tzliche Erh\u00f6hung von 25\u20ac im Dezember 2021, wenn keine Indextranche zwischen dem 01.01.21 und dem 30.11.21 f\u00e4llig wird.<\/li>\n<li>Das Gesamtbudget f\u00fcr die Stundenl\u00f6hner wird um 0,3 bis 0,5% erh\u00f6ht.<\/li>\n<li>Der Lohn der Neueingestellten wird ab Juli 2019 wiederaufgewertet.<\/li>\n<\/ul>\n<p>Das Abkommen enth\u00e4lt auch Ma\u00dfnahmen, um die Arbeitsbedingungen zu modernisieren. Eine gr\u00f6\u00dfere Flexibilit\u00e4t f\u00fcr die Arbeitnehmer sowie f\u00fcr den Arbeitgeber wird angeboten durch die Einf\u00fchrung von L\u00f6sungen wie Telearbeit und ein Vorschlag einer besseren Laufbahnverwaltung mit Hilfe der \u00dcberpr\u00fcfung der Stellenebenen und der Lohntabellen. Die Arbeitnehmervertreter haben auch an der Verbesserung des Bewertungssystems der Stundenl\u00f6hner mitgewirkt.<\/p>\n<p>Ein zusammenh\u00e4ngender Text, der sp\u00e4terhin an s\u00e4mtliche Arbeitnehmer ausgeteilt wird, wird so schnell wie m\u00f6glich ausgearbeitet.<\/p>\n<p>&nbsp;<\/p>","protected":false},"author":1,"featured_media":3702,"template":"","categorie_communiques":[162],"syndicat":[165],"acf":[],"yoast_head":"<!-- This site is optimized with the Yoast SEO plugin v23.1 - https:\/\/yoast.com\/wordpress\/plugins\/seo\/ -->\r\n<title>Erneuerung des Kollektivvertrags - OGBL<\/title>\r\n<meta name=\"robots\" content=\"index, follow, max-snippet:-1, max-image-preview:large, max-video-preview:-1\" \/>\r\n<link rel=\"canonical\" href=\"https:\/\/www.ogbl.lu\/communique\/renouvellement-de-la-convention-collective-43\/\" \/>\r\n<meta property=\"og:locale\" content=\"de_DE\" \/>\r\n<meta property=\"og:type\" content=\"article\" \/>\r\n<meta property=\"og:title\" content=\"[:fr]Renouvellement de la convention collective[:de]Erneuerung des Kollektivvertrags[:en]Renouvellement de la convention collective[:] - OGBL\" \/>\r\n<meta property=\"og:description\" content=\"Im Anschluss an Verhandlungen, die \u00fcber mehrere Monate in einer gelassenen und konstruktiven Stimmung abliefen, hat die Verhandlungsgruppe, zusammengesetzt aus \u2026\" \/>\r\n<meta property=\"og:url\" content=\"https:\/\/www.ogbl.lu\/communique\/renouvellement-de-la-convention-collective-43\/\" \/>\r\n<meta property=\"og:site_name\" content=\"OGBL\" \/>\r\n<meta property=\"article:modified_time\" content=\"2023-06-02T11:21:32+00:00\" \/>\r\n<meta property=\"og:image\" content=\"https:\/\/www.ogbl.lu\/wp-content\/uploads\/2019\/06\/19_06_19-Photo-Signature-CC-Goodyear-1024x768-1.jpg\" \/>\r\n\t<meta property=\"og:image:width\" content=\"1024\" \/>\r\n\t<meta property=\"og:image:height\" content=\"768\" \/>\r\n\t<meta property=\"og:image:type\" content=\"image\/jpeg\" \/>\r\n<meta name=\"twitter:card\" content=\"summary_large_image\" \/>\r\n<meta name=\"twitter:label1\" content=\"Est. reading time\" \/>\n\t<meta name=\"twitter:data1\" content=\"2 Minuten\" \/>\r\n<script type=\"application\/ld+json\" class=\"yoast-schema-graph\">{\"@context\":\"https:\/\/schema.org\",\"@graph\":[{\"@type\":\"WebPage\",\"@id\":\"https:\/\/www.ogbl.lu\/communique\/renouvellement-de-la-convention-collective-43\/\",\"url\":\"https:\/\/www.ogbl.lu\/communique\/renouvellement-de-la-convention-collective-43\/\",\"name\":\"[:fr]Renouvellement de la convention collective[:de]Erneuerung des Kollektivvertrags[:en]Renouvellement de la convention collective[:] - OGBL\",\"isPartOf\":{\"@id\":\"https:\/\/www.ogbl.lu\/de\/#website\"},\"primaryImageOfPage\":{\"@id\":\"https:\/\/www.ogbl.lu\/communique\/renouvellement-de-la-convention-collective-43\/#primaryimage\"},\"image\":{\"@id\":\"https:\/\/www.ogbl.lu\/communique\/renouvellement-de-la-convention-collective-43\/#primaryimage\"},\"thumbnailUrl\":\"https:\/\/www.ogbl.lu\/wp-content\/uploads\/2019\/06\/19_06_19-Photo-Signature-CC-Goodyear-1024x768-1.jpg\",\"datePublished\":\"2019-06-21T11:57:40+00:00\",\"dateModified\":\"2023-06-02T11:21:32+00:00\",\"breadcrumb\":{\"@id\":\"https:\/\/www.ogbl.lu\/communique\/renouvellement-de-la-convention-collective-43\/#breadcrumb\"},\"inLanguage\":\"de-DE\",\"potentialAction\":[{\"@type\":\"ReadAction\",\"target\":[\"https:\/\/www.ogbl.lu\/communique\/renouvellement-de-la-convention-collective-43\/\"]}]},{\"@type\":\"ImageObject\",\"inLanguage\":\"de-DE\",\"@id\":\"https:\/\/www.ogbl.lu\/communique\/renouvellement-de-la-convention-collective-43\/#primaryimage\",\"url\":\"https:\/\/www.ogbl.lu\/wp-content\/uploads\/2019\/06\/19_06_19-Photo-Signature-CC-Goodyear-1024x768-1.jpg\",\"contentUrl\":\"https:\/\/www.ogbl.lu\/wp-content\/uploads\/2019\/06\/19_06_19-Photo-Signature-CC-Goodyear-1024x768-1.jpg\",\"width\":1024,\"height\":768},{\"@type\":\"BreadcrumbList\",\"@id\":\"https:\/\/www.ogbl.lu\/communique\/renouvellement-de-la-convention-collective-43\/#breadcrumb\",\"itemListElement\":[{\"@type\":\"ListItem\",\"position\":1,\"name\":\"Home\",\"item\":\"https:\/\/www.ogbl.lu\/\"},{\"@type\":\"ListItem\",\"position\":2,\"name\":\"Renouvellement de la convention collective\"}]},{\"@type\":\"WebSite\",\"@id\":\"https:\/\/www.ogbl.lu\/de\/#website\",\"url\":\"https:\/\/www.ogbl.lu\/de\/\",\"name\":\"OGBL\",\"description\":\"DIE GEWERKSCHAFT\",\"publisher\":{\"@id\":\"https:\/\/www.ogbl.lu\/de\/#organization\"},\"potentialAction\":[{\"@type\":\"SearchAction\",\"target\":{\"@type\":\"EntryPoint\",\"urlTemplate\":\"https:\/\/www.ogbl.lu\/de\/?s={search_term_string}\"},\"query-input\":\"required name=search_term_string\"}],\"inLanguage\":\"de-DE\"},{\"@type\":\"Organization\",\"@id\":\"https:\/\/www.ogbl.lu\/de\/#organization\",\"name\":\"OGBL\",\"url\":\"https:\/\/www.ogbl.lu\/de\/\",\"logo\":{\"@type\":\"ImageObject\",\"inLanguage\":\"de-DE\",\"@id\":\"https:\/\/www.ogbl.lu\/de\/#\/schema\/logo\/image\/\",\"url\":\"https:\/\/www.ogbl.lu\/wp-content\/uploads\/2024\/07\/LOGO_Red_FR-svg.png\",\"contentUrl\":\"https:\/\/www.ogbl.lu\/wp-content\/uploads\/2024\/07\/LOGO_Red_FR-svg.png\",\"width\":369,\"height\":171,\"caption\":\"OGBL\"},\"image\":{\"@id\":\"https:\/\/www.ogbl.lu\/de\/#\/schema\/logo\/image\/\"}}]}<\/script>\r\n<!-- \/ Yoast SEO plugin. -->","yoast_head_json":{"title":"[:fr]Renouvellement de la convention collective[:de]Erneuerung des Kollektivvertrags[:en]Renouvellement de la convention collective[:] - OGBL","robots":{"index":"index","follow":"follow","max-snippet":"max-snippet:-1","max-image-preview":"max-image-preview:large","max-video-preview":"max-video-preview:-1"},"canonical":"https:\/\/www.ogbl.lu\/communique\/renouvellement-de-la-convention-collective-43\/","og_locale":"de_DE","og_type":"article","og_title":"[:fr]Renouvellement de la convention collective[:de]Erneuerung des Kollektivvertrags[:en]Renouvellement de la convention collective[:] - OGBL","og_description":"Im Anschluss an Verhandlungen, die \u00fcber mehrere Monate in einer gelassenen und konstruktiven Stimmung abliefen, hat die Verhandlungsgruppe, zusammengesetzt aus \u2026","og_url":"https:\/\/www.ogbl.lu\/communique\/renouvellement-de-la-convention-collective-43\/","og_site_name":"OGBL","article_modified_time":"2023-06-02T11:21:32+00:00","og_image":[{"width":1024,"height":768,"url":"https:\/\/www.ogbl.lu\/wp-content\/uploads\/2019\/06\/19_06_19-Photo-Signature-CC-Goodyear-1024x768-1.jpg","type":"image\/jpeg"}],"twitter_card":"summary_large_image","twitter_misc":{"Est. reading time":"2 Minuten"},"schema":{"@context":"https:\/\/schema.org","@graph":[{"@type":"WebPage","@id":"https:\/\/www.ogbl.lu\/communique\/renouvellement-de-la-convention-collective-43\/","url":"https:\/\/www.ogbl.lu\/communique\/renouvellement-de-la-convention-collective-43\/","name":"[:fr]Renouvellement de la convention collective[:de]Erneuerung des Kollektivvertrags[:en]Renouvellement de la convention collective[:] - OGBL","isPartOf":{"@id":"https:\/\/www.ogbl.lu\/de\/#website"},"primaryImageOfPage":{"@id":"https:\/\/www.ogbl.lu\/communique\/renouvellement-de-la-convention-collective-43\/#primaryimage"},"image":{"@id":"https:\/\/www.ogbl.lu\/communique\/renouvellement-de-la-convention-collective-43\/#primaryimage"},"thumbnailUrl":"https:\/\/www.ogbl.lu\/wp-content\/uploads\/2019\/06\/19_06_19-Photo-Signature-CC-Goodyear-1024x768-1.jpg","datePublished":"2019-06-21T11:57:40+00:00","dateModified":"2023-06-02T11:21:32+00:00","breadcrumb":{"@id":"https:\/\/www.ogbl.lu\/communique\/renouvellement-de-la-convention-collective-43\/#breadcrumb"},"inLanguage":"de-DE","potentialAction":[{"@type":"ReadAction","target":["https:\/\/www.ogbl.lu\/communique\/renouvellement-de-la-convention-collective-43\/"]}]},{"@type":"ImageObject","inLanguage":"de-DE","@id":"https:\/\/www.ogbl.lu\/communique\/renouvellement-de-la-convention-collective-43\/#primaryimage","url":"https:\/\/www.ogbl.lu\/wp-content\/uploads\/2019\/06\/19_06_19-Photo-Signature-CC-Goodyear-1024x768-1.jpg","contentUrl":"https:\/\/www.ogbl.lu\/wp-content\/uploads\/2019\/06\/19_06_19-Photo-Signature-CC-Goodyear-1024x768-1.jpg","width":1024,"height":768},{"@type":"BreadcrumbList","@id":"https:\/\/www.ogbl.lu\/communique\/renouvellement-de-la-convention-collective-43\/#breadcrumb","itemListElement":[{"@type":"ListItem","position":1,"name":"Home","item":"https:\/\/www.ogbl.lu\/"},{"@type":"ListItem","position":2,"name":"Renouvellement de la convention collective"}]},{"@type":"WebSite","@id":"https:\/\/www.ogbl.lu\/de\/#website","url":"https:\/\/www.ogbl.lu\/de\/","name":"OGBL","description":"DIE GEWERKSCHAFT","publisher":{"@id":"https:\/\/www.ogbl.lu\/de\/#organization"},"potentialAction":[{"@type":"SearchAction","target":{"@type":"EntryPoint","urlTemplate":"https:\/\/www.ogbl.lu\/de\/?s={search_term_string}"},"query-input":"required name=search_term_string"}],"inLanguage":"de-DE"},{"@type":"Organization","@id":"https:\/\/www.ogbl.lu\/de\/#organization","name":"OGBL","url":"https:\/\/www.ogbl.lu\/de\/","logo":{"@type":"ImageObject","inLanguage":"de-DE","@id":"https:\/\/www.ogbl.lu\/de\/#\/schema\/logo\/image\/","url":"https:\/\/www.ogbl.lu\/wp-content\/uploads\/2024\/07\/LOGO_Red_FR-svg.png","contentUrl":"https:\/\/www.ogbl.lu\/wp-content\/uploads\/2024\/07\/LOGO_Red_FR-svg.png","width":369,"height":171,"caption":"OGBL"},"image":{"@id":"https:\/\/www.ogbl.lu\/de\/#\/schema\/logo\/image\/"}}]}},"_links":{"self":[{"href":"https:\/\/www.ogbl.lu\/de\/wp-json\/wp\/v2\/communiques\/2469"}],"collection":[{"href":"https:\/\/www.ogbl.lu\/de\/wp-json\/wp\/v2\/communiques"}],"about":[{"href":"https:\/\/www.ogbl.lu\/de\/wp-json\/wp\/v2\/types\/communiques"}],"author":[{"embeddable":true,"href":"https:\/\/www.ogbl.lu\/de\/wp-json\/wp\/v2\/users\/1"}],"version-history":[{"count":0,"href":"https:\/\/www.ogbl.lu\/de\/wp-json\/wp\/v2\/communiques\/2469\/revisions"}],"wp:featuredmedia":[{"embeddable":true,"href":"https:\/\/www.ogbl.lu\/de\/wp-json\/wp\/v2\/media\/3702"}],"wp:attachment":[{"href":"https:\/\/www.ogbl.lu\/de\/wp-json\/wp\/v2\/media?parent=2469"}],"wp:term":[{"taxonomy":"categorie_communiques","embeddable":true,"href":"https:\/\/www.ogbl.lu\/de\/wp-json\/wp\/v2\/categorie_communiques?post=2469"},{"taxonomy":"syndicat","embeddable":true,"href":"https:\/\/www.ogbl.lu\/de\/wp-json\/wp\/v2\/syndicat?post=2469"}],"curies":[{"name":"wp","href":"https:\/\/api.w.org\/{rel}","templated":true}]}}

<p><a href="https://www.ogbl.lu/wp-content/uploads/communiques/19_06_19-Photo-Signature-CC-Goodyear.jpg" target="_blank" rel="noopener"><img decoding="async" class=" wp-image-28559 alignnone" style="border: 0px none;" src="https://www.ogbl.lu/wp-content/uploads/communiques/19_06_19-Photo-Signature-CC-Goodyear-1024x768.jpg" alt="19_06_19 Photo Signature CC Goodyear" width="600" /></a></p>
<p>Im Anschluss an Verhandlungen, die über mehrere Monate in einer gelassenen und konstruktiven Stimmung abliefen, hat die Verhandlungsgruppe, zusammengesetzt aus 2 Rechtsträgern der Goodyear-Gruppe Luxemburg sowie den Gewerkschaften OGBL und LCGB, ein Kollektivvertragsabkommen für die Jahre 2019, 2020 und 2021 unterzeichnet.</p>
<p>Dieses Abkommen, das fast 3500 Arbeitnehmer betrifft, enthält folgende Hauptmaßnahmen:</p>
<ul>
<li>Eine Erhöhung um 35€ für alle im Januar 2020</li>
<li>Eine Erhöhung um 35€ für alle im Oktober 2021</li>
<li>Eine zusätzliche Erhöhung von 25€ im Dezember 2021, wenn keine Indextranche zwischen dem 01.01.21 und dem 30.11.21 fällig wird.</li>
<li>Das Gesamtbudget für die Stundenlöhner wird um 0,3 bis 0,5% erhöht.</li>
<li>Der Lohn der Neueingestellten wird ab Juli 2019 wiederaufgewertet.</li>
</ul>
<p>Das Abkommen enthält auch Maßnahmen, um die Arbeitsbedingungen zu modernisieren. Eine größere Flexibilität für die Arbeitnehmer sowie für den Arbeitgeber wird angeboten durch die Einführung von Lösungen wie Telearbeit und ein Vorschlag einer besseren Laufbahnverwaltung mit Hilfe der Überprüfung der Stellenebenen und der Lohntabellen. Die Arbeitnehmervertreter haben auch an der Verbesserung des Bewertungssystems der Stundenlöhner mitgewirkt.</p>
<p>Ein zusammenhängender Text, der späterhin an sämtliche Arbeitnehmer ausgeteilt wird, wird so schnell wie möglich ausgearbeitet.</p>
<p>&nbsp;</p>

<!-- This site is optimized with the Yoast SEO plugin v23.1 - https://yoast.com/wordpress/plugins/seo/ -->
<title>Erneuerung des Kollektivvertrags - OGBL</title>
<meta name="robots" content="index, follow, max-snippet:-1, max-image-preview:large, max-video-preview:-1" />
<link rel="canonical" href="https://www.ogbl.lu/communique/renouvellement-de-la-convention-collective-43/" />
<meta property="og:locale" content="de_DE" />
<meta property="og:type" content="article" />
<meta property="og:title" content="[:fr]Renouvellement de la convention collective[:de]Erneuerung des Kollektivvertrags[:en]Renouvellement de la convention collective[:] - OGBL" />
<meta property="og:description" content="Im Anschluss an Verhandlungen, die über mehrere Monate in einer gelassenen und konstruktiven Stimmung abliefen, hat die Verhandlungsgruppe, zusammengesetzt aus …" />
<meta property="og:url" content="https://www.ogbl.lu/communique/renouvellement-de-la-convention-collective-43/" />
<meta property="og:site_name" content="OGBL" />
<meta property="article:modified_time" content="2023-06-02T11:21:32+00:00" />
<meta property="og:image" content="https://www.ogbl.lu/wp-content/uploads/2019/06/19_06_19-Photo-Signature-CC-Goodyear-1024x768-1.jpg" />
	<meta property="og:image:width" content="1024" />
	<meta property="og:image:height" content="768" />
	<meta property="og:image:type" content="image/jpeg" />
<meta name="twitter:card" content="summary_large_image" />
<meta name="twitter:label1" content="Est. reading time" />
	<meta name="twitter:data1" content="2 Minuten" />
<script type="application/ld+json" class="yoast-schema-graph">{"@context":"https://schema.org","@graph":[{"@type":"WebPage","@id":"https://www.ogbl.lu/communique/renouvellement-de-la-convention-collective-43/","url":"https://www.ogbl.lu/communique/renouvellement-de-la-convention-collective-43/","name":"[:fr]Renouvellement de la convention collective[:de]Erneuerung des Kollektivvertrags[:en]Renouvellement de la convention collective[:] - OGBL","isPartOf":{"@id":"https://www.ogbl.lu/de/#website"},"primaryImageOfPage":{"@id":"https://www.ogbl.lu/communique/renouvellement-de-la-convention-collective-43/#primaryimage"},"image":{"@id":"https://www.ogbl.lu/communique/renouvellement-de-la-convention-collective-43/#primaryimage"},"thumbnailUrl":"https://www.ogbl.lu/wp-content/uploads/2019/06/19_06_19-Photo-Signature-CC-Goodyear-1024x768-1.jpg","datePublished":"2019-06-21T11:57:40+00:00","dateModified":"2023-06-02T11:21:32+00:00","breadcrumb":{"@id":"https://www.ogbl.lu/communique/renouvellement-de-la-convention-collective-43/#breadcrumb"},"inLanguage":"de-DE","potentialAction":[{"@type":"ReadAction","target":["https://www.ogbl.lu/communique/renouvellement-de-la-convention-collective-43/"]}]},{"@type":"ImageObject","inLanguage":"de-DE","@id":"https://www.ogbl.lu/communique/renouvellement-de-la-convention-collective-43/#primaryimage","url":"https://www.ogbl.lu/wp-content/uploads/2019/06/19_06_19-Photo-Signature-CC-Goodyear-1024x768-1.jpg","contentUrl":"https://www.ogbl.lu/wp-content/uploads/2019/06/19_06_19-Photo-Signature-CC-Goodyear-1024x768-1.jpg","width":1024,"height":768},{"@type":"BreadcrumbList","@id":"https://www.ogbl.lu/communique/renouvellement-de-la-convention-collective-43/#breadcrumb","itemListElement":[{"@type":"ListItem","position":1,"name":"Home","item":"https://www.ogbl.lu/"},{"@type":"ListItem","position":2,"name":"Renouvellement de la convention collective"}]},{"@type":"WebSite","@id":"https://www.ogbl.lu/de/#website","url":"https://www.ogbl.lu/de/","name":"OGBL","description":"DIE GEWERKSCHAFT","publisher":{"@id":"https://www.ogbl.lu/de/#organization"},"potentialAction":[{"@type":"SearchAction","target":{"@type":"EntryPoint","urlTemplate":"https://www.ogbl.lu/de/?s={search_term_string}"},"query-input":"required name=search_term_string"}],"inLanguage":"de-DE"},{"@type":"Organization","@id":"https://www.ogbl.lu/de/#organization","name":"OGBL","url":"https://www.ogbl.lu/de/","logo":{"@type":"ImageObject","inLanguage":"de-DE","@id":"https://www.ogbl.lu/de/#/schema/logo/image/","url":"https://www.ogbl.lu/wp-content/uploads/2024/07/LOGO_Red_FR-svg.png","contentUrl":"https://www.ogbl.lu/wp-content/uploads/2024/07/LOGO_Red_FR-svg.png","width":369,"height":171,"caption":"OGBL"},"image":{"@id":"https://www.ogbl.lu/de/#/schema/logo/image/"}}]}</script>
<!-- / Yoast SEO plugin. -->

Im Anschluss an Verhandlungen, die über mehrere Monate in einer gelassenen und konstruktiven Stimmung abliefen, hat die Verhandlungsgruppe, zusammengesetzt aus …
