{"id":2112,"date":"2016-10-07T09:18:01","date_gmt":"2016-10-07T07:18:01","guid":{"rendered":"https:\/\/www.ogbl.lu\/communiques\/plan-social-signe-chez-delphi-luxembourg"},"modified":"2023-06-14T10:17:02","modified_gmt":"2023-06-14T08:17:02","slug":"plan-social-signe-chez-delphi-luxembourg","status":"publish","type":"communiques","link":"https:\/\/www.ogbl.lu\/de\/communique\/plan-social-signe-chez-delphi-luxembourg\/","title":{"rendered":"Sozialplan bei Delphi Luxemburg"},"content":{"rendered":"<p><a href=\"https:\/\/www.ogbl.lu\/wp-content\/uploads\/communiques\/delphi.jpg\" target=\"_blank\" rel=\"noopener\"><img decoding=\"async\" class=\"alignleft wp-image-22650\" style=\"border: 0px none;\" src=\"https:\/\/www.ogbl.lu\/wp-content\/uploads\/communiques\/delphi.jpg\" alt=\"delphi\" width=\"300\" \/><\/a>Die Direktion von Delphi Luxemburg, der OGBL (einzige Gewerkschaft, die den Kollektivvertrag unterzeichnet hat) und die Personaldelegation konnten sich am 6. Oktober 2016 \u00fcber die Modalit\u00e4ten eines Sozialplans einigen.<\/p>\n<p>Am Ende des Konsultationsverfahrens, das vom Gesetz vorgesehen ist, hatte die Direktion von Delphi Luxemburg, am 26. September, ihr Vorhaben 40 Arbeitspl\u00e4tze abzuschaffen, best\u00e4tigt.<\/p>\n<p>Die Sozialplanverhandlungen f\u00fcr die von der Kollektiventlassung betroffenen Arbeitnehmer haben innerhalb der vom Gesetz vorgesehenen Frist stattgefunden. W\u00e4hrend der Verhandlungen konnte die Zahl der entlassenen Arbeitnehmer von 40 auf 15 reduziert werden.<\/p>\n<p>Der OGBL und die Personaldelegation konnten im Rahmen des Sozialplans verschiedene soziale und finanzielle Begleitma\u00dfnahmen zu Gunsten der Arbeitnehmer erreichen. Darunter sind unter anderem au\u00dfergesetzliche Entsch\u00e4digungen in Verbindung mit der Betriebszugeh\u00f6rigkeitsdauer, mit der Familiensituation des Angestellten sowie ein Budget, das es erm\u00f6glicht eine externe Neueingliederung oder eine Ausbildung durchzuf\u00fchren.<b><\/b><\/p>\n<p><b>Mitgeteilt vom OGBL-Syndikat Dienstleistungen und Energie<br \/>\nam 7. Oktober 2016<\/b><\/p>","protected":false},"author":1,"featured_media":3998,"template":"","categorie_communiques":[54],"syndicat":[73],"acf":[],"yoast_head":"<!-- This site is optimized with the Yoast SEO plugin v23.1 - https:\/\/yoast.com\/wordpress\/plugins\/seo\/ -->\r\n<title>Sozialplan bei Delphi Luxemburg - OGBL<\/title>\r\n<meta name=\"robots\" content=\"index, follow, max-snippet:-1, max-image-preview:large, max-video-preview:-1\" \/>\r\n<link rel=\"canonical\" href=\"https:\/\/www.ogbl.lu\/communique\/plan-social-signe-chez-delphi-luxembourg\/\" \/>\r\n<meta property=\"og:locale\" content=\"de_DE\" \/>\r\n<meta property=\"og:type\" content=\"article\" \/>\r\n<meta property=\"og:title\" content=\"[:fr]Plan social sign\u00e9 chez Delphi Luxembourg[:de]Sozialplan bei Delphi Luxemburg[:en]Plan social sign\u00e9 chez Delphi Luxembourg[:] - OGBL\" \/>\r\n<meta property=\"og:description\" content=\"Die Direktion von Delphi Luxemburg, der OGBL (einzige Gewerkschaft, die den Kollektivvertrag unterzeichnet hat) und die Personaldelegation konnten sich am \u2026\" \/>\r\n<meta property=\"og:url\" content=\"https:\/\/www.ogbl.lu\/communique\/plan-social-signe-chez-delphi-luxembourg\/\" \/>\r\n<meta property=\"og:site_name\" content=\"OGBL\" \/>\r\n<meta property=\"article:modified_time\" content=\"2023-06-14T08:17:02+00:00\" \/>\r\n<meta property=\"og:image\" content=\"https:\/\/www.ogbl.lu\/wp-content\/uploads\/2016\/10\/delphi.jpg\" \/>\r\n\t<meta property=\"og:image:width\" content=\"618\" \/>\r\n\t<meta property=\"og:image:height\" content=\"338\" \/>\r\n\t<meta property=\"og:image:type\" content=\"image\/jpeg\" \/>\r\n<meta name=\"twitter:card\" content=\"summary_large_image\" \/>\r\n<meta name=\"twitter:label1\" content=\"Est. reading time\" \/>\n\t<meta name=\"twitter:data1\" content=\"2 Minuten\" \/>\r\n<script type=\"application\/ld+json\" class=\"yoast-schema-graph\">{\"@context\":\"https:\/\/schema.org\",\"@graph\":[{\"@type\":\"WebPage\",\"@id\":\"https:\/\/www.ogbl.lu\/communique\/plan-social-signe-chez-delphi-luxembourg\/\",\"url\":\"https:\/\/www.ogbl.lu\/communique\/plan-social-signe-chez-delphi-luxembourg\/\",\"name\":\"[:fr]Plan social sign\u00e9 chez Delphi Luxembourg[:de]Sozialplan bei Delphi Luxemburg[:en]Plan social sign\u00e9 chez Delphi Luxembourg[:] - OGBL\",\"isPartOf\":{\"@id\":\"https:\/\/www.ogbl.lu\/de\/#website\"},\"primaryImageOfPage\":{\"@id\":\"https:\/\/www.ogbl.lu\/communique\/plan-social-signe-chez-delphi-luxembourg\/#primaryimage\"},\"image\":{\"@id\":\"https:\/\/www.ogbl.lu\/communique\/plan-social-signe-chez-delphi-luxembourg\/#primaryimage\"},\"thumbnailUrl\":\"https:\/\/www.ogbl.lu\/wp-content\/uploads\/2016\/10\/delphi.jpg\",\"datePublished\":\"2016-10-07T07:18:01+00:00\",\"dateModified\":\"2023-06-14T08:17:02+00:00\",\"breadcrumb\":{\"@id\":\"https:\/\/www.ogbl.lu\/communique\/plan-social-signe-chez-delphi-luxembourg\/#breadcrumb\"},\"inLanguage\":\"de-DE\",\"potentialAction\":[{\"@type\":\"ReadAction\",\"target\":[\"https:\/\/www.ogbl.lu\/communique\/plan-social-signe-chez-delphi-luxembourg\/\"]}]},{\"@type\":\"ImageObject\",\"inLanguage\":\"de-DE\",\"@id\":\"https:\/\/www.ogbl.lu\/communique\/plan-social-signe-chez-delphi-luxembourg\/#primaryimage\",\"url\":\"https:\/\/www.ogbl.lu\/wp-content\/uploads\/2016\/10\/delphi.jpg\",\"contentUrl\":\"https:\/\/www.ogbl.lu\/wp-content\/uploads\/2016\/10\/delphi.jpg\",\"width\":618,\"height\":338},{\"@type\":\"BreadcrumbList\",\"@id\":\"https:\/\/www.ogbl.lu\/communique\/plan-social-signe-chez-delphi-luxembourg\/#breadcrumb\",\"itemListElement\":[{\"@type\":\"ListItem\",\"position\":1,\"name\":\"Home\",\"item\":\"https:\/\/www.ogbl.lu\/\"},{\"@type\":\"ListItem\",\"position\":2,\"name\":\"Plan social sign\u00e9 chez Delphi Luxembourg\"}]},{\"@type\":\"WebSite\",\"@id\":\"https:\/\/www.ogbl.lu\/de\/#website\",\"url\":\"https:\/\/www.ogbl.lu\/de\/\",\"name\":\"OGBL\",\"description\":\"DIE GEWERKSCHAFT\",\"publisher\":{\"@id\":\"https:\/\/www.ogbl.lu\/de\/#organization\"},\"potentialAction\":[{\"@type\":\"SearchAction\",\"target\":{\"@type\":\"EntryPoint\",\"urlTemplate\":\"https:\/\/www.ogbl.lu\/de\/?s={search_term_string}\"},\"query-input\":\"required name=search_term_string\"}],\"inLanguage\":\"de-DE\"},{\"@type\":\"Organization\",\"@id\":\"https:\/\/www.ogbl.lu\/de\/#organization\",\"name\":\"OGBL\",\"url\":\"https:\/\/www.ogbl.lu\/de\/\",\"logo\":{\"@type\":\"ImageObject\",\"inLanguage\":\"de-DE\",\"@id\":\"https:\/\/www.ogbl.lu\/de\/#\/schema\/logo\/image\/\",\"url\":\"https:\/\/www.ogbl.lu\/wp-content\/uploads\/2024\/07\/LOGO_Red_FR-svg.png\",\"contentUrl\":\"https:\/\/www.ogbl.lu\/wp-content\/uploads\/2024\/07\/LOGO_Red_FR-svg.png\",\"width\":369,\"height\":171,\"caption\":\"OGBL\"},\"image\":{\"@id\":\"https:\/\/www.ogbl.lu\/de\/#\/schema\/logo\/image\/\"}}]}<\/script>\r\n<!-- \/ Yoast SEO plugin. -->","yoast_head_json":{"title":"[:fr]Plan social sign\u00e9 chez Delphi Luxembourg[:de]Sozialplan bei Delphi Luxemburg[:en]Plan social sign\u00e9 chez Delphi Luxembourg[:] - OGBL","robots":{"index":"index","follow":"follow","max-snippet":"max-snippet:-1","max-image-preview":"max-image-preview:large","max-video-preview":"max-video-preview:-1"},"canonical":"https:\/\/www.ogbl.lu\/communique\/plan-social-signe-chez-delphi-luxembourg\/","og_locale":"de_DE","og_type":"article","og_title":"[:fr]Plan social sign\u00e9 chez Delphi Luxembourg[:de]Sozialplan bei Delphi Luxemburg[:en]Plan social sign\u00e9 chez Delphi Luxembourg[:] - OGBL","og_description":"Die Direktion von Delphi Luxemburg, der OGBL (einzige Gewerkschaft, die den Kollektivvertrag unterzeichnet hat) und die Personaldelegation konnten sich am \u2026","og_url":"https:\/\/www.ogbl.lu\/communique\/plan-social-signe-chez-delphi-luxembourg\/","og_site_name":"OGBL","article_modified_time":"2023-06-14T08:17:02+00:00","og_image":[{"width":618,"height":338,"url":"https:\/\/www.ogbl.lu\/wp-content\/uploads\/2016\/10\/delphi.jpg","type":"image\/jpeg"}],"twitter_card":"summary_large_image","twitter_misc":{"Est. reading time":"2 Minuten"},"schema":{"@context":"https:\/\/schema.org","@graph":[{"@type":"WebPage","@id":"https:\/\/www.ogbl.lu\/communique\/plan-social-signe-chez-delphi-luxembourg\/","url":"https:\/\/www.ogbl.lu\/communique\/plan-social-signe-chez-delphi-luxembourg\/","name":"[:fr]Plan social sign\u00e9 chez Delphi Luxembourg[:de]Sozialplan bei Delphi Luxemburg[:en]Plan social sign\u00e9 chez Delphi Luxembourg[:] - OGBL","isPartOf":{"@id":"https:\/\/www.ogbl.lu\/de\/#website"},"primaryImageOfPage":{"@id":"https:\/\/www.ogbl.lu\/communique\/plan-social-signe-chez-delphi-luxembourg\/#primaryimage"},"image":{"@id":"https:\/\/www.ogbl.lu\/communique\/plan-social-signe-chez-delphi-luxembourg\/#primaryimage"},"thumbnailUrl":"https:\/\/www.ogbl.lu\/wp-content\/uploads\/2016\/10\/delphi.jpg","datePublished":"2016-10-07T07:18:01+00:00","dateModified":"2023-06-14T08:17:02+00:00","breadcrumb":{"@id":"https:\/\/www.ogbl.lu\/communique\/plan-social-signe-chez-delphi-luxembourg\/#breadcrumb"},"inLanguage":"de-DE","potentialAction":[{"@type":"ReadAction","target":["https:\/\/www.ogbl.lu\/communique\/plan-social-signe-chez-delphi-luxembourg\/"]}]},{"@type":"ImageObject","inLanguage":"de-DE","@id":"https:\/\/www.ogbl.lu\/communique\/plan-social-signe-chez-delphi-luxembourg\/#primaryimage","url":"https:\/\/www.ogbl.lu\/wp-content\/uploads\/2016\/10\/delphi.jpg","contentUrl":"https:\/\/www.ogbl.lu\/wp-content\/uploads\/2016\/10\/delphi.jpg","width":618,"height":338},{"@type":"BreadcrumbList","@id":"https:\/\/www.ogbl.lu\/communique\/plan-social-signe-chez-delphi-luxembourg\/#breadcrumb","itemListElement":[{"@type":"ListItem","position":1,"name":"Home","item":"https:\/\/www.ogbl.lu\/"},{"@type":"ListItem","position":2,"name":"Plan social sign\u00e9 chez Delphi Luxembourg"}]},{"@type":"WebSite","@id":"https:\/\/www.ogbl.lu\/de\/#website","url":"https:\/\/www.ogbl.lu\/de\/","name":"OGBL","description":"DIE GEWERKSCHAFT","publisher":{"@id":"https:\/\/www.ogbl.lu\/de\/#organization"},"potentialAction":[{"@type":"SearchAction","target":{"@type":"EntryPoint","urlTemplate":"https:\/\/www.ogbl.lu\/de\/?s={search_term_string}"},"query-input":"required name=search_term_string"}],"inLanguage":"de-DE"},{"@type":"Organization","@id":"https:\/\/www.ogbl.lu\/de\/#organization","name":"OGBL","url":"https:\/\/www.ogbl.lu\/de\/","logo":{"@type":"ImageObject","inLanguage":"de-DE","@id":"https:\/\/www.ogbl.lu\/de\/#\/schema\/logo\/image\/","url":"https:\/\/www.ogbl.lu\/wp-content\/uploads\/2024\/07\/LOGO_Red_FR-svg.png","contentUrl":"https:\/\/www.ogbl.lu\/wp-content\/uploads\/2024\/07\/LOGO_Red_FR-svg.png","width":369,"height":171,"caption":"OGBL"},"image":{"@id":"https:\/\/www.ogbl.lu\/de\/#\/schema\/logo\/image\/"}}]}},"_links":{"self":[{"href":"https:\/\/www.ogbl.lu\/de\/wp-json\/wp\/v2\/communiques\/2112"}],"collection":[{"href":"https:\/\/www.ogbl.lu\/de\/wp-json\/wp\/v2\/communiques"}],"about":[{"href":"https:\/\/www.ogbl.lu\/de\/wp-json\/wp\/v2\/types\/communiques"}],"author":[{"embeddable":true,"href":"https:\/\/www.ogbl.lu\/de\/wp-json\/wp\/v2\/users\/1"}],"version-history":[{"count":0,"href":"https:\/\/www.ogbl.lu\/de\/wp-json\/wp\/v2\/communiques\/2112\/revisions"}],"wp:featuredmedia":[{"embeddable":true,"href":"https:\/\/www.ogbl.lu\/de\/wp-json\/wp\/v2\/media\/3998"}],"wp:attachment":[{"href":"https:\/\/www.ogbl.lu\/de\/wp-json\/wp\/v2\/media?parent=2112"}],"wp:term":[{"taxonomy":"categorie_communiques","embeddable":true,"href":"https:\/\/www.ogbl.lu\/de\/wp-json\/wp\/v2\/categorie_communiques?post=2112"},{"taxonomy":"syndicat","embeddable":true,"href":"https:\/\/www.ogbl.lu\/de\/wp-json\/wp\/v2\/syndicat?post=2112"}],"curies":[{"name":"wp","href":"https:\/\/api.w.org\/{rel}","templated":true}]}}

<p><a href="https://www.ogbl.lu/wp-content/uploads/communiques/delphi.jpg" target="_blank" rel="noopener"><img decoding="async" class="alignleft wp-image-22650" style="border: 0px none;" src="https://www.ogbl.lu/wp-content/uploads/communiques/delphi.jpg" alt="delphi" width="300" /></a>Die Direktion von Delphi Luxemburg, der OGBL (einzige Gewerkschaft, die den Kollektivvertrag unterzeichnet hat) und die Personaldelegation konnten sich am 6. Oktober 2016 über die Modalitäten eines Sozialplans einigen.</p>
<p>Am Ende des Konsultationsverfahrens, das vom Gesetz vorgesehen ist, hatte die Direktion von Delphi Luxemburg, am 26. September, ihr Vorhaben 40 Arbeitsplätze abzuschaffen, bestätigt.</p>
<p>Die Sozialplanverhandlungen für die von der Kollektiventlassung betroffenen Arbeitnehmer haben innerhalb der vom Gesetz vorgesehenen Frist stattgefunden. Während der Verhandlungen konnte die Zahl der entlassenen Arbeitnehmer von 40 auf 15 reduziert werden.</p>
<p>Der OGBL und die Personaldelegation konnten im Rahmen des Sozialplans verschiedene soziale und finanzielle Begleitmaßnahmen zu Gunsten der Arbeitnehmer erreichen. Darunter sind unter anderem außergesetzliche Entschädigungen in Verbindung mit der Betriebszugehörigkeitsdauer, mit der Familiensituation des Angestellten sowie ein Budget, das es ermöglicht eine externe Neueingliederung oder eine Ausbildung durchzuführen.<b></b></p>
<p><b>Mitgeteilt vom OGBL-Syndikat Dienstleistungen und Energie<br />
am 7. Oktober 2016</b></p>

<!-- This site is optimized with the Yoast SEO plugin v23.1 - https://yoast.com/wordpress/plugins/seo/ -->
<title>Sozialplan bei Delphi Luxemburg - OGBL</title>
<meta name="robots" content="index, follow, max-snippet:-1, max-image-preview:large, max-video-preview:-1" />
<link rel="canonical" href="https://www.ogbl.lu/communique/plan-social-signe-chez-delphi-luxembourg/" />
<meta property="og:locale" content="de_DE" />
<meta property="og:type" content="article" />
<meta property="og:title" content="[:fr]Plan social signé chez Delphi Luxembourg[:de]Sozialplan bei Delphi Luxemburg[:en]Plan social signé chez Delphi Luxembourg[:] - OGBL" />
<meta property="og:description" content="Die Direktion von Delphi Luxemburg, der OGBL (einzige Gewerkschaft, die den Kollektivvertrag unterzeichnet hat) und die Personaldelegation konnten sich am …" />
<meta property="og:url" content="https://www.ogbl.lu/communique/plan-social-signe-chez-delphi-luxembourg/" />
<meta property="og:site_name" content="OGBL" />
<meta property="article:modified_time" content="2023-06-14T08:17:02+00:00" />
<meta property="og:image" content="https://www.ogbl.lu/wp-content/uploads/2016/10/delphi.jpg" />
	<meta property="og:image:width" content="618" />
	<meta property="og:image:height" content="338" />
	<meta property="og:image:type" content="image/jpeg" />
<meta name="twitter:card" content="summary_large_image" />
<meta name="twitter:label1" content="Est. reading time" />
	<meta name="twitter:data1" content="2 Minuten" />
<script type="application/ld+json" class="yoast-schema-graph">{"@context":"https://schema.org","@graph":[{"@type":"WebPage","@id":"https://www.ogbl.lu/communique/plan-social-signe-chez-delphi-luxembourg/","url":"https://www.ogbl.lu/communique/plan-social-signe-chez-delphi-luxembourg/","name":"[:fr]Plan social signé chez Delphi Luxembourg[:de]Sozialplan bei Delphi Luxemburg[:en]Plan social signé chez Delphi Luxembourg[:] - OGBL","isPartOf":{"@id":"https://www.ogbl.lu/de/#website"},"primaryImageOfPage":{"@id":"https://www.ogbl.lu/communique/plan-social-signe-chez-delphi-luxembourg/#primaryimage"},"image":{"@id":"https://www.ogbl.lu/communique/plan-social-signe-chez-delphi-luxembourg/#primaryimage"},"thumbnailUrl":"https://www.ogbl.lu/wp-content/uploads/2016/10/delphi.jpg","datePublished":"2016-10-07T07:18:01+00:00","dateModified":"2023-06-14T08:17:02+00:00","breadcrumb":{"@id":"https://www.ogbl.lu/communique/plan-social-signe-chez-delphi-luxembourg/#breadcrumb"},"inLanguage":"de-DE","potentialAction":[{"@type":"ReadAction","target":["https://www.ogbl.lu/communique/plan-social-signe-chez-delphi-luxembourg/"]}]},{"@type":"ImageObject","inLanguage":"de-DE","@id":"https://www.ogbl.lu/communique/plan-social-signe-chez-delphi-luxembourg/#primaryimage","url":"https://www.ogbl.lu/wp-content/uploads/2016/10/delphi.jpg","contentUrl":"https://www.ogbl.lu/wp-content/uploads/2016/10/delphi.jpg","width":618,"height":338},{"@type":"BreadcrumbList","@id":"https://www.ogbl.lu/communique/plan-social-signe-chez-delphi-luxembourg/#breadcrumb","itemListElement":[{"@type":"ListItem","position":1,"name":"Home","item":"https://www.ogbl.lu/"},{"@type":"ListItem","position":2,"name":"Plan social signé chez Delphi Luxembourg"}]},{"@type":"WebSite","@id":"https://www.ogbl.lu/de/#website","url":"https://www.ogbl.lu/de/","name":"OGBL","description":"DIE GEWERKSCHAFT","publisher":{"@id":"https://www.ogbl.lu/de/#organization"},"potentialAction":[{"@type":"SearchAction","target":{"@type":"EntryPoint","urlTemplate":"https://www.ogbl.lu/de/?s={search_term_string}"},"query-input":"required name=search_term_string"}],"inLanguage":"de-DE"},{"@type":"Organization","@id":"https://www.ogbl.lu/de/#organization","name":"OGBL","url":"https://www.ogbl.lu/de/","logo":{"@type":"ImageObject","inLanguage":"de-DE","@id":"https://www.ogbl.lu/de/#/schema/logo/image/","url":"https://www.ogbl.lu/wp-content/uploads/2024/07/LOGO_Red_FR-svg.png","contentUrl":"https://www.ogbl.lu/wp-content/uploads/2024/07/LOGO_Red_FR-svg.png","width":369,"height":171,"caption":"OGBL"},"image":{"@id":"https://www.ogbl.lu/de/#/schema/logo/image/"}}]}</script>
<!-- / Yoast SEO plugin. -->

[:fr]Plan social signé chez Delphi Luxembourg[:de]Sozialplan bei Delphi Luxemburg[:en]Plan social signé chez Delphi Luxembourg[:] - OGBL

Plan social signé chez Delphi Luxembourg
