{"id":2083,"date":"2016-07-19T10:53:14","date_gmt":"2016-07-19T08:53:14","guid":{"rendered":"https:\/\/www.ogbl.lu\/communiques\/congres-extraordinaire-2-juillet-2016"},"modified":"2023-06-29T11:40:24","modified_gmt":"2023-06-29T09:40:24","slug":"congres-extraordinaire-2-juillet-2016","status":"publish","type":"communiques","link":"https:\/\/www.ogbl.lu\/de\/communique\/congres-extraordinaire-2-juillet-2016\/","title":{"rendered":"Ausseruerdentleche Kongress 2. Juli 2016"},"content":{"rendered":"<p>Der OGBL hat eine Statutenreform durchgef\u00fchrt, w\u00e4hrend einem au\u00dferordentlichen Kongress, der am 2. Juli im Plenarsaal (H\u00e9micycle) des Konferenzzentrums Kirchberg stattgefunden hat. Eine Statutenreform, die ein neues Kapitel in der hundertj\u00e4hrigen Geschichte der freien Gewerkschaftsbewegung in Luxemburg er\u00f6ffnet.<\/p>\n<ul>\n<li><a href=\"\/communique\/reforme-statutaire-adoptee-lors-du-congres-extraordinaire-logbl-est-plus-que-jamais-le-syndicat-de-lavenir\" target=\"_blank\" rel=\"noopener\">Beim au\u00dferordentlichen Kongress verabschiedete Statutenreform<br \/>\nDer OGBL ist mehr denn je die Gewerkschaft der Zukunft!<\/a><\/li>\n<li><a href=\"https:\/\/www.ogbl.lu\/communique\/extraits-du-discours-douverture-du-president-de-logbl-andre-roeltgen\" target=\"_blank\" rel=\"noopener\">\u201eDe Wandel an der Kontinuit\u00e9it\u201c<br \/>\nAuszich aus der Er\u00f6ffnungsried vum OGBL-President Andr\u00e9 Roeltgen<\/a><\/li>\n<li><a href=\"https:\/\/www.ogbl.lu\/communique\/congres-extraordinaire-de-logbl-discours-douverture-du-president-2\" target=\"_blank\" rel=\"noopener\">Le discours dans son int\u00e9gralit\u00e9, en luxembourgeois<\/a><\/li>\n<\/ul>\n<p><center><iframe loading=\"lazy\" src=\"https:\/\/www.youtube.com\/embed\/X3_hdSTwVZ0\" width=\"560\" height=\"315\" frameborder=\"0\" allowfullscreen=\"allowfullscreen\"><\/iframe><\/center><\/p>\n<ul>\n<li><a href=\"https:\/\/www.ogbl.lu\/communique\/resolution-adoptee-lors-du-congres-extraordinaire-de-logbl-du-2-juillet-2016\" target=\"_blank\" rel=\"noopener\">Politische Resolution<\/a><\/li>\n<\/ul>\n<p><center><a href=\"https:\/\/www.ogbl.lu\/wp-content\/uploads\/communiques\/congres_salle.jpg\" target=\"_blank\" rel=\"noopener\"><img decoding=\"async\" class=\" wp-image-22273 aligncenter\" style=\"border: 0px none;\" src=\"https:\/\/www.ogbl.lu\/wp-content\/uploads\/communiques\/congres_salle.jpg\" alt=\"congres_salle\" width=\"560\" \/><\/a><\/center><\/p>","protected":false},"author":1,"featured_media":4015,"template":"","categorie_communiques":[41],"syndicat":[],"acf":[],"yoast_head":"<!-- This site is optimized with the Yoast SEO plugin v23.1 - https:\/\/yoast.com\/wordpress\/plugins\/seo\/ -->\r\n<title>Ausseruerdentleche Kongress 2. Juli 2016 - OGBL<\/title>\r\n<meta name=\"robots\" content=\"index, follow, max-snippet:-1, max-image-preview:large, max-video-preview:-1\" \/>\r\n<link rel=\"canonical\" href=\"https:\/\/www.ogbl.lu\/communique\/congres-extraordinaire-2-juillet-2016\/\" \/>\r\n<meta property=\"og:locale\" content=\"de_DE\" \/>\r\n<meta property=\"og:type\" content=\"article\" \/>\r\n<meta property=\"og:title\" content=\"[:fr]Congr\u00e9s extraordinaire 2 juillet 2016[:de]Ausseruerdentleche Kongress 2. Juli 2016[:en]Congr\u00e9s extraordinaire 2 juillet 2016[:] - OGBL\" \/>\r\n<meta property=\"og:description\" content=\"Der OGBL hat eine Statutenreform durchgef\u00fchrt, w\u00e4hrend einem au\u00dferordentlichen Kongress, der am 2. Juli im Plenarsaal (H\u00e9micycle) des Konferenzzentrums Kirchberg \u2026\" \/>\r\n<meta property=\"og:url\" content=\"https:\/\/www.ogbl.lu\/communique\/congres-extraordinaire-2-juillet-2016\/\" \/>\r\n<meta property=\"og:site_name\" content=\"OGBL\" \/>\r\n<meta property=\"article:modified_time\" content=\"2023-06-29T09:40:24+00:00\" \/>\r\n<meta property=\"og:image\" content=\"https:\/\/www.ogbl.lu\/wp-content\/uploads\/2016\/07\/congres_salle.jpg\" \/>\r\n\t<meta property=\"og:image:width\" content=\"800\" \/>\r\n\t<meta property=\"og:image:height\" content=\"522\" \/>\r\n\t<meta property=\"og:image:type\" content=\"image\/jpeg\" \/>\r\n<meta name=\"twitter:card\" content=\"summary_large_image\" \/>\r\n<meta name=\"twitter:label1\" content=\"Est. reading time\" \/>\n\t<meta name=\"twitter:data1\" content=\"1 Minute\" \/>\r\n<script type=\"application\/ld+json\" class=\"yoast-schema-graph\">{\"@context\":\"https:\/\/schema.org\",\"@graph\":[{\"@type\":\"WebPage\",\"@id\":\"https:\/\/www.ogbl.lu\/communique\/congres-extraordinaire-2-juillet-2016\/\",\"url\":\"https:\/\/www.ogbl.lu\/communique\/congres-extraordinaire-2-juillet-2016\/\",\"name\":\"[:fr]Congr\u00e9s extraordinaire 2 juillet 2016[:de]Ausseruerdentleche Kongress 2. Juli 2016[:en]Congr\u00e9s extraordinaire 2 juillet 2016[:] - OGBL\",\"isPartOf\":{\"@id\":\"https:\/\/www.ogbl.lu\/de\/#website\"},\"primaryImageOfPage\":{\"@id\":\"https:\/\/www.ogbl.lu\/communique\/congres-extraordinaire-2-juillet-2016\/#primaryimage\"},\"image\":{\"@id\":\"https:\/\/www.ogbl.lu\/communique\/congres-extraordinaire-2-juillet-2016\/#primaryimage\"},\"thumbnailUrl\":\"https:\/\/www.ogbl.lu\/wp-content\/uploads\/2016\/07\/congres_salle.jpg\",\"datePublished\":\"2016-07-19T08:53:14+00:00\",\"dateModified\":\"2023-06-29T09:40:24+00:00\",\"breadcrumb\":{\"@id\":\"https:\/\/www.ogbl.lu\/communique\/congres-extraordinaire-2-juillet-2016\/#breadcrumb\"},\"inLanguage\":\"de-DE\",\"potentialAction\":[{\"@type\":\"ReadAction\",\"target\":[\"https:\/\/www.ogbl.lu\/communique\/congres-extraordinaire-2-juillet-2016\/\"]}]},{\"@type\":\"ImageObject\",\"inLanguage\":\"de-DE\",\"@id\":\"https:\/\/www.ogbl.lu\/communique\/congres-extraordinaire-2-juillet-2016\/#primaryimage\",\"url\":\"https:\/\/www.ogbl.lu\/wp-content\/uploads\/2016\/07\/congres_salle.jpg\",\"contentUrl\":\"https:\/\/www.ogbl.lu\/wp-content\/uploads\/2016\/07\/congres_salle.jpg\",\"width\":800,\"height\":522},{\"@type\":\"BreadcrumbList\",\"@id\":\"https:\/\/www.ogbl.lu\/communique\/congres-extraordinaire-2-juillet-2016\/#breadcrumb\",\"itemListElement\":[{\"@type\":\"ListItem\",\"position\":1,\"name\":\"Home\",\"item\":\"https:\/\/www.ogbl.lu\/\"},{\"@type\":\"ListItem\",\"position\":2,\"name\":\"Congr\u00e9s extraordinaire 2 juillet 2016\"}]},{\"@type\":\"WebSite\",\"@id\":\"https:\/\/www.ogbl.lu\/de\/#website\",\"url\":\"https:\/\/www.ogbl.lu\/de\/\",\"name\":\"OGBL\",\"description\":\"DIE GEWERKSCHAFT\",\"publisher\":{\"@id\":\"https:\/\/www.ogbl.lu\/de\/#organization\"},\"potentialAction\":[{\"@type\":\"SearchAction\",\"target\":{\"@type\":\"EntryPoint\",\"urlTemplate\":\"https:\/\/www.ogbl.lu\/de\/?s={search_term_string}\"},\"query-input\":\"required name=search_term_string\"}],\"inLanguage\":\"de-DE\"},{\"@type\":\"Organization\",\"@id\":\"https:\/\/www.ogbl.lu\/de\/#organization\",\"name\":\"OGBL\",\"url\":\"https:\/\/www.ogbl.lu\/de\/\",\"logo\":{\"@type\":\"ImageObject\",\"inLanguage\":\"de-DE\",\"@id\":\"https:\/\/www.ogbl.lu\/de\/#\/schema\/logo\/image\/\",\"url\":\"https:\/\/www.ogbl.lu\/wp-content\/uploads\/2024\/07\/LOGO_Red_FR-svg.png\",\"contentUrl\":\"https:\/\/www.ogbl.lu\/wp-content\/uploads\/2024\/07\/LOGO_Red_FR-svg.png\",\"width\":369,\"height\":171,\"caption\":\"OGBL\"},\"image\":{\"@id\":\"https:\/\/www.ogbl.lu\/de\/#\/schema\/logo\/image\/\"}}]}<\/script>\r\n<!-- \/ Yoast SEO plugin. -->","yoast_head_json":{"title":"[:fr]Congr\u00e9s extraordinaire 2 juillet 2016[:de]Ausseruerdentleche Kongress 2. Juli 2016[:en]Congr\u00e9s extraordinaire 2 juillet 2016[:] - OGBL","robots":{"index":"index","follow":"follow","max-snippet":"max-snippet:-1","max-image-preview":"max-image-preview:large","max-video-preview":"max-video-preview:-1"},"canonical":"https:\/\/www.ogbl.lu\/communique\/congres-extraordinaire-2-juillet-2016\/","og_locale":"de_DE","og_type":"article","og_title":"[:fr]Congr\u00e9s extraordinaire 2 juillet 2016[:de]Ausseruerdentleche Kongress 2. Juli 2016[:en]Congr\u00e9s extraordinaire 2 juillet 2016[:] - OGBL","og_description":"Der OGBL hat eine Statutenreform durchgef\u00fchrt, w\u00e4hrend einem au\u00dferordentlichen Kongress, der am 2. Juli im Plenarsaal (H\u00e9micycle) des Konferenzzentrums Kirchberg \u2026","og_url":"https:\/\/www.ogbl.lu\/communique\/congres-extraordinaire-2-juillet-2016\/","og_site_name":"OGBL","article_modified_time":"2023-06-29T09:40:24+00:00","og_image":[{"width":800,"height":522,"url":"https:\/\/www.ogbl.lu\/wp-content\/uploads\/2016\/07\/congres_salle.jpg","type":"image\/jpeg"}],"twitter_card":"summary_large_image","twitter_misc":{"Est. reading time":"1 Minute"},"schema":{"@context":"https:\/\/schema.org","@graph":[{"@type":"WebPage","@id":"https:\/\/www.ogbl.lu\/communique\/congres-extraordinaire-2-juillet-2016\/","url":"https:\/\/www.ogbl.lu\/communique\/congres-extraordinaire-2-juillet-2016\/","name":"[:fr]Congr\u00e9s extraordinaire 2 juillet 2016[:de]Ausseruerdentleche Kongress 2. Juli 2016[:en]Congr\u00e9s extraordinaire 2 juillet 2016[:] - OGBL","isPartOf":{"@id":"https:\/\/www.ogbl.lu\/de\/#website"},"primaryImageOfPage":{"@id":"https:\/\/www.ogbl.lu\/communique\/congres-extraordinaire-2-juillet-2016\/#primaryimage"},"image":{"@id":"https:\/\/www.ogbl.lu\/communique\/congres-extraordinaire-2-juillet-2016\/#primaryimage"},"thumbnailUrl":"https:\/\/www.ogbl.lu\/wp-content\/uploads\/2016\/07\/congres_salle.jpg","datePublished":"2016-07-19T08:53:14+00:00","dateModified":"2023-06-29T09:40:24+00:00","breadcrumb":{"@id":"https:\/\/www.ogbl.lu\/communique\/congres-extraordinaire-2-juillet-2016\/#breadcrumb"},"inLanguage":"de-DE","potentialAction":[{"@type":"ReadAction","target":["https:\/\/www.ogbl.lu\/communique\/congres-extraordinaire-2-juillet-2016\/"]}]},{"@type":"ImageObject","inLanguage":"de-DE","@id":"https:\/\/www.ogbl.lu\/communique\/congres-extraordinaire-2-juillet-2016\/#primaryimage","url":"https:\/\/www.ogbl.lu\/wp-content\/uploads\/2016\/07\/congres_salle.jpg","contentUrl":"https:\/\/www.ogbl.lu\/wp-content\/uploads\/2016\/07\/congres_salle.jpg","width":800,"height":522},{"@type":"BreadcrumbList","@id":"https:\/\/www.ogbl.lu\/communique\/congres-extraordinaire-2-juillet-2016\/#breadcrumb","itemListElement":[{"@type":"ListItem","position":1,"name":"Home","item":"https:\/\/www.ogbl.lu\/"},{"@type":"ListItem","position":2,"name":"Congr\u00e9s extraordinaire 2 juillet 2016"}]},{"@type":"WebSite","@id":"https:\/\/www.ogbl.lu\/de\/#website","url":"https:\/\/www.ogbl.lu\/de\/","name":"OGBL","description":"DIE GEWERKSCHAFT","publisher":{"@id":"https:\/\/www.ogbl.lu\/de\/#organization"},"potentialAction":[{"@type":"SearchAction","target":{"@type":"EntryPoint","urlTemplate":"https:\/\/www.ogbl.lu\/de\/?s={search_term_string}"},"query-input":"required name=search_term_string"}],"inLanguage":"de-DE"},{"@type":"Organization","@id":"https:\/\/www.ogbl.lu\/de\/#organization","name":"OGBL","url":"https:\/\/www.ogbl.lu\/de\/","logo":{"@type":"ImageObject","inLanguage":"de-DE","@id":"https:\/\/www.ogbl.lu\/de\/#\/schema\/logo\/image\/","url":"https:\/\/www.ogbl.lu\/wp-content\/uploads\/2024\/07\/LOGO_Red_FR-svg.png","contentUrl":"https:\/\/www.ogbl.lu\/wp-content\/uploads\/2024\/07\/LOGO_Red_FR-svg.png","width":369,"height":171,"caption":"OGBL"},"image":{"@id":"https:\/\/www.ogbl.lu\/de\/#\/schema\/logo\/image\/"}}]}},"_links":{"self":[{"href":"https:\/\/www.ogbl.lu\/de\/wp-json\/wp\/v2\/communiques\/2083"}],"collection":[{"href":"https:\/\/www.ogbl.lu\/de\/wp-json\/wp\/v2\/communiques"}],"about":[{"href":"https:\/\/www.ogbl.lu\/de\/wp-json\/wp\/v2\/types\/communiques"}],"author":[{"embeddable":true,"href":"https:\/\/www.ogbl.lu\/de\/wp-json\/wp\/v2\/users\/1"}],"version-history":[{"count":0,"href":"https:\/\/www.ogbl.lu\/de\/wp-json\/wp\/v2\/communiques\/2083\/revisions"}],"wp:featuredmedia":[{"embeddable":true,"href":"https:\/\/www.ogbl.lu\/de\/wp-json\/wp\/v2\/media\/4015"}],"wp:attachment":[{"href":"https:\/\/www.ogbl.lu\/de\/wp-json\/wp\/v2\/media?parent=2083"}],"wp:term":[{"taxonomy":"categorie_communiques","embeddable":true,"href":"https:\/\/www.ogbl.lu\/de\/wp-json\/wp\/v2\/categorie_communiques?post=2083"},{"taxonomy":"syndicat","embeddable":true,"href":"https:\/\/www.ogbl.lu\/de\/wp-json\/wp\/v2\/syndicat?post=2083"}],"curies":[{"name":"wp","href":"https:\/\/api.w.org\/{rel}","templated":true}]}}

<p>Der OGBL hat eine Statutenreform durchgeführt, während einem außerordentlichen Kongress, der am 2. Juli im Plenarsaal (Hémicycle) des Konferenzzentrums Kirchberg stattgefunden hat. Eine Statutenreform, die ein neues Kapitel in der hundertjährigen Geschichte der freien Gewerkschaftsbewegung in Luxemburg eröffnet.</p>
<ul>
<li><a href="/communique/reforme-statutaire-adoptee-lors-du-congres-extraordinaire-logbl-est-plus-que-jamais-le-syndicat-de-lavenir" target="_blank" rel="noopener">Beim außerordentlichen Kongress verabschiedete Statutenreform<br />
Der OGBL ist mehr denn je die Gewerkschaft der Zukunft!</a></li>
<li><a href="https://www.ogbl.lu/communique/extraits-du-discours-douverture-du-president-de-logbl-andre-roeltgen" target="_blank" rel="noopener">„De Wandel an der Kontinuitéit“<br />
Auszich aus der Eröffnungsried vum OGBL-President André Roeltgen</a></li>
<li><a href="https://www.ogbl.lu/communique/congres-extraordinaire-de-logbl-discours-douverture-du-president-2" target="_blank" rel="noopener">Le discours dans son intégralité, en luxembourgeois</a></li>
</ul>
<p><center><iframe loading="lazy" src="https://www.youtube.com/embed/X3_hdSTwVZ0" width="560" height="315" frameborder="0" allowfullscreen="allowfullscreen"></iframe></center></p>
<ul>
<li><a href="https://www.ogbl.lu/communique/resolution-adoptee-lors-du-congres-extraordinaire-de-logbl-du-2-juillet-2016" target="_blank" rel="noopener">Politische Resolution</a></li>
</ul>
<p><center><a href="https://www.ogbl.lu/wp-content/uploads/communiques/congres_salle.jpg" target="_blank" rel="noopener"><img decoding="async" class=" wp-image-22273 aligncenter" style="border: 0px none;" src="https://www.ogbl.lu/wp-content/uploads/communiques/congres_salle.jpg" alt="congres_salle" width="560" /></a></center></p>

<!-- This site is optimized with the Yoast SEO plugin v23.1 - https://yoast.com/wordpress/plugins/seo/ -->
<title>Ausseruerdentleche Kongress 2. Juli 2016 - OGBL</title>
<meta name="robots" content="index, follow, max-snippet:-1, max-image-preview:large, max-video-preview:-1" />
<link rel="canonical" href="https://www.ogbl.lu/communique/congres-extraordinaire-2-juillet-2016/" />
<meta property="og:locale" content="de_DE" />
<meta property="og:type" content="article" />
<meta property="og:title" content="[:fr]Congrés extraordinaire 2 juillet 2016[:de]Ausseruerdentleche Kongress 2. Juli 2016[:en]Congrés extraordinaire 2 juillet 2016[:] - OGBL" />
<meta property="og:description" content="Der OGBL hat eine Statutenreform durchgeführt, während einem außerordentlichen Kongress, der am 2. Juli im Plenarsaal (Hémicycle) des Konferenzzentrums Kirchberg …" />
<meta property="og:url" content="https://www.ogbl.lu/communique/congres-extraordinaire-2-juillet-2016/" />
<meta property="og:site_name" content="OGBL" />
<meta property="article:modified_time" content="2023-06-29T09:40:24+00:00" />
<meta property="og:image" content="https://www.ogbl.lu/wp-content/uploads/2016/07/congres_salle.jpg" />
	<meta property="og:image:width" content="800" />
	<meta property="og:image:height" content="522" />
	<meta property="og:image:type" content="image/jpeg" />
<meta name="twitter:card" content="summary_large_image" />
<meta name="twitter:label1" content="Est. reading time" />
	<meta name="twitter:data1" content="1 Minute" />
<script type="application/ld+json" class="yoast-schema-graph">{"@context":"https://schema.org","@graph":[{"@type":"WebPage","@id":"https://www.ogbl.lu/communique/congres-extraordinaire-2-juillet-2016/","url":"https://www.ogbl.lu/communique/congres-extraordinaire-2-juillet-2016/","name":"[:fr]Congrés extraordinaire 2 juillet 2016[:de]Ausseruerdentleche Kongress 2. Juli 2016[:en]Congrés extraordinaire 2 juillet 2016[:] - OGBL","isPartOf":{"@id":"https://www.ogbl.lu/de/#website"},"primaryImageOfPage":{"@id":"https://www.ogbl.lu/communique/congres-extraordinaire-2-juillet-2016/#primaryimage"},"image":{"@id":"https://www.ogbl.lu/communique/congres-extraordinaire-2-juillet-2016/#primaryimage"},"thumbnailUrl":"https://www.ogbl.lu/wp-content/uploads/2016/07/congres_salle.jpg","datePublished":"2016-07-19T08:53:14+00:00","dateModified":"2023-06-29T09:40:24+00:00","breadcrumb":{"@id":"https://www.ogbl.lu/communique/congres-extraordinaire-2-juillet-2016/#breadcrumb"},"inLanguage":"de-DE","potentialAction":[{"@type":"ReadAction","target":["https://www.ogbl.lu/communique/congres-extraordinaire-2-juillet-2016/"]}]},{"@type":"ImageObject","inLanguage":"de-DE","@id":"https://www.ogbl.lu/communique/congres-extraordinaire-2-juillet-2016/#primaryimage","url":"https://www.ogbl.lu/wp-content/uploads/2016/07/congres_salle.jpg","contentUrl":"https://www.ogbl.lu/wp-content/uploads/2016/07/congres_salle.jpg","width":800,"height":522},{"@type":"BreadcrumbList","@id":"https://www.ogbl.lu/communique/congres-extraordinaire-2-juillet-2016/#breadcrumb","itemListElement":[{"@type":"ListItem","position":1,"name":"Home","item":"https://www.ogbl.lu/"},{"@type":"ListItem","position":2,"name":"Congrés extraordinaire 2 juillet 2016"}]},{"@type":"WebSite","@id":"https://www.ogbl.lu/de/#website","url":"https://www.ogbl.lu/de/","name":"OGBL","description":"DIE GEWERKSCHAFT","publisher":{"@id":"https://www.ogbl.lu/de/#organization"},"potentialAction":[{"@type":"SearchAction","target":{"@type":"EntryPoint","urlTemplate":"https://www.ogbl.lu/de/?s={search_term_string}"},"query-input":"required name=search_term_string"}],"inLanguage":"de-DE"},{"@type":"Organization","@id":"https://www.ogbl.lu/de/#organization","name":"OGBL","url":"https://www.ogbl.lu/de/","logo":{"@type":"ImageObject","inLanguage":"de-DE","@id":"https://www.ogbl.lu/de/#/schema/logo/image/","url":"https://www.ogbl.lu/wp-content/uploads/2024/07/LOGO_Red_FR-svg.png","contentUrl":"https://www.ogbl.lu/wp-content/uploads/2024/07/LOGO_Red_FR-svg.png","width":369,"height":171,"caption":"OGBL"},"image":{"@id":"https://www.ogbl.lu/de/#/schema/logo/image/"}}]}</script>
<!-- / Yoast SEO plugin. -->

[:fr]Congrés extraordinaire 2 juillet 2016[:de]Ausseruerdentleche Kongress 2. Juli 2016[:en]Congrés extraordinaire 2 juillet 2016[:] - OGBL

Der OGBL hat eine Statutenreform durchgeführt, während einem außerordentlichen Kongress, der am 2. Juli im Plenarsaal (Hémicycle) des Konferenzzentrums Kirchberg …

Congrés extraordinaire 2 juillet 2016
