{"id":1978,"date":"2016-01-28T15:05:13","date_gmt":"2016-01-28T14:05:13","guid":{"rendered":"https:\/\/www.ogbl.lu\/communiques\/impact-sur-les-activites-de-cargolux"},"modified":"2023-05-24T13:15:34","modified_gmt":"2023-05-24T11:15:34","slug":"impact-sur-les-activites-de-cargolux","status":"publish","type":"communiques","link":"https:\/\/www.ogbl.lu\/de\/communique\/impact-sur-les-activites-de-cargolux\/","title":{"rendered":"Impakt auf die Aktivit\u00e4ten der Cargolux?"},"content":{"rendered":"<p>Eine Delegation des OGBL bestehend aus Vertretern der Syndikate \u201eZivile Luftfahrt\u201c und \u201eTransport-ACAL\u201c kam am 27. Januar 2016 mit Nachhaltigkeits- und Infrastrukturminister Fran\u00e7ois Bausch zusammen. Im Mittelpunkt der Diskussion stand die geplante Frachtzugstrecke zwischen Zhengzhou in China und der multimodalen Logistikplattform in Bettemburg. Die Ank\u00fcndigung von Regierungsseite, dass besagte 10.000 km lange Zugstrecke bereits 2017 operationnel sein werde, sorgte f\u00fcr Verwirrung beim Personal der Cargolux und des Cargocenters der Luxair, wurde doch erst vor kurzem eine Fluglinie eingesetzt, um ebenfalls Fracht von Zhengzhou nach Luxemburg zu transportieren. Transportminister Fran\u00e7ois Bausch konnte die Gem\u00fcter beruhigen und erkl\u00e4rte, die Aktivit\u00e4ten seien komplement\u00e4r. Die Eisenbahn stelle keine direkte Konkurrenz zur Luftfahrt dar. Die Bahn w\u00fcrde G\u00fcter von gro\u00dfem Volumen transportieren, wie z.B. Solarmodule, stelle demnach eher eine Konkurrenz f\u00fcr die Schifffahrt dar. Eine Schifffahrt von China nach Europa ben\u00f6tige rund 5 Wochen, die Eisenbahn lege diese Strecke in 2 Wochen zur\u00fcck. Von der neuen Zugverbindung w\u00fcrden auch luxemburgische Betriebe profitieren. Bausch zitierte das Beispiel einer Brauerei, die ihr Bier nach China exportiere und nun auf die Eisenbahn umsteigen k\u00f6nne.<\/p>\n<p>Der OGBL begr\u00fc\u00dfte die Tatsache, dass dieses Projekt einen weiteren Aufschwung f\u00fcr den Logistikstandort Luxemburg bringen wird, insbesondere f\u00fcr CFL-Multimodal. Einerseits werden mehr Waren in Bettemburg umgeschlagen, andererseits zeigt die Chinesische Eisenbahngesellschaft gro\u00dfes Interesse daran, die Container in Bettemburg warten zu lassen. Die neue Zuglinie wirke sich positiv auf die Besch\u00e4ftigung bei CFL-Multimodal aus, sagte Bausch. Das Gesch\u00e4ftsmodell soll bis Mitte 2016 stehen, der Vertrag zwischen China und Luxemburg werde Ende 2016 unterzeichnet, der erste Zug soll 2017 operationell sein. Bei der Streckenf\u00fchrung best\u00fcnden mehrere Varianten: die sogenannte Nordvariante f\u00fchre durch die Ukraine und Russland, die S\u00fcdvariante \u00fcber Triest, weiter durch die T\u00fcrkei, Kasachstan nach China. Am wahrscheinlichsten sei die S\u00fcdvariante.<\/p>\n<p>Weitere Themen der Unterredung waren: zus\u00e4tzliche Flugrechte f\u00fcr die Cargolux in China, die Anbindung des Flughafens an das Schienennetz, die Erneuerung der Start- und Landebahn am Findel, die Sicherheit der Bushaltestelle am Cargolux-Hangar in Sandweiler, die Liberalisierung des Passagierhandling und die Wiederer\u00f6ffnung des Terminal B am Flughafen Findel.<\/p>\n<p><b>Mitgeteilt vom OGBL-Syndikat zivile Luftfahrt<br \/>\nam 28. Januar 2016<\/b><\/p>\n<p><em><span style=\"font-size: 10pt;\">Die OGBL-Delegation: David Massaro, Jo\u00ebl Krier, Claude Mertens, Duncan Painter, Astrid Mosel, Fabien Kowolik (Cargolux); Sylvie Lombardi und Michael Jacquemin (CFL-Multimodal); Romain Daubenfeld (OGBL-Zentralsekret\u00e4r Syndikat Transport-ACAL) und Hubert Hollerich (OGBL-Zentralsekret\u00e4r Syndikat zivile Luftfahrt).<\/span><\/em><\/p>","protected":false},"author":1,"featured_media":4099,"template":"","categorie_communiques":[44,58],"syndicat":[68,82],"acf":[],"yoast_head":"<!-- This site is optimized with the Yoast SEO plugin v23.1 - https:\/\/yoast.com\/wordpress\/plugins\/seo\/ -->\r\n<title>Impakt auf die Aktivit\u00e4ten der Cargolux? - OGBL<\/title>\r\n<meta name=\"robots\" content=\"index, follow, max-snippet:-1, max-image-preview:large, max-video-preview:-1\" \/>\r\n<link rel=\"canonical\" href=\"https:\/\/www.ogbl.lu\/communique\/impact-sur-les-activites-de-cargolux\/\" \/>\r\n<meta property=\"og:locale\" content=\"de_DE\" \/>\r\n<meta property=\"og:type\" content=\"article\" \/>\r\n<meta property=\"og:title\" content=\"[:fr]Impact sur les activit\u00e9s de Cargolux?[:de]Impakt auf die Aktivit\u00e4ten der Cargolux?[:] - OGBL\" \/>\r\n<meta property=\"og:description\" content=\"Eine Delegation des OGBL bestehend aus Vertretern der Syndikate \u201eZivile Luftfahrt\u201c und \u201eTransport-ACAL\u201c kam am 27. Januar 2016 mit Nachhaltigkeits- \u2026\" \/>\r\n<meta property=\"og:url\" content=\"https:\/\/www.ogbl.lu\/communique\/impact-sur-les-activites-de-cargolux\/\" \/>\r\n<meta property=\"og:site_name\" content=\"OGBL\" \/>\r\n<meta property=\"article:modified_time\" content=\"2023-05-24T11:15:34+00:00\" \/>\r\n<meta property=\"og:image\" content=\"https:\/\/www.ogbl.lu\/wp-content\/uploads\/2016\/01\/cargolux_28012016.jpg\" \/>\r\n\t<meta property=\"og:image:width\" content=\"1106\" \/>\r\n\t<meta property=\"og:image:height\" content=\"453\" \/>\r\n\t<meta property=\"og:image:type\" content=\"image\/jpeg\" \/>\r\n<meta name=\"twitter:card\" content=\"summary_large_image\" \/>\r\n<meta name=\"twitter:label1\" content=\"Est. reading time\" \/>\n\t<meta name=\"twitter:data1\" content=\"5 Minuten\" \/>\r\n<script type=\"application\/ld+json\" class=\"yoast-schema-graph\">{\"@context\":\"https:\/\/schema.org\",\"@graph\":[{\"@type\":\"WebPage\",\"@id\":\"https:\/\/www.ogbl.lu\/communique\/impact-sur-les-activites-de-cargolux\/\",\"url\":\"https:\/\/www.ogbl.lu\/communique\/impact-sur-les-activites-de-cargolux\/\",\"name\":\"[:fr]Impact sur les activit\u00e9s de Cargolux?[:de]Impakt auf die Aktivit\u00e4ten der Cargolux?[:] - OGBL\",\"isPartOf\":{\"@id\":\"https:\/\/www.ogbl.lu\/de\/#website\"},\"primaryImageOfPage\":{\"@id\":\"https:\/\/www.ogbl.lu\/communique\/impact-sur-les-activites-de-cargolux\/#primaryimage\"},\"image\":{\"@id\":\"https:\/\/www.ogbl.lu\/communique\/impact-sur-les-activites-de-cargolux\/#primaryimage\"},\"thumbnailUrl\":\"https:\/\/www.ogbl.lu\/wp-content\/uploads\/2016\/01\/cargolux_28012016.jpg\",\"datePublished\":\"2016-01-28T14:05:13+00:00\",\"dateModified\":\"2023-05-24T11:15:34+00:00\",\"breadcrumb\":{\"@id\":\"https:\/\/www.ogbl.lu\/communique\/impact-sur-les-activites-de-cargolux\/#breadcrumb\"},\"inLanguage\":\"de-DE\",\"potentialAction\":[{\"@type\":\"ReadAction\",\"target\":[\"https:\/\/www.ogbl.lu\/communique\/impact-sur-les-activites-de-cargolux\/\"]}]},{\"@type\":\"ImageObject\",\"inLanguage\":\"de-DE\",\"@id\":\"https:\/\/www.ogbl.lu\/communique\/impact-sur-les-activites-de-cargolux\/#primaryimage\",\"url\":\"https:\/\/www.ogbl.lu\/wp-content\/uploads\/2016\/01\/cargolux_28012016.jpg\",\"contentUrl\":\"https:\/\/www.ogbl.lu\/wp-content\/uploads\/2016\/01\/cargolux_28012016.jpg\",\"width\":1106,\"height\":453},{\"@type\":\"BreadcrumbList\",\"@id\":\"https:\/\/www.ogbl.lu\/communique\/impact-sur-les-activites-de-cargolux\/#breadcrumb\",\"itemListElement\":[{\"@type\":\"ListItem\",\"position\":1,\"name\":\"Home\",\"item\":\"https:\/\/www.ogbl.lu\/\"},{\"@type\":\"ListItem\",\"position\":2,\"name\":\"Impact sur les activit\u00e9s de Cargolux?\"}]},{\"@type\":\"WebSite\",\"@id\":\"https:\/\/www.ogbl.lu\/de\/#website\",\"url\":\"https:\/\/www.ogbl.lu\/de\/\",\"name\":\"OGBL\",\"description\":\"DIE GEWERKSCHAFT\",\"publisher\":{\"@id\":\"https:\/\/www.ogbl.lu\/de\/#organization\"},\"potentialAction\":[{\"@type\":\"SearchAction\",\"target\":{\"@type\":\"EntryPoint\",\"urlTemplate\":\"https:\/\/www.ogbl.lu\/de\/?s={search_term_string}\"},\"query-input\":\"required name=search_term_string\"}],\"inLanguage\":\"de-DE\"},{\"@type\":\"Organization\",\"@id\":\"https:\/\/www.ogbl.lu\/de\/#organization\",\"name\":\"OGBL\",\"url\":\"https:\/\/www.ogbl.lu\/de\/\",\"logo\":{\"@type\":\"ImageObject\",\"inLanguage\":\"de-DE\",\"@id\":\"https:\/\/www.ogbl.lu\/de\/#\/schema\/logo\/image\/\",\"url\":\"https:\/\/www.ogbl.lu\/wp-content\/uploads\/2024\/07\/LOGO_Red_FR-svg.png\",\"contentUrl\":\"https:\/\/www.ogbl.lu\/wp-content\/uploads\/2024\/07\/LOGO_Red_FR-svg.png\",\"width\":369,\"height\":171,\"caption\":\"OGBL\"},\"image\":{\"@id\":\"https:\/\/www.ogbl.lu\/de\/#\/schema\/logo\/image\/\"}}]}<\/script>\r\n<!-- \/ Yoast SEO plugin. -->","yoast_head_json":{"title":"[:fr]Impact sur les activit\u00e9s de Cargolux?[:de]Impakt auf die Aktivit\u00e4ten der Cargolux?[:] - OGBL","robots":{"index":"index","follow":"follow","max-snippet":"max-snippet:-1","max-image-preview":"max-image-preview:large","max-video-preview":"max-video-preview:-1"},"canonical":"https:\/\/www.ogbl.lu\/communique\/impact-sur-les-activites-de-cargolux\/","og_locale":"de_DE","og_type":"article","og_title":"[:fr]Impact sur les activit\u00e9s de Cargolux?[:de]Impakt auf die Aktivit\u00e4ten der Cargolux?[:] - OGBL","og_description":"Eine Delegation des OGBL bestehend aus Vertretern der Syndikate \u201eZivile Luftfahrt\u201c und \u201eTransport-ACAL\u201c kam am 27. Januar 2016 mit Nachhaltigkeits- \u2026","og_url":"https:\/\/www.ogbl.lu\/communique\/impact-sur-les-activites-de-cargolux\/","og_site_name":"OGBL","article_modified_time":"2023-05-24T11:15:34+00:00","og_image":[{"width":1106,"height":453,"url":"https:\/\/www.ogbl.lu\/wp-content\/uploads\/2016\/01\/cargolux_28012016.jpg","type":"image\/jpeg"}],"twitter_card":"summary_large_image","twitter_misc":{"Est. reading time":"5 Minuten"},"schema":{"@context":"https:\/\/schema.org","@graph":[{"@type":"WebPage","@id":"https:\/\/www.ogbl.lu\/communique\/impact-sur-les-activites-de-cargolux\/","url":"https:\/\/www.ogbl.lu\/communique\/impact-sur-les-activites-de-cargolux\/","name":"[:fr]Impact sur les activit\u00e9s de Cargolux?[:de]Impakt auf die Aktivit\u00e4ten der Cargolux?[:] - OGBL","isPartOf":{"@id":"https:\/\/www.ogbl.lu\/de\/#website"},"primaryImageOfPage":{"@id":"https:\/\/www.ogbl.lu\/communique\/impact-sur-les-activites-de-cargolux\/#primaryimage"},"image":{"@id":"https:\/\/www.ogbl.lu\/communique\/impact-sur-les-activites-de-cargolux\/#primaryimage"},"thumbnailUrl":"https:\/\/www.ogbl.lu\/wp-content\/uploads\/2016\/01\/cargolux_28012016.jpg","datePublished":"2016-01-28T14:05:13+00:00","dateModified":"2023-05-24T11:15:34+00:00","breadcrumb":{"@id":"https:\/\/www.ogbl.lu\/communique\/impact-sur-les-activites-de-cargolux\/#breadcrumb"},"inLanguage":"de-DE","potentialAction":[{"@type":"ReadAction","target":["https:\/\/www.ogbl.lu\/communique\/impact-sur-les-activites-de-cargolux\/"]}]},{"@type":"ImageObject","inLanguage":"de-DE","@id":"https:\/\/www.ogbl.lu\/communique\/impact-sur-les-activites-de-cargolux\/#primaryimage","url":"https:\/\/www.ogbl.lu\/wp-content\/uploads\/2016\/01\/cargolux_28012016.jpg","contentUrl":"https:\/\/www.ogbl.lu\/wp-content\/uploads\/2016\/01\/cargolux_28012016.jpg","width":1106,"height":453},{"@type":"BreadcrumbList","@id":"https:\/\/www.ogbl.lu\/communique\/impact-sur-les-activites-de-cargolux\/#breadcrumb","itemListElement":[{"@type":"ListItem","position":1,"name":"Home","item":"https:\/\/www.ogbl.lu\/"},{"@type":"ListItem","position":2,"name":"Impact sur les activit\u00e9s de Cargolux?"}]},{"@type":"WebSite","@id":"https:\/\/www.ogbl.lu\/de\/#website","url":"https:\/\/www.ogbl.lu\/de\/","name":"OGBL","description":"DIE GEWERKSCHAFT","publisher":{"@id":"https:\/\/www.ogbl.lu\/de\/#organization"},"potentialAction":[{"@type":"SearchAction","target":{"@type":"EntryPoint","urlTemplate":"https:\/\/www.ogbl.lu\/de\/?s={search_term_string}"},"query-input":"required name=search_term_string"}],"inLanguage":"de-DE"},{"@type":"Organization","@id":"https:\/\/www.ogbl.lu\/de\/#organization","name":"OGBL","url":"https:\/\/www.ogbl.lu\/de\/","logo":{"@type":"ImageObject","inLanguage":"de-DE","@id":"https:\/\/www.ogbl.lu\/de\/#\/schema\/logo\/image\/","url":"https:\/\/www.ogbl.lu\/wp-content\/uploads\/2024\/07\/LOGO_Red_FR-svg.png","contentUrl":"https:\/\/www.ogbl.lu\/wp-content\/uploads\/2024\/07\/LOGO_Red_FR-svg.png","width":369,"height":171,"caption":"OGBL"},"image":{"@id":"https:\/\/www.ogbl.lu\/de\/#\/schema\/logo\/image\/"}}]}},"_links":{"self":[{"href":"https:\/\/www.ogbl.lu\/de\/wp-json\/wp\/v2\/communiques\/1978"}],"collection":[{"href":"https:\/\/www.ogbl.lu\/de\/wp-json\/wp\/v2\/communiques"}],"about":[{"href":"https:\/\/www.ogbl.lu\/de\/wp-json\/wp\/v2\/types\/communiques"}],"author":[{"embeddable":true,"href":"https:\/\/www.ogbl.lu\/de\/wp-json\/wp\/v2\/users\/1"}],"version-history":[{"count":0,"href":"https:\/\/www.ogbl.lu\/de\/wp-json\/wp\/v2\/communiques\/1978\/revisions"}],"wp:featuredmedia":[{"embeddable":true,"href":"https:\/\/www.ogbl.lu\/de\/wp-json\/wp\/v2\/media\/4099"}],"wp:attachment":[{"href":"https:\/\/www.ogbl.lu\/de\/wp-json\/wp\/v2\/media?parent=1978"}],"wp:term":[{"taxonomy":"categorie_communiques","embeddable":true,"href":"https:\/\/www.ogbl.lu\/de\/wp-json\/wp\/v2\/categorie_communiques?post=1978"},{"taxonomy":"syndicat","embeddable":true,"href":"https:\/\/www.ogbl.lu\/de\/wp-json\/wp\/v2\/syndicat?post=1978"}],"curies":[{"name":"wp","href":"https:\/\/api.w.org\/{rel}","templated":true}]}}

Impakt auf die Aktivitäten der Cargolux?

<p>Eine Delegation des OGBL bestehend aus Vertretern der Syndikate „Zivile Luftfahrt“ und „Transport-ACAL“ kam am 27. Januar 2016 mit Nachhaltigkeits- und Infrastrukturminister François Bausch zusammen. Im Mittelpunkt der Diskussion stand die geplante Frachtzugstrecke zwischen Zhengzhou in China und der multimodalen Logistikplattform in Bettemburg. Die Ankündigung von Regierungsseite, dass besagte 10.000 km lange Zugstrecke bereits 2017 operationnel sein werde, sorgte für Verwirrung beim Personal der Cargolux und des Cargocenters der Luxair, wurde doch erst vor kurzem eine Fluglinie eingesetzt, um ebenfalls Fracht von Zhengzhou nach Luxemburg zu transportieren. Transportminister François Bausch konnte die Gemüter beruhigen und erklärte, die Aktivitäten seien komplementär. Die Eisenbahn stelle keine direkte Konkurrenz zur Luftfahrt dar. Die Bahn würde Güter von großem Volumen transportieren, wie z.B. Solarmodule, stelle demnach eher eine Konkurrenz für die Schifffahrt dar. Eine Schifffahrt von China nach Europa benötige rund 5 Wochen, die Eisenbahn lege diese Strecke in 2 Wochen zurück. Von der neuen Zugverbindung würden auch luxemburgische Betriebe profitieren. Bausch zitierte das Beispiel einer Brauerei, die ihr Bier nach China exportiere und nun auf die Eisenbahn umsteigen könne.</p>
<p>Der OGBL begrüßte die Tatsache, dass dieses Projekt einen weiteren Aufschwung für den Logistikstandort Luxemburg bringen wird, insbesondere für CFL-Multimodal. Einerseits werden mehr Waren in Bettemburg umgeschlagen, andererseits zeigt die Chinesische Eisenbahngesellschaft großes Interesse daran, die Container in Bettemburg warten zu lassen. Die neue Zuglinie wirke sich positiv auf die Beschäftigung bei CFL-Multimodal aus, sagte Bausch. Das Geschäftsmodell soll bis Mitte 2016 stehen, der Vertrag zwischen China und Luxemburg werde Ende 2016 unterzeichnet, der erste Zug soll 2017 operationell sein. Bei der Streckenführung bestünden mehrere Varianten: die sogenannte Nordvariante führe durch die Ukraine und Russland, die Südvariante über Triest, weiter durch die Türkei, Kasachstan nach China. Am wahrscheinlichsten sei die Südvariante.</p>
<p>Weitere Themen der Unterredung waren: zusätzliche Flugrechte für die Cargolux in China, die Anbindung des Flughafens an das Schienennetz, die Erneuerung der Start- und Landebahn am Findel, die Sicherheit der Bushaltestelle am Cargolux-Hangar in Sandweiler, die Liberalisierung des Passagierhandling und die Wiedereröffnung des Terminal B am Flughafen Findel.</p>
<p><b>Mitgeteilt vom OGBL-Syndikat zivile Luftfahrt<br />
am 28. Januar 2016</b></p>
<p><em><span style="font-size: 10pt;">Die OGBL-Delegation: David Massaro, Joël Krier, Claude Mertens, Duncan Painter, Astrid Mosel, Fabien Kowolik (Cargolux); Sylvie Lombardi und Michael Jacquemin (CFL-Multimodal); Romain Daubenfeld (OGBL-Zentralsekretär Syndikat Transport-ACAL) und Hubert Hollerich (OGBL-Zentralsekretär Syndikat zivile Luftfahrt).</span></em></p>

<!-- This site is optimized with the Yoast SEO plugin v23.1 - https://yoast.com/wordpress/plugins/seo/ -->
<title>Impakt auf die Aktivitäten der Cargolux? - OGBL</title>
<meta name="robots" content="index, follow, max-snippet:-1, max-image-preview:large, max-video-preview:-1" />
<link rel="canonical" href="https://www.ogbl.lu/communique/impact-sur-les-activites-de-cargolux/" />
<meta property="og:locale" content="de_DE" />
<meta property="og:type" content="article" />
<meta property="og:title" content="[:fr]Impact sur les activités de Cargolux?[:de]Impakt auf die Aktivitäten der Cargolux?[:] - OGBL" />
<meta property="og:description" content="Eine Delegation des OGBL bestehend aus Vertretern der Syndikate „Zivile Luftfahrt“ und „Transport-ACAL“ kam am 27. Januar 2016 mit Nachhaltigkeits- …" />
<meta property="og:url" content="https://www.ogbl.lu/communique/impact-sur-les-activites-de-cargolux/" />
<meta property="og:site_name" content="OGBL" />
<meta property="article:modified_time" content="2023-05-24T11:15:34+00:00" />
<meta property="og:image" content="https://www.ogbl.lu/wp-content/uploads/2016/01/cargolux_28012016.jpg" />
	<meta property="og:image:width" content="1106" />
	<meta property="og:image:height" content="453" />
	<meta property="og:image:type" content="image/jpeg" />
<meta name="twitter:card" content="summary_large_image" />
<meta name="twitter:label1" content="Est. reading time" />
	<meta name="twitter:data1" content="5 Minuten" />
<script type="application/ld+json" class="yoast-schema-graph">{"@context":"https://schema.org","@graph":[{"@type":"WebPage","@id":"https://www.ogbl.lu/communique/impact-sur-les-activites-de-cargolux/","url":"https://www.ogbl.lu/communique/impact-sur-les-activites-de-cargolux/","name":"[:fr]Impact sur les activités de Cargolux?[:de]Impakt auf die Aktivitäten der Cargolux?[:] - OGBL","isPartOf":{"@id":"https://www.ogbl.lu/de/#website"},"primaryImageOfPage":{"@id":"https://www.ogbl.lu/communique/impact-sur-les-activites-de-cargolux/#primaryimage"},"image":{"@id":"https://www.ogbl.lu/communique/impact-sur-les-activites-de-cargolux/#primaryimage"},"thumbnailUrl":"https://www.ogbl.lu/wp-content/uploads/2016/01/cargolux_28012016.jpg","datePublished":"2016-01-28T14:05:13+00:00","dateModified":"2023-05-24T11:15:34+00:00","breadcrumb":{"@id":"https://www.ogbl.lu/communique/impact-sur-les-activites-de-cargolux/#breadcrumb"},"inLanguage":"de-DE","potentialAction":[{"@type":"ReadAction","target":["https://www.ogbl.lu/communique/impact-sur-les-activites-de-cargolux/"]}]},{"@type":"ImageObject","inLanguage":"de-DE","@id":"https://www.ogbl.lu/communique/impact-sur-les-activites-de-cargolux/#primaryimage","url":"https://www.ogbl.lu/wp-content/uploads/2016/01/cargolux_28012016.jpg","contentUrl":"https://www.ogbl.lu/wp-content/uploads/2016/01/cargolux_28012016.jpg","width":1106,"height":453},{"@type":"BreadcrumbList","@id":"https://www.ogbl.lu/communique/impact-sur-les-activites-de-cargolux/#breadcrumb","itemListElement":[{"@type":"ListItem","position":1,"name":"Home","item":"https://www.ogbl.lu/"},{"@type":"ListItem","position":2,"name":"Impact sur les activités de Cargolux?"}]},{"@type":"WebSite","@id":"https://www.ogbl.lu/de/#website","url":"https://www.ogbl.lu/de/","name":"OGBL","description":"DIE GEWERKSCHAFT","publisher":{"@id":"https://www.ogbl.lu/de/#organization"},"potentialAction":[{"@type":"SearchAction","target":{"@type":"EntryPoint","urlTemplate":"https://www.ogbl.lu/de/?s={search_term_string}"},"query-input":"required name=search_term_string"}],"inLanguage":"de-DE"},{"@type":"Organization","@id":"https://www.ogbl.lu/de/#organization","name":"OGBL","url":"https://www.ogbl.lu/de/","logo":{"@type":"ImageObject","inLanguage":"de-DE","@id":"https://www.ogbl.lu/de/#/schema/logo/image/","url":"https://www.ogbl.lu/wp-content/uploads/2024/07/LOGO_Red_FR-svg.png","contentUrl":"https://www.ogbl.lu/wp-content/uploads/2024/07/LOGO_Red_FR-svg.png","width":369,"height":171,"caption":"OGBL"},"image":{"@id":"https://www.ogbl.lu/de/#/schema/logo/image/"}}]}</script>
<!-- / Yoast SEO plugin. -->

[:fr]Impact sur les activités de Cargolux?[:de]Impakt auf die Aktivitäten der Cargolux?[:] - OGBL

Impact sur les activités de Cargolux?
