{"id":19393,"date":"2024-01-12T14:53:55","date_gmt":"2024-01-12T13:53:55","guid":{"rendered":"https:\/\/www.ogbl.lu\/?post_type=communiques&#038;p=19393"},"modified":"2024-02-25T08:55:33","modified_gmt":"2024-02-25T07:55:33","slug":"la-signature-de-la-convention-collective-traine","status":"publish","type":"communiques","link":"https:\/\/www.ogbl.lu\/de\/communique\/la-signature-de-la-convention-collective-traine\/","title":{"rendered":"Die Unterzeichnung des Kollektivvertrags ziehtsich hin!"},"content":{"rendered":"<p>Am 14. September schlossen die unterzeichnenden Gewerkschaften und die Arbeitgebervertreter des privaten Bussektors eine Grundsatzvereinbarung \u00fcber die Erneuerung des sektoralen Kollektivvertrags. In den darauffolgenden Monaten wurden die Texte des neuen Kollektivvertrags ausgearbeitet und fertiggestellt. Der Kollektivvertrag ist also im Prinzip unterschriftsreif.<\/p>\n<p>Die Unterzeichnerparteien des Kollektivvertrags warten jedoch noch immerauf die R\u00fcckmeldung des Mobilit\u00e4tsministeriums. In der Grundsatzvereinbarung zwischen Arbeitgebern und Gewerkschaften ist jedoch klar festgelegt, dass der neue Vertrag ab dem 1. Januar 2024, also auch r\u00fcckwirkend, in Kraft treten wird.<\/p>\n<p>Angesichts der Dringlichkeit der Angelegenheit nahm der OGBL daher Kontakt mit dem Arbeitgeberverband auf und forderte die schnellstm\u00f6gliche Unterzeichnung und Umsetzung des erneuerten Kollektivvertrags. Eine Kopie wurde auch an das Ministerium geschickt.<\/p>\n<p>Der OGBL erwartet von den politischen Verantwortlichen eine schnelle Reaktion, um die Arbeitsbedingungen im Sektor verbessern zu k\u00f6nnen. Jede weitere Verz\u00f6gerung aufgrund politischer Tr\u00e4gheit stellt das luxemburgische Sozialmodell in Frage. Dieser Kollektivvertrag muss noch im Januar unterzeichnet werden!<\/p>\n<p>Der OGBL und seine Delegierten werden Ihnen weiterhin zur Verf\u00fcgung stehenund Sie \u00fcber jede neue Entwicklung in diesem Dossier informieren.<\/p>\n<p><strong>Ver\u00f6ffentlicht am 12. Januar 2024<\/strong><\/p>","protected":false},"author":4,"featured_media":3593,"template":"","categorie_communiques":[58],"syndicat":[82],"acf":[],"yoast_head":"<!-- This site is optimized with the Yoast SEO plugin v23.1 - https:\/\/yoast.com\/wordpress\/plugins\/seo\/ -->\r\n<title>Die Unterzeichnung des Kollektivvertrags ziehtsich hin! - OGBL<\/title>\r\n<meta name=\"robots\" content=\"index, follow, max-snippet:-1, max-image-preview:large, max-video-preview:-1\" \/>\r\n<link rel=\"canonical\" href=\"https:\/\/www.ogbl.lu\/communique\/la-signature-de-la-convention-collective-traine\/\" \/>\r\n<meta property=\"og:locale\" content=\"de_DE\" \/>\r\n<meta property=\"og:type\" content=\"article\" \/>\r\n<meta property=\"og:title\" content=\"[:fr]La signature de la convention collective tra\u00eene ![:de]Die Unterzeichnung des Kollektivvertrags ziehtsich hin![:en]Signing of the collective bargaining agreement drags on![:] - OGBL\" \/>\r\n<meta property=\"og:description\" content=\"Am 14. September schlossen die unterzeichnenden Gewerkschaften und die Arbeitgebervertreter des privaten Bussektors eine Grundsatzvereinbarung \u00fcber die Erneuerung des sektoralen \u2026\" \/>\r\n<meta property=\"og:url\" content=\"https:\/\/www.ogbl.lu\/communique\/la-signature-de-la-convention-collective-traine\/\" \/>\r\n<meta property=\"og:site_name\" content=\"OGBL\" \/>\r\n<meta property=\"article:modified_time\" content=\"2024-02-25T07:55:33+00:00\" \/>\r\n<meta property=\"og:image\" content=\"https:\/\/www.ogbl.lu\/wp-content\/uploads\/2020\/03\/chauffeur.jpg\" \/>\r\n\t<meta property=\"og:image:width\" content=\"900\" \/>\r\n\t<meta property=\"og:image:height\" content=\"600\" \/>\r\n\t<meta property=\"og:image:type\" content=\"image\/jpeg\" \/>\r\n<meta name=\"twitter:card\" content=\"summary_large_image\" \/>\r\n<meta name=\"twitter:label1\" content=\"Est. reading time\" \/>\n\t<meta name=\"twitter:data1\" content=\"3 Minuten\" \/>\r\n<script type=\"application\/ld+json\" class=\"yoast-schema-graph\">{\"@context\":\"https:\/\/schema.org\",\"@graph\":[{\"@type\":\"WebPage\",\"@id\":\"https:\/\/www.ogbl.lu\/communique\/la-signature-de-la-convention-collective-traine\/\",\"url\":\"https:\/\/www.ogbl.lu\/communique\/la-signature-de-la-convention-collective-traine\/\",\"name\":\"[:fr]La signature de la convention collective tra\u00eene ![:de]Die Unterzeichnung des Kollektivvertrags ziehtsich hin![:en]Signing of the collective bargaining agreement drags on![:] - OGBL\",\"isPartOf\":{\"@id\":\"https:\/\/www.ogbl.lu\/de\/#website\"},\"primaryImageOfPage\":{\"@id\":\"https:\/\/www.ogbl.lu\/communique\/la-signature-de-la-convention-collective-traine\/#primaryimage\"},\"image\":{\"@id\":\"https:\/\/www.ogbl.lu\/communique\/la-signature-de-la-convention-collective-traine\/#primaryimage\"},\"thumbnailUrl\":\"https:\/\/www.ogbl.lu\/wp-content\/uploads\/2020\/03\/chauffeur.jpg\",\"datePublished\":\"2024-01-12T13:53:55+00:00\",\"dateModified\":\"2024-02-25T07:55:33+00:00\",\"breadcrumb\":{\"@id\":\"https:\/\/www.ogbl.lu\/communique\/la-signature-de-la-convention-collective-traine\/#breadcrumb\"},\"inLanguage\":\"de-DE\",\"potentialAction\":[{\"@type\":\"ReadAction\",\"target\":[\"https:\/\/www.ogbl.lu\/communique\/la-signature-de-la-convention-collective-traine\/\"]}]},{\"@type\":\"ImageObject\",\"inLanguage\":\"de-DE\",\"@id\":\"https:\/\/www.ogbl.lu\/communique\/la-signature-de-la-convention-collective-traine\/#primaryimage\",\"url\":\"https:\/\/www.ogbl.lu\/wp-content\/uploads\/2020\/03\/chauffeur.jpg\",\"contentUrl\":\"https:\/\/www.ogbl.lu\/wp-content\/uploads\/2020\/03\/chauffeur.jpg\",\"width\":900,\"height\":600},{\"@type\":\"BreadcrumbList\",\"@id\":\"https:\/\/www.ogbl.lu\/communique\/la-signature-de-la-convention-collective-traine\/#breadcrumb\",\"itemListElement\":[{\"@type\":\"ListItem\",\"position\":1,\"name\":\"Home\",\"item\":\"https:\/\/www.ogbl.lu\/\"},{\"@type\":\"ListItem\",\"position\":2,\"name\":\"La signature de la convention collective tra\u00eene !\"}]},{\"@type\":\"WebSite\",\"@id\":\"https:\/\/www.ogbl.lu\/de\/#website\",\"url\":\"https:\/\/www.ogbl.lu\/de\/\",\"name\":\"OGBL\",\"description\":\"DIE GEWERKSCHAFT\",\"publisher\":{\"@id\":\"https:\/\/www.ogbl.lu\/de\/#organization\"},\"potentialAction\":[{\"@type\":\"SearchAction\",\"target\":{\"@type\":\"EntryPoint\",\"urlTemplate\":\"https:\/\/www.ogbl.lu\/de\/?s={search_term_string}\"},\"query-input\":\"required name=search_term_string\"}],\"inLanguage\":\"de-DE\"},{\"@type\":\"Organization\",\"@id\":\"https:\/\/www.ogbl.lu\/de\/#organization\",\"name\":\"OGBL\",\"url\":\"https:\/\/www.ogbl.lu\/de\/\",\"logo\":{\"@type\":\"ImageObject\",\"inLanguage\":\"de-DE\",\"@id\":\"https:\/\/www.ogbl.lu\/de\/#\/schema\/logo\/image\/\",\"url\":\"https:\/\/www.ogbl.lu\/wp-content\/uploads\/2024\/07\/LOGO_Red_FR-svg.png\",\"contentUrl\":\"https:\/\/www.ogbl.lu\/wp-content\/uploads\/2024\/07\/LOGO_Red_FR-svg.png\",\"width\":369,\"height\":171,\"caption\":\"OGBL\"},\"image\":{\"@id\":\"https:\/\/www.ogbl.lu\/de\/#\/schema\/logo\/image\/\"}}]}<\/script>\r\n<!-- \/ Yoast SEO plugin. -->","yoast_head_json":{"title":"[:fr]La signature de la convention collective tra\u00eene ![:de]Die Unterzeichnung des Kollektivvertrags ziehtsich hin![:en]Signing of the collective bargaining agreement drags on![:] - OGBL","robots":{"index":"index","follow":"follow","max-snippet":"max-snippet:-1","max-image-preview":"max-image-preview:large","max-video-preview":"max-video-preview:-1"},"canonical":"https:\/\/www.ogbl.lu\/communique\/la-signature-de-la-convention-collective-traine\/","og_locale":"de_DE","og_type":"article","og_title":"[:fr]La signature de la convention collective tra\u00eene ![:de]Die Unterzeichnung des Kollektivvertrags ziehtsich hin![:en]Signing of the collective bargaining agreement drags on![:] - OGBL","og_description":"Am 14. September schlossen die unterzeichnenden Gewerkschaften und die Arbeitgebervertreter des privaten Bussektors eine Grundsatzvereinbarung \u00fcber die Erneuerung des sektoralen \u2026","og_url":"https:\/\/www.ogbl.lu\/communique\/la-signature-de-la-convention-collective-traine\/","og_site_name":"OGBL","article_modified_time":"2024-02-25T07:55:33+00:00","og_image":[{"width":900,"height":600,"url":"https:\/\/www.ogbl.lu\/wp-content\/uploads\/2020\/03\/chauffeur.jpg","type":"image\/jpeg"}],"twitter_card":"summary_large_image","twitter_misc":{"Est. reading time":"3 Minuten"},"schema":{"@context":"https:\/\/schema.org","@graph":[{"@type":"WebPage","@id":"https:\/\/www.ogbl.lu\/communique\/la-signature-de-la-convention-collective-traine\/","url":"https:\/\/www.ogbl.lu\/communique\/la-signature-de-la-convention-collective-traine\/","name":"[:fr]La signature de la convention collective tra\u00eene ![:de]Die Unterzeichnung des Kollektivvertrags ziehtsich hin![:en]Signing of the collective bargaining agreement drags on![:] - OGBL","isPartOf":{"@id":"https:\/\/www.ogbl.lu\/de\/#website"},"primaryImageOfPage":{"@id":"https:\/\/www.ogbl.lu\/communique\/la-signature-de-la-convention-collective-traine\/#primaryimage"},"image":{"@id":"https:\/\/www.ogbl.lu\/communique\/la-signature-de-la-convention-collective-traine\/#primaryimage"},"thumbnailUrl":"https:\/\/www.ogbl.lu\/wp-content\/uploads\/2020\/03\/chauffeur.jpg","datePublished":"2024-01-12T13:53:55+00:00","dateModified":"2024-02-25T07:55:33+00:00","breadcrumb":{"@id":"https:\/\/www.ogbl.lu\/communique\/la-signature-de-la-convention-collective-traine\/#breadcrumb"},"inLanguage":"de-DE","potentialAction":[{"@type":"ReadAction","target":["https:\/\/www.ogbl.lu\/communique\/la-signature-de-la-convention-collective-traine\/"]}]},{"@type":"ImageObject","inLanguage":"de-DE","@id":"https:\/\/www.ogbl.lu\/communique\/la-signature-de-la-convention-collective-traine\/#primaryimage","url":"https:\/\/www.ogbl.lu\/wp-content\/uploads\/2020\/03\/chauffeur.jpg","contentUrl":"https:\/\/www.ogbl.lu\/wp-content\/uploads\/2020\/03\/chauffeur.jpg","width":900,"height":600},{"@type":"BreadcrumbList","@id":"https:\/\/www.ogbl.lu\/communique\/la-signature-de-la-convention-collective-traine\/#breadcrumb","itemListElement":[{"@type":"ListItem","position":1,"name":"Home","item":"https:\/\/www.ogbl.lu\/"},{"@type":"ListItem","position":2,"name":"La signature de la convention collective tra\u00eene !"}]},{"@type":"WebSite","@id":"https:\/\/www.ogbl.lu\/de\/#website","url":"https:\/\/www.ogbl.lu\/de\/","name":"OGBL","description":"DIE GEWERKSCHAFT","publisher":{"@id":"https:\/\/www.ogbl.lu\/de\/#organization"},"potentialAction":[{"@type":"SearchAction","target":{"@type":"EntryPoint","urlTemplate":"https:\/\/www.ogbl.lu\/de\/?s={search_term_string}"},"query-input":"required name=search_term_string"}],"inLanguage":"de-DE"},{"@type":"Organization","@id":"https:\/\/www.ogbl.lu\/de\/#organization","name":"OGBL","url":"https:\/\/www.ogbl.lu\/de\/","logo":{"@type":"ImageObject","inLanguage":"de-DE","@id":"https:\/\/www.ogbl.lu\/de\/#\/schema\/logo\/image\/","url":"https:\/\/www.ogbl.lu\/wp-content\/uploads\/2024\/07\/LOGO_Red_FR-svg.png","contentUrl":"https:\/\/www.ogbl.lu\/wp-content\/uploads\/2024\/07\/LOGO_Red_FR-svg.png","width":369,"height":171,"caption":"OGBL"},"image":{"@id":"https:\/\/www.ogbl.lu\/de\/#\/schema\/logo\/image\/"}}]}},"_links":{"self":[{"href":"https:\/\/www.ogbl.lu\/de\/wp-json\/wp\/v2\/communiques\/19393"}],"collection":[{"href":"https:\/\/www.ogbl.lu\/de\/wp-json\/wp\/v2\/communiques"}],"about":[{"href":"https:\/\/www.ogbl.lu\/de\/wp-json\/wp\/v2\/types\/communiques"}],"author":[{"embeddable":true,"href":"https:\/\/www.ogbl.lu\/de\/wp-json\/wp\/v2\/users\/4"}],"version-history":[{"count":0,"href":"https:\/\/www.ogbl.lu\/de\/wp-json\/wp\/v2\/communiques\/19393\/revisions"}],"wp:featuredmedia":[{"embeddable":true,"href":"https:\/\/www.ogbl.lu\/de\/wp-json\/wp\/v2\/media\/3593"}],"wp:attachment":[{"href":"https:\/\/www.ogbl.lu\/de\/wp-json\/wp\/v2\/media?parent=19393"}],"wp:term":[{"taxonomy":"categorie_communiques","embeddable":true,"href":"https:\/\/www.ogbl.lu\/de\/wp-json\/wp\/v2\/categorie_communiques?post=19393"},{"taxonomy":"syndicat","embeddable":true,"href":"https:\/\/www.ogbl.lu\/de\/wp-json\/wp\/v2\/syndicat?post=19393"}],"curies":[{"name":"wp","href":"https:\/\/api.w.org\/{rel}","templated":true}]}}

<p>Am 14. September schlossen die unterzeichnenden Gewerkschaften und die Arbeitgebervertreter des privaten Bussektors eine Grundsatzvereinbarung über die Erneuerung des sektoralen Kollektivvertrags. In den darauffolgenden Monaten wurden die Texte des neuen Kollektivvertrags ausgearbeitet und fertiggestellt. Der Kollektivvertrag ist also im Prinzip unterschriftsreif.</p>
<p>Die Unterzeichnerparteien des Kollektivvertrags warten jedoch noch immerauf die Rückmeldung des Mobilitätsministeriums. In der Grundsatzvereinbarung zwischen Arbeitgebern und Gewerkschaften ist jedoch klar festgelegt, dass der neue Vertrag ab dem 1. Januar 2024, also auch rückwirkend, in Kraft treten wird.</p>
<p>Angesichts der Dringlichkeit der Angelegenheit nahm der OGBL daher Kontakt mit dem Arbeitgeberverband auf und forderte die schnellstmögliche Unterzeichnung und Umsetzung des erneuerten Kollektivvertrags. Eine Kopie wurde auch an das Ministerium geschickt.</p>
<p>Der OGBL erwartet von den politischen Verantwortlichen eine schnelle Reaktion, um die Arbeitsbedingungen im Sektor verbessern zu können. Jede weitere Verzögerung aufgrund politischer Trägheit stellt das luxemburgische Sozialmodell in Frage. Dieser Kollektivvertrag muss noch im Januar unterzeichnet werden!</p>
<p>Der OGBL und seine Delegierten werden Ihnen weiterhin zur Verfügung stehenund Sie über jede neue Entwicklung in diesem Dossier informieren.</p>
<p><strong>Veröffentlicht am 12. Januar 2024</strong></p>

<!-- This site is optimized with the Yoast SEO plugin v23.1 - https://yoast.com/wordpress/plugins/seo/ -->
<title>Die Unterzeichnung des Kollektivvertrags ziehtsich hin! - OGBL</title>
<meta name="robots" content="index, follow, max-snippet:-1, max-image-preview:large, max-video-preview:-1" />
<link rel="canonical" href="https://www.ogbl.lu/communique/la-signature-de-la-convention-collective-traine/" />
<meta property="og:locale" content="de_DE" />
<meta property="og:type" content="article" />
<meta property="og:title" content="[:fr]La signature de la convention collective traîne ![:de]Die Unterzeichnung des Kollektivvertrags ziehtsich hin![:en]Signing of the collective bargaining agreement drags on![:] - OGBL" />
<meta property="og:description" content="Am 14. September schlossen die unterzeichnenden Gewerkschaften und die Arbeitgebervertreter des privaten Bussektors eine Grundsatzvereinbarung über die Erneuerung des sektoralen …" />
<meta property="og:url" content="https://www.ogbl.lu/communique/la-signature-de-la-convention-collective-traine/" />
<meta property="og:site_name" content="OGBL" />
<meta property="article:modified_time" content="2024-02-25T07:55:33+00:00" />
<meta property="og:image" content="https://www.ogbl.lu/wp-content/uploads/2020/03/chauffeur.jpg" />
	<meta property="og:image:width" content="900" />
	<meta property="og:image:height" content="600" />
	<meta property="og:image:type" content="image/jpeg" />
<meta name="twitter:card" content="summary_large_image" />
<meta name="twitter:label1" content="Est. reading time" />
	<meta name="twitter:data1" content="3 Minuten" />
<script type="application/ld+json" class="yoast-schema-graph">{"@context":"https://schema.org","@graph":[{"@type":"WebPage","@id":"https://www.ogbl.lu/communique/la-signature-de-la-convention-collective-traine/","url":"https://www.ogbl.lu/communique/la-signature-de-la-convention-collective-traine/","name":"[:fr]La signature de la convention collective traîne ![:de]Die Unterzeichnung des Kollektivvertrags ziehtsich hin![:en]Signing of the collective bargaining agreement drags on![:] - OGBL","isPartOf":{"@id":"https://www.ogbl.lu/de/#website"},"primaryImageOfPage":{"@id":"https://www.ogbl.lu/communique/la-signature-de-la-convention-collective-traine/#primaryimage"},"image":{"@id":"https://www.ogbl.lu/communique/la-signature-de-la-convention-collective-traine/#primaryimage"},"thumbnailUrl":"https://www.ogbl.lu/wp-content/uploads/2020/03/chauffeur.jpg","datePublished":"2024-01-12T13:53:55+00:00","dateModified":"2024-02-25T07:55:33+00:00","breadcrumb":{"@id":"https://www.ogbl.lu/communique/la-signature-de-la-convention-collective-traine/#breadcrumb"},"inLanguage":"de-DE","potentialAction":[{"@type":"ReadAction","target":["https://www.ogbl.lu/communique/la-signature-de-la-convention-collective-traine/"]}]},{"@type":"ImageObject","inLanguage":"de-DE","@id":"https://www.ogbl.lu/communique/la-signature-de-la-convention-collective-traine/#primaryimage","url":"https://www.ogbl.lu/wp-content/uploads/2020/03/chauffeur.jpg","contentUrl":"https://www.ogbl.lu/wp-content/uploads/2020/03/chauffeur.jpg","width":900,"height":600},{"@type":"BreadcrumbList","@id":"https://www.ogbl.lu/communique/la-signature-de-la-convention-collective-traine/#breadcrumb","itemListElement":[{"@type":"ListItem","position":1,"name":"Home","item":"https://www.ogbl.lu/"},{"@type":"ListItem","position":2,"name":"La signature de la convention collective traîne !"}]},{"@type":"WebSite","@id":"https://www.ogbl.lu/de/#website","url":"https://www.ogbl.lu/de/","name":"OGBL","description":"DIE GEWERKSCHAFT","publisher":{"@id":"https://www.ogbl.lu/de/#organization"},"potentialAction":[{"@type":"SearchAction","target":{"@type":"EntryPoint","urlTemplate":"https://www.ogbl.lu/de/?s={search_term_string}"},"query-input":"required name=search_term_string"}],"inLanguage":"de-DE"},{"@type":"Organization","@id":"https://www.ogbl.lu/de/#organization","name":"OGBL","url":"https://www.ogbl.lu/de/","logo":{"@type":"ImageObject","inLanguage":"de-DE","@id":"https://www.ogbl.lu/de/#/schema/logo/image/","url":"https://www.ogbl.lu/wp-content/uploads/2024/07/LOGO_Red_FR-svg.png","contentUrl":"https://www.ogbl.lu/wp-content/uploads/2024/07/LOGO_Red_FR-svg.png","width":369,"height":171,"caption":"OGBL"},"image":{"@id":"https://www.ogbl.lu/de/#/schema/logo/image/"}}]}</script>
<!-- / Yoast SEO plugin. -->

[:fr]La signature de la convention collective traîne ![:de]Die Unterzeichnung des Kollektivvertrags ziehtsich hin![:en]Signing of the collective bargaining agreement drags on![:] - OGBL

Am 14. September schlossen die unterzeichnenden Gewerkschaften und die Arbeitgebervertreter des privaten Bussektors eine Grundsatzvereinbarung über die Erneuerung des sektoralen …

La signature de la convention collective traîne !
