{"id":1904,"date":"2015-07-22T13:34:13","date_gmt":"2015-07-22T11:34:13","guid":{"rendered":"https:\/\/www.ogbl.lu\/communiques\/prolongation-de-la-cct"},"modified":"2023-06-02T13:36:44","modified_gmt":"2023-06-02T11:36:44","slug":"prolongation-de-la-cct","status":"publish","type":"communiques","link":"https:\/\/www.ogbl.lu\/de\/communique\/prolongation-de-la-cct\/","title":{"rendered":"Verl\u00e4ngerung des Arbeitskollektivvertrags"},"content":{"rendered":"<p><a href=\"https:\/\/www.ogbl.lu\/wp-content\/uploads\/communiques\/Textilcord.jpg\"><img loading=\"lazy\" decoding=\"async\" class=\"alignleft size-full wp-image-19337\" src=\"https:\/\/www.ogbl.lu\/wp-content\/uploads\/communiques\/Textilcord.jpg\" alt=\"Textilcord\" width=\"200\" height=\"150\" \/><\/a>Am 22. Juli 2015 haben die Mehrheitsgewerkschaft OGBL und der LCGB den Arbeitskollektivvertrag bei Textilcord in Steinfort um ein Jahr verl\u00e4ngert. Dies mit dem Ziel, die Verhandlungen in aller Ruhe und auf eine konstruktive Weise fortf\u00fchren zu k\u00f6nnen.<\/p>\n<p>Das Abkommen, das von den Sozialpartnern unterzeichnet wurde und vom 1. Januar 2015 bis zum 31. Dezember 2015 g\u00fcltig ist, enth\u00e4lt folgende Verbesserungen:<\/p>\n<ul>\n<li>Eine lineare Erh\u00f6hung von 1% auf allen periodischen und nicht periodischen Entlohnungen ab dem 1. Juli 2015<\/li>\n<li>Eine Erh\u00f6hung der Ruhestandspr\u00e4mie von 1.500 auf 1.600 Euro (Index 775,17)<\/li>\n<li>Eine Anpassung der Leistungspr\u00e4mie f\u00fcr 2015 je nach Jahresergebnis<\/li>\n<\/ul>\n<p>Die Verhandlungspartner haben sich ebenfalls dazu verpflichtet, ein neues Abkommen auszuhandeln und zu finden, bei dem es um die Lohnbedingungen der Angestellten geht. Aus diesen Verhandlungen soll vor Ende des Jahres ein neuer Arbeitskollektivvertrag entstehen.<\/p>\n<p><b>Mitgeteilt vom OGBL-Syndikat Chemie<\/b><br \/>\n<b>am 22. Juli 2015<\/b><\/p>","protected":false},"author":1,"featured_media":4170,"template":"","categorie_communiques":[162],"syndicat":[165],"acf":[],"yoast_head":"<!-- This site is optimized with the Yoast SEO plugin v23.1 - https:\/\/yoast.com\/wordpress\/plugins\/seo\/ -->\r\n<title>Verl\u00e4ngerung des Arbeitskollektivvertrags - OGBL<\/title>\r\n<meta name=\"robots\" content=\"index, follow, max-snippet:-1, max-image-preview:large, max-video-preview:-1\" \/>\r\n<link rel=\"canonical\" href=\"https:\/\/www.ogbl.lu\/communique\/prolongation-de-la-cct\/\" \/>\r\n<meta property=\"og:locale\" content=\"de_DE\" \/>\r\n<meta property=\"og:type\" content=\"article\" \/>\r\n<meta property=\"og:title\" content=\"[:fr]Prolongation de la CCT[:de]Verl\u00e4ngerung des Arbeitskollektivvertrags[:] - OGBL\" \/>\r\n<meta property=\"og:description\" content=\"Am 22. Juli 2015 haben die Mehrheitsgewerkschaft OGBL und der LCGB den Arbeitskollektivvertrag bei Textilcord in Steinfort um ein Jahr \u2026\" \/>\r\n<meta property=\"og:url\" content=\"https:\/\/www.ogbl.lu\/communique\/prolongation-de-la-cct\/\" \/>\r\n<meta property=\"og:site_name\" content=\"OGBL\" \/>\r\n<meta property=\"article:modified_time\" content=\"2023-06-02T11:36:44+00:00\" \/>\r\n<meta property=\"og:image\" content=\"https:\/\/www.ogbl.lu\/wp-content\/uploads\/2015\/07\/Textilcord.jpg\" \/>\r\n\t<meta property=\"og:image:width\" content=\"200\" \/>\r\n\t<meta property=\"og:image:height\" content=\"150\" \/>\r\n\t<meta property=\"og:image:type\" content=\"image\/jpeg\" \/>\r\n<meta name=\"twitter:card\" content=\"summary_large_image\" \/>\r\n<meta name=\"twitter:label1\" content=\"Est. reading time\" \/>\n\t<meta name=\"twitter:data1\" content=\"1 Minute\" \/>\r\n<script type=\"application\/ld+json\" class=\"yoast-schema-graph\">{\"@context\":\"https:\/\/schema.org\",\"@graph\":[{\"@type\":\"WebPage\",\"@id\":\"https:\/\/www.ogbl.lu\/communique\/prolongation-de-la-cct\/\",\"url\":\"https:\/\/www.ogbl.lu\/communique\/prolongation-de-la-cct\/\",\"name\":\"[:fr]Prolongation de la CCT[:de]Verl\u00e4ngerung des Arbeitskollektivvertrags[:] - OGBL\",\"isPartOf\":{\"@id\":\"https:\/\/www.ogbl.lu\/de\/#website\"},\"primaryImageOfPage\":{\"@id\":\"https:\/\/www.ogbl.lu\/communique\/prolongation-de-la-cct\/#primaryimage\"},\"image\":{\"@id\":\"https:\/\/www.ogbl.lu\/communique\/prolongation-de-la-cct\/#primaryimage\"},\"thumbnailUrl\":\"https:\/\/www.ogbl.lu\/wp-content\/uploads\/2015\/07\/Textilcord.jpg\",\"datePublished\":\"2015-07-22T11:34:13+00:00\",\"dateModified\":\"2023-06-02T11:36:44+00:00\",\"breadcrumb\":{\"@id\":\"https:\/\/www.ogbl.lu\/communique\/prolongation-de-la-cct\/#breadcrumb\"},\"inLanguage\":\"de-DE\",\"potentialAction\":[{\"@type\":\"ReadAction\",\"target\":[\"https:\/\/www.ogbl.lu\/communique\/prolongation-de-la-cct\/\"]}]},{\"@type\":\"ImageObject\",\"inLanguage\":\"de-DE\",\"@id\":\"https:\/\/www.ogbl.lu\/communique\/prolongation-de-la-cct\/#primaryimage\",\"url\":\"https:\/\/www.ogbl.lu\/wp-content\/uploads\/2015\/07\/Textilcord.jpg\",\"contentUrl\":\"https:\/\/www.ogbl.lu\/wp-content\/uploads\/2015\/07\/Textilcord.jpg\",\"width\":200,\"height\":150},{\"@type\":\"BreadcrumbList\",\"@id\":\"https:\/\/www.ogbl.lu\/communique\/prolongation-de-la-cct\/#breadcrumb\",\"itemListElement\":[{\"@type\":\"ListItem\",\"position\":1,\"name\":\"Home\",\"item\":\"https:\/\/www.ogbl.lu\/\"},{\"@type\":\"ListItem\",\"position\":2,\"name\":\"Prolongation de la CCT\"}]},{\"@type\":\"WebSite\",\"@id\":\"https:\/\/www.ogbl.lu\/de\/#website\",\"url\":\"https:\/\/www.ogbl.lu\/de\/\",\"name\":\"OGBL\",\"description\":\"DIE GEWERKSCHAFT\",\"publisher\":{\"@id\":\"https:\/\/www.ogbl.lu\/de\/#organization\"},\"potentialAction\":[{\"@type\":\"SearchAction\",\"target\":{\"@type\":\"EntryPoint\",\"urlTemplate\":\"https:\/\/www.ogbl.lu\/de\/?s={search_term_string}\"},\"query-input\":\"required name=search_term_string\"}],\"inLanguage\":\"de-DE\"},{\"@type\":\"Organization\",\"@id\":\"https:\/\/www.ogbl.lu\/de\/#organization\",\"name\":\"OGBL\",\"url\":\"https:\/\/www.ogbl.lu\/de\/\",\"logo\":{\"@type\":\"ImageObject\",\"inLanguage\":\"de-DE\",\"@id\":\"https:\/\/www.ogbl.lu\/de\/#\/schema\/logo\/image\/\",\"url\":\"https:\/\/www.ogbl.lu\/wp-content\/uploads\/2024\/07\/LOGO_Red_FR-svg.png\",\"contentUrl\":\"https:\/\/www.ogbl.lu\/wp-content\/uploads\/2024\/07\/LOGO_Red_FR-svg.png\",\"width\":369,\"height\":171,\"caption\":\"OGBL\"},\"image\":{\"@id\":\"https:\/\/www.ogbl.lu\/de\/#\/schema\/logo\/image\/\"}}]}<\/script>\r\n<!-- \/ Yoast SEO plugin. -->","yoast_head_json":{"title":"[:fr]Prolongation de la CCT[:de]Verl\u00e4ngerung des Arbeitskollektivvertrags[:] - OGBL","robots":{"index":"index","follow":"follow","max-snippet":"max-snippet:-1","max-image-preview":"max-image-preview:large","max-video-preview":"max-video-preview:-1"},"canonical":"https:\/\/www.ogbl.lu\/communique\/prolongation-de-la-cct\/","og_locale":"de_DE","og_type":"article","og_title":"[:fr]Prolongation de la CCT[:de]Verl\u00e4ngerung des Arbeitskollektivvertrags[:] - OGBL","og_description":"Am 22. Juli 2015 haben die Mehrheitsgewerkschaft OGBL und der LCGB den Arbeitskollektivvertrag bei Textilcord in Steinfort um ein Jahr \u2026","og_url":"https:\/\/www.ogbl.lu\/communique\/prolongation-de-la-cct\/","og_site_name":"OGBL","article_modified_time":"2023-06-02T11:36:44+00:00","og_image":[{"width":200,"height":150,"url":"https:\/\/www.ogbl.lu\/wp-content\/uploads\/2015\/07\/Textilcord.jpg","type":"image\/jpeg"}],"twitter_card":"summary_large_image","twitter_misc":{"Est. reading time":"1 Minute"},"schema":{"@context":"https:\/\/schema.org","@graph":[{"@type":"WebPage","@id":"https:\/\/www.ogbl.lu\/communique\/prolongation-de-la-cct\/","url":"https:\/\/www.ogbl.lu\/communique\/prolongation-de-la-cct\/","name":"[:fr]Prolongation de la CCT[:de]Verl\u00e4ngerung des Arbeitskollektivvertrags[:] - OGBL","isPartOf":{"@id":"https:\/\/www.ogbl.lu\/de\/#website"},"primaryImageOfPage":{"@id":"https:\/\/www.ogbl.lu\/communique\/prolongation-de-la-cct\/#primaryimage"},"image":{"@id":"https:\/\/www.ogbl.lu\/communique\/prolongation-de-la-cct\/#primaryimage"},"thumbnailUrl":"https:\/\/www.ogbl.lu\/wp-content\/uploads\/2015\/07\/Textilcord.jpg","datePublished":"2015-07-22T11:34:13+00:00","dateModified":"2023-06-02T11:36:44+00:00","breadcrumb":{"@id":"https:\/\/www.ogbl.lu\/communique\/prolongation-de-la-cct\/#breadcrumb"},"inLanguage":"de-DE","potentialAction":[{"@type":"ReadAction","target":["https:\/\/www.ogbl.lu\/communique\/prolongation-de-la-cct\/"]}]},{"@type":"ImageObject","inLanguage":"de-DE","@id":"https:\/\/www.ogbl.lu\/communique\/prolongation-de-la-cct\/#primaryimage","url":"https:\/\/www.ogbl.lu\/wp-content\/uploads\/2015\/07\/Textilcord.jpg","contentUrl":"https:\/\/www.ogbl.lu\/wp-content\/uploads\/2015\/07\/Textilcord.jpg","width":200,"height":150},{"@type":"BreadcrumbList","@id":"https:\/\/www.ogbl.lu\/communique\/prolongation-de-la-cct\/#breadcrumb","itemListElement":[{"@type":"ListItem","position":1,"name":"Home","item":"https:\/\/www.ogbl.lu\/"},{"@type":"ListItem","position":2,"name":"Prolongation de la CCT"}]},{"@type":"WebSite","@id":"https:\/\/www.ogbl.lu\/de\/#website","url":"https:\/\/www.ogbl.lu\/de\/","name":"OGBL","description":"DIE GEWERKSCHAFT","publisher":{"@id":"https:\/\/www.ogbl.lu\/de\/#organization"},"potentialAction":[{"@type":"SearchAction","target":{"@type":"EntryPoint","urlTemplate":"https:\/\/www.ogbl.lu\/de\/?s={search_term_string}"},"query-input":"required name=search_term_string"}],"inLanguage":"de-DE"},{"@type":"Organization","@id":"https:\/\/www.ogbl.lu\/de\/#organization","name":"OGBL","url":"https:\/\/www.ogbl.lu\/de\/","logo":{"@type":"ImageObject","inLanguage":"de-DE","@id":"https:\/\/www.ogbl.lu\/de\/#\/schema\/logo\/image\/","url":"https:\/\/www.ogbl.lu\/wp-content\/uploads\/2024\/07\/LOGO_Red_FR-svg.png","contentUrl":"https:\/\/www.ogbl.lu\/wp-content\/uploads\/2024\/07\/LOGO_Red_FR-svg.png","width":369,"height":171,"caption":"OGBL"},"image":{"@id":"https:\/\/www.ogbl.lu\/de\/#\/schema\/logo\/image\/"}}]}},"_links":{"self":[{"href":"https:\/\/www.ogbl.lu\/de\/wp-json\/wp\/v2\/communiques\/1904"}],"collection":[{"href":"https:\/\/www.ogbl.lu\/de\/wp-json\/wp\/v2\/communiques"}],"about":[{"href":"https:\/\/www.ogbl.lu\/de\/wp-json\/wp\/v2\/types\/communiques"}],"author":[{"embeddable":true,"href":"https:\/\/www.ogbl.lu\/de\/wp-json\/wp\/v2\/users\/1"}],"version-history":[{"count":0,"href":"https:\/\/www.ogbl.lu\/de\/wp-json\/wp\/v2\/communiques\/1904\/revisions"}],"wp:featuredmedia":[{"embeddable":true,"href":"https:\/\/www.ogbl.lu\/de\/wp-json\/wp\/v2\/media\/4170"}],"wp:attachment":[{"href":"https:\/\/www.ogbl.lu\/de\/wp-json\/wp\/v2\/media?parent=1904"}],"wp:term":[{"taxonomy":"categorie_communiques","embeddable":true,"href":"https:\/\/www.ogbl.lu\/de\/wp-json\/wp\/v2\/categorie_communiques?post=1904"},{"taxonomy":"syndicat","embeddable":true,"href":"https:\/\/www.ogbl.lu\/de\/wp-json\/wp\/v2\/syndicat?post=1904"}],"curies":[{"name":"wp","href":"https:\/\/api.w.org\/{rel}","templated":true}]}}

Verlängerung des Arbeitskollektivvertrags

<p><a href="https://www.ogbl.lu/wp-content/uploads/communiques/Textilcord.jpg"><img loading="lazy" decoding="async" class="alignleft size-full wp-image-19337" src="https://www.ogbl.lu/wp-content/uploads/communiques/Textilcord.jpg" alt="Textilcord" width="200" height="150" /></a>Am 22. Juli 2015 haben die Mehrheitsgewerkschaft OGBL und der LCGB den Arbeitskollektivvertrag bei Textilcord in Steinfort um ein Jahr verlängert. Dies mit dem Ziel, die Verhandlungen in aller Ruhe und auf eine konstruktive Weise fortführen zu können.</p>
<p>Das Abkommen, das von den Sozialpartnern unterzeichnet wurde und vom 1. Januar 2015 bis zum 31. Dezember 2015 gültig ist, enthält folgende Verbesserungen:</p>
<ul>
<li>Eine lineare Erhöhung von 1% auf allen periodischen und nicht periodischen Entlohnungen ab dem 1. Juli 2015</li>
<li>Eine Erhöhung der Ruhestandsprämie von 1.500 auf 1.600 Euro (Index 775,17)</li>
<li>Eine Anpassung der Leistungsprämie für 2015 je nach Jahresergebnis</li>
</ul>
<p>Die Verhandlungspartner haben sich ebenfalls dazu verpflichtet, ein neues Abkommen auszuhandeln und zu finden, bei dem es um die Lohnbedingungen der Angestellten geht. Aus diesen Verhandlungen soll vor Ende des Jahres ein neuer Arbeitskollektivvertrag entstehen.</p>
<p><b>Mitgeteilt vom OGBL-Syndikat Chemie</b><br />
<b>am 22. Juli 2015</b></p>

<!-- This site is optimized with the Yoast SEO plugin v23.1 - https://yoast.com/wordpress/plugins/seo/ -->
<title>Verlängerung des Arbeitskollektivvertrags - OGBL</title>
<meta name="robots" content="index, follow, max-snippet:-1, max-image-preview:large, max-video-preview:-1" />
<link rel="canonical" href="https://www.ogbl.lu/communique/prolongation-de-la-cct/" />
<meta property="og:locale" content="de_DE" />
<meta property="og:type" content="article" />
<meta property="og:title" content="[:fr]Prolongation de la CCT[:de]Verlängerung des Arbeitskollektivvertrags[:] - OGBL" />
<meta property="og:description" content="Am 22. Juli 2015 haben die Mehrheitsgewerkschaft OGBL und der LCGB den Arbeitskollektivvertrag bei Textilcord in Steinfort um ein Jahr …" />
<meta property="og:url" content="https://www.ogbl.lu/communique/prolongation-de-la-cct/" />
<meta property="og:site_name" content="OGBL" />
<meta property="article:modified_time" content="2023-06-02T11:36:44+00:00" />
<meta property="og:image" content="https://www.ogbl.lu/wp-content/uploads/2015/07/Textilcord.jpg" />
	<meta property="og:image:width" content="200" />
	<meta property="og:image:height" content="150" />
	<meta property="og:image:type" content="image/jpeg" />
<meta name="twitter:card" content="summary_large_image" />
<meta name="twitter:label1" content="Est. reading time" />
	<meta name="twitter:data1" content="1 Minute" />
<script type="application/ld+json" class="yoast-schema-graph">{"@context":"https://schema.org","@graph":[{"@type":"WebPage","@id":"https://www.ogbl.lu/communique/prolongation-de-la-cct/","url":"https://www.ogbl.lu/communique/prolongation-de-la-cct/","name":"[:fr]Prolongation de la CCT[:de]Verlängerung des Arbeitskollektivvertrags[:] - OGBL","isPartOf":{"@id":"https://www.ogbl.lu/de/#website"},"primaryImageOfPage":{"@id":"https://www.ogbl.lu/communique/prolongation-de-la-cct/#primaryimage"},"image":{"@id":"https://www.ogbl.lu/communique/prolongation-de-la-cct/#primaryimage"},"thumbnailUrl":"https://www.ogbl.lu/wp-content/uploads/2015/07/Textilcord.jpg","datePublished":"2015-07-22T11:34:13+00:00","dateModified":"2023-06-02T11:36:44+00:00","breadcrumb":{"@id":"https://www.ogbl.lu/communique/prolongation-de-la-cct/#breadcrumb"},"inLanguage":"de-DE","potentialAction":[{"@type":"ReadAction","target":["https://www.ogbl.lu/communique/prolongation-de-la-cct/"]}]},{"@type":"ImageObject","inLanguage":"de-DE","@id":"https://www.ogbl.lu/communique/prolongation-de-la-cct/#primaryimage","url":"https://www.ogbl.lu/wp-content/uploads/2015/07/Textilcord.jpg","contentUrl":"https://www.ogbl.lu/wp-content/uploads/2015/07/Textilcord.jpg","width":200,"height":150},{"@type":"BreadcrumbList","@id":"https://www.ogbl.lu/communique/prolongation-de-la-cct/#breadcrumb","itemListElement":[{"@type":"ListItem","position":1,"name":"Home","item":"https://www.ogbl.lu/"},{"@type":"ListItem","position":2,"name":"Prolongation de la CCT"}]},{"@type":"WebSite","@id":"https://www.ogbl.lu/de/#website","url":"https://www.ogbl.lu/de/","name":"OGBL","description":"DIE GEWERKSCHAFT","publisher":{"@id":"https://www.ogbl.lu/de/#organization"},"potentialAction":[{"@type":"SearchAction","target":{"@type":"EntryPoint","urlTemplate":"https://www.ogbl.lu/de/?s={search_term_string}"},"query-input":"required name=search_term_string"}],"inLanguage":"de-DE"},{"@type":"Organization","@id":"https://www.ogbl.lu/de/#organization","name":"OGBL","url":"https://www.ogbl.lu/de/","logo":{"@type":"ImageObject","inLanguage":"de-DE","@id":"https://www.ogbl.lu/de/#/schema/logo/image/","url":"https://www.ogbl.lu/wp-content/uploads/2024/07/LOGO_Red_FR-svg.png","contentUrl":"https://www.ogbl.lu/wp-content/uploads/2024/07/LOGO_Red_FR-svg.png","width":369,"height":171,"caption":"OGBL"},"image":{"@id":"https://www.ogbl.lu/de/#/schema/logo/image/"}}]}</script>
<!-- / Yoast SEO plugin. -->

[:fr]Prolongation de la CCT[:de]Verlängerung des Arbeitskollektivvertrags[:] - OGBL
