{"id":1724,"date":"2014-06-24T14:36:21","date_gmt":"2014-06-24T12:36:21","guid":{"rendered":"https:\/\/www.ogbl.lu\/communiques\/pour-ou-contre-un-referendum-sur-le-droit-de-vote-des-etrangers-logbl-na-pas-encore-de-position-officielle"},"modified":"2023-06-30T13:36:44","modified_gmt":"2023-06-30T11:36:44","slug":"pour-ou-contre-un-referendum-sur-le-droit-de-vote-des-etrangers-logbl-na-pas-encore-de-position-officielle","status":"publish","type":"communiques","link":"https:\/\/www.ogbl.lu\/de\/communique\/pour-ou-contre-un-referendum-sur-le-droit-de-vote-des-etrangers-logbl-na-pas-encore-de-position-officielle\/","title":{"rendered":"F\u00fcr oder gegen Volksbefragung zum Ausl\u00e4nderwahlrecht: OGBL hat noch keine offizielle Position"},"content":{"rendered":"<p>Die Presse hat heute Morgen \u00fcber die Diskussion zum Ausl\u00e4nderwahlrecht berichtet, die am Samstag, dem 21. Juni 2014 in Remich (im CEFOS) anl\u00e4sslich der 6. nationalen Immigrationskonferenz, die von der Immigriertenabteilung des OGBL organisiert wurde, stattgefunden hat. Um jegliches Missverst\u00e4ndnis zu vermeiden, besteht der OGBL darauf, einige Punkte klarzustellen.<\/p>\n<p>An erster Stelle erinnert der OGBL daran, dass er eine demokratische Organisation ist und unterstreicht, dass es am Samstag nur die Immigriertenabteilung des OGBL war, die \u00fcber das Wahlrecht diskutierte, und nicht der OGBL als Gewerkschaftsbund.<\/p>\n<p>Dar\u00fcber hinaus m\u00f6chte der OGBL darauf aufmerksam machen, dass bei der Diskussion, die am Samstag, dem 21. Juni 2014 in Remich stattfand, die Immigriertenabteilung sich klar f\u00fcr \u201eeine breite \u00f6ffentliche Debatte \u00fcber das Wahlrecht der Nicht-Luxemburger bei den Parlamentswahlen: aktives und passives Wahlrecht, Bedingungen zur Aus\u00fcbung des Wahlrechts, welche Fristen\u2026 usw.\u201c ausgesprochen hat (Aktionsprogramm der Immigriertenabteilung 2014-2019).<\/p>\n<p>Die Immigriertenabteilung des OGBL wollte vor allem auf die m\u00f6glichen Gefahren hinweisen, die das Abhalten einer Volksbefragung zu diesem Thema in sich birgt (Risiko eines populistischen Missbrauchs durch Str\u00f6mungen, die gegen das Ausl\u00e4nderwahlrecht sind).<\/p>\n<p>Die Immigriertenabteilung hat sich nicht gegen das Organisieren einer Volksabstimmung zum Ausl\u00e4nderwahlrecht ausgesprochen, sondern hat auf das Risiko der Spaltung unserer Gesellschaft bei dieser Frage hingewiesen.<\/p>\n<p>Diese Debatte wird sich innerhalb der nationalen OGBL-Instanzen fortsetzen.<\/p>\n<p><strong>Mitgeteilt vom OGBL<br \/>\nam 24. Juni 2014<\/strong><\/p>","protected":false},"author":1,"featured_media":0,"template":"","categorie_communiques":[41],"syndicat":[],"acf":[],"yoast_head":"<!-- This site is optimized with the Yoast SEO plugin v23.1 - https:\/\/yoast.com\/wordpress\/plugins\/seo\/ -->\r\n<title>F\u00fcr oder gegen Volksbefragung zum Ausl\u00e4nderwahlrecht: OGBL hat noch keine offizielle Position - OGBL<\/title>\r\n<meta name=\"robots\" content=\"index, follow, max-snippet:-1, max-image-preview:large, max-video-preview:-1\" \/>\r\n<link rel=\"canonical\" href=\"https:\/\/www.ogbl.lu\/communique\/pour-ou-contre-un-referendum-sur-le-droit-de-vote-des-etrangers-logbl-na-pas-encore-de-position-officielle\/\" \/>\r\n<meta property=\"og:locale\" content=\"de_DE\" \/>\r\n<meta property=\"og:type\" content=\"article\" \/>\r\n<meta property=\"og:title\" content=\"[:fr]Pour ou contre un r\u00e9f\u00e9rendum sur le droit de vote des \u00e9trangers: l\u2019OGBL n\u2019a pas encore de position officielle[:de]F\u00fcr oder gegen Volksbefragung zum Ausl\u00e4nderwahlrecht: OGBL hat noch keine offizielle Position[:en]Pour ou contre un r\u00e9f\u00e9rendum sur le droit de vote des \u00e9trangers: l\u2019OGBL n\u2019a pas encore de position officielle[:] - OGBL\" \/>\r\n<meta property=\"og:description\" content=\"Die Presse hat heute Morgen \u00fcber die Diskussion zum Ausl\u00e4nderwahlrecht berichtet, die am Samstag, dem 21. Juni 2014 in Remich \u2026\" \/>\r\n<meta property=\"og:url\" content=\"https:\/\/www.ogbl.lu\/communique\/pour-ou-contre-un-referendum-sur-le-droit-de-vote-des-etrangers-logbl-na-pas-encore-de-position-officielle\/\" \/>\r\n<meta property=\"og:site_name\" content=\"OGBL\" \/>\r\n<meta property=\"article:modified_time\" content=\"2023-06-30T11:36:44+00:00\" \/>\r\n<meta name=\"twitter:card\" content=\"summary_large_image\" \/>\r\n<meta name=\"twitter:label1\" content=\"Est. reading time\" \/>\n\t<meta name=\"twitter:data1\" content=\"3 Minuten\" \/>\r\n<script type=\"application\/ld+json\" class=\"yoast-schema-graph\">{\"@context\":\"https:\/\/schema.org\",\"@graph\":[{\"@type\":\"WebPage\",\"@id\":\"https:\/\/www.ogbl.lu\/communique\/pour-ou-contre-un-referendum-sur-le-droit-de-vote-des-etrangers-logbl-na-pas-encore-de-position-officielle\/\",\"url\":\"https:\/\/www.ogbl.lu\/communique\/pour-ou-contre-un-referendum-sur-le-droit-de-vote-des-etrangers-logbl-na-pas-encore-de-position-officielle\/\",\"name\":\"[:fr]Pour ou contre un r\u00e9f\u00e9rendum sur le droit de vote des \u00e9trangers: l\u2019OGBL n\u2019a pas encore de position officielle[:de]F\u00fcr oder gegen Volksbefragung zum Ausl\u00e4nderwahlrecht: OGBL hat noch keine offizielle Position[:en]Pour ou contre un r\u00e9f\u00e9rendum sur le droit de vote des \u00e9trangers: l\u2019OGBL n\u2019a pas encore de position officielle[:] - OGBL\",\"isPartOf\":{\"@id\":\"https:\/\/www.ogbl.lu\/de\/#website\"},\"datePublished\":\"2014-06-24T12:36:21+00:00\",\"dateModified\":\"2023-06-30T11:36:44+00:00\",\"breadcrumb\":{\"@id\":\"https:\/\/www.ogbl.lu\/communique\/pour-ou-contre-un-referendum-sur-le-droit-de-vote-des-etrangers-logbl-na-pas-encore-de-position-officielle\/#breadcrumb\"},\"inLanguage\":\"de-DE\",\"potentialAction\":[{\"@type\":\"ReadAction\",\"target\":[\"https:\/\/www.ogbl.lu\/communique\/pour-ou-contre-un-referendum-sur-le-droit-de-vote-des-etrangers-logbl-na-pas-encore-de-position-officielle\/\"]}]},{\"@type\":\"BreadcrumbList\",\"@id\":\"https:\/\/www.ogbl.lu\/communique\/pour-ou-contre-un-referendum-sur-le-droit-de-vote-des-etrangers-logbl-na-pas-encore-de-position-officielle\/#breadcrumb\",\"itemListElement\":[{\"@type\":\"ListItem\",\"position\":1,\"name\":\"Home\",\"item\":\"https:\/\/www.ogbl.lu\/\"},{\"@type\":\"ListItem\",\"position\":2,\"name\":\"Pour ou contre un r\u00e9f\u00e9rendum sur le droit de vote des \u00e9trangers: l\u2019OGBL n\u2019a pas encore de position officielle\"}]},{\"@type\":\"WebSite\",\"@id\":\"https:\/\/www.ogbl.lu\/de\/#website\",\"url\":\"https:\/\/www.ogbl.lu\/de\/\",\"name\":\"OGBL\",\"description\":\"DIE GEWERKSCHAFT\",\"publisher\":{\"@id\":\"https:\/\/www.ogbl.lu\/de\/#organization\"},\"potentialAction\":[{\"@type\":\"SearchAction\",\"target\":{\"@type\":\"EntryPoint\",\"urlTemplate\":\"https:\/\/www.ogbl.lu\/de\/?s={search_term_string}\"},\"query-input\":\"required name=search_term_string\"}],\"inLanguage\":\"de-DE\"},{\"@type\":\"Organization\",\"@id\":\"https:\/\/www.ogbl.lu\/de\/#organization\",\"name\":\"OGBL\",\"url\":\"https:\/\/www.ogbl.lu\/de\/\",\"logo\":{\"@type\":\"ImageObject\",\"inLanguage\":\"de-DE\",\"@id\":\"https:\/\/www.ogbl.lu\/de\/#\/schema\/logo\/image\/\",\"url\":\"https:\/\/www.ogbl.lu\/wp-content\/uploads\/2024\/07\/LOGO_Red_FR-svg.png\",\"contentUrl\":\"https:\/\/www.ogbl.lu\/wp-content\/uploads\/2024\/07\/LOGO_Red_FR-svg.png\",\"width\":369,\"height\":171,\"caption\":\"OGBL\"},\"image\":{\"@id\":\"https:\/\/www.ogbl.lu\/de\/#\/schema\/logo\/image\/\"}}]}<\/script>\r\n<!-- \/ Yoast SEO plugin. -->","yoast_head_json":{"title":"[:fr]Pour ou contre un r\u00e9f\u00e9rendum sur le droit de vote des \u00e9trangers: l\u2019OGBL n\u2019a pas encore de position officielle[:de]F\u00fcr oder gegen Volksbefragung zum Ausl\u00e4nderwahlrecht: OGBL hat noch keine offizielle Position[:en]Pour ou contre un r\u00e9f\u00e9rendum sur le droit de vote des \u00e9trangers: l\u2019OGBL n\u2019a pas encore de position officielle[:] - OGBL","robots":{"index":"index","follow":"follow","max-snippet":"max-snippet:-1","max-image-preview":"max-image-preview:large","max-video-preview":"max-video-preview:-1"},"canonical":"https:\/\/www.ogbl.lu\/communique\/pour-ou-contre-un-referendum-sur-le-droit-de-vote-des-etrangers-logbl-na-pas-encore-de-position-officielle\/","og_locale":"de_DE","og_type":"article","og_title":"[:fr]Pour ou contre un r\u00e9f\u00e9rendum sur le droit de vote des \u00e9trangers: l\u2019OGBL n\u2019a pas encore de position officielle[:de]F\u00fcr oder gegen Volksbefragung zum Ausl\u00e4nderwahlrecht: OGBL hat noch keine offizielle Position[:en]Pour ou contre un r\u00e9f\u00e9rendum sur le droit de vote des \u00e9trangers: l\u2019OGBL n\u2019a pas encore de position officielle[:] - OGBL","og_description":"Die Presse hat heute Morgen \u00fcber die Diskussion zum Ausl\u00e4nderwahlrecht berichtet, die am Samstag, dem 21. Juni 2014 in Remich \u2026","og_url":"https:\/\/www.ogbl.lu\/communique\/pour-ou-contre-un-referendum-sur-le-droit-de-vote-des-etrangers-logbl-na-pas-encore-de-position-officielle\/","og_site_name":"OGBL","article_modified_time":"2023-06-30T11:36:44+00:00","twitter_card":"summary_large_image","twitter_misc":{"Est. reading time":"3 Minuten"},"schema":{"@context":"https:\/\/schema.org","@graph":[{"@type":"WebPage","@id":"https:\/\/www.ogbl.lu\/communique\/pour-ou-contre-un-referendum-sur-le-droit-de-vote-des-etrangers-logbl-na-pas-encore-de-position-officielle\/","url":"https:\/\/www.ogbl.lu\/communique\/pour-ou-contre-un-referendum-sur-le-droit-de-vote-des-etrangers-logbl-na-pas-encore-de-position-officielle\/","name":"[:fr]Pour ou contre un r\u00e9f\u00e9rendum sur le droit de vote des \u00e9trangers: l\u2019OGBL n\u2019a pas encore de position officielle[:de]F\u00fcr oder gegen Volksbefragung zum Ausl\u00e4nderwahlrecht: OGBL hat noch keine offizielle Position[:en]Pour ou contre un r\u00e9f\u00e9rendum sur le droit de vote des \u00e9trangers: l\u2019OGBL n\u2019a pas encore de position officielle[:] - OGBL","isPartOf":{"@id":"https:\/\/www.ogbl.lu\/de\/#website"},"datePublished":"2014-06-24T12:36:21+00:00","dateModified":"2023-06-30T11:36:44+00:00","breadcrumb":{"@id":"https:\/\/www.ogbl.lu\/communique\/pour-ou-contre-un-referendum-sur-le-droit-de-vote-des-etrangers-logbl-na-pas-encore-de-position-officielle\/#breadcrumb"},"inLanguage":"de-DE","potentialAction":[{"@type":"ReadAction","target":["https:\/\/www.ogbl.lu\/communique\/pour-ou-contre-un-referendum-sur-le-droit-de-vote-des-etrangers-logbl-na-pas-encore-de-position-officielle\/"]}]},{"@type":"BreadcrumbList","@id":"https:\/\/www.ogbl.lu\/communique\/pour-ou-contre-un-referendum-sur-le-droit-de-vote-des-etrangers-logbl-na-pas-encore-de-position-officielle\/#breadcrumb","itemListElement":[{"@type":"ListItem","position":1,"name":"Home","item":"https:\/\/www.ogbl.lu\/"},{"@type":"ListItem","position":2,"name":"Pour ou contre un r\u00e9f\u00e9rendum sur le droit de vote des \u00e9trangers: l\u2019OGBL n\u2019a pas encore de position officielle"}]},{"@type":"WebSite","@id":"https:\/\/www.ogbl.lu\/de\/#website","url":"https:\/\/www.ogbl.lu\/de\/","name":"OGBL","description":"DIE GEWERKSCHAFT","publisher":{"@id":"https:\/\/www.ogbl.lu\/de\/#organization"},"potentialAction":[{"@type":"SearchAction","target":{"@type":"EntryPoint","urlTemplate":"https:\/\/www.ogbl.lu\/de\/?s={search_term_string}"},"query-input":"required name=search_term_string"}],"inLanguage":"de-DE"},{"@type":"Organization","@id":"https:\/\/www.ogbl.lu\/de\/#organization","name":"OGBL","url":"https:\/\/www.ogbl.lu\/de\/","logo":{"@type":"ImageObject","inLanguage":"de-DE","@id":"https:\/\/www.ogbl.lu\/de\/#\/schema\/logo\/image\/","url":"https:\/\/www.ogbl.lu\/wp-content\/uploads\/2024\/07\/LOGO_Red_FR-svg.png","contentUrl":"https:\/\/www.ogbl.lu\/wp-content\/uploads\/2024\/07\/LOGO_Red_FR-svg.png","width":369,"height":171,"caption":"OGBL"},"image":{"@id":"https:\/\/www.ogbl.lu\/de\/#\/schema\/logo\/image\/"}}]}},"_links":{"self":[{"href":"https:\/\/www.ogbl.lu\/de\/wp-json\/wp\/v2\/communiques\/1724"}],"collection":[{"href":"https:\/\/www.ogbl.lu\/de\/wp-json\/wp\/v2\/communiques"}],"about":[{"href":"https:\/\/www.ogbl.lu\/de\/wp-json\/wp\/v2\/types\/communiques"}],"author":[{"embeddable":true,"href":"https:\/\/www.ogbl.lu\/de\/wp-json\/wp\/v2\/users\/1"}],"version-history":[{"count":0,"href":"https:\/\/www.ogbl.lu\/de\/wp-json\/wp\/v2\/communiques\/1724\/revisions"}],"wp:attachment":[{"href":"https:\/\/www.ogbl.lu\/de\/wp-json\/wp\/v2\/media?parent=1724"}],"wp:term":[{"taxonomy":"categorie_communiques","embeddable":true,"href":"https:\/\/www.ogbl.lu\/de\/wp-json\/wp\/v2\/categorie_communiques?post=1724"},{"taxonomy":"syndicat","embeddable":true,"href":"https:\/\/www.ogbl.lu\/de\/wp-json\/wp\/v2\/syndicat?post=1724"}],"curies":[{"name":"wp","href":"https:\/\/api.w.org\/{rel}","templated":true}]}}

Für oder gegen Volksbefragung zum Ausländerwahlrecht: OGBL hat noch keine offizielle Position

<p>Die Presse hat heute Morgen über die Diskussion zum Ausländerwahlrecht berichtet, die am Samstag, dem 21. Juni 2014 in Remich (im CEFOS) anlässlich der 6. nationalen Immigrationskonferenz, die von der Immigriertenabteilung des OGBL organisiert wurde, stattgefunden hat. Um jegliches Missverständnis zu vermeiden, besteht der OGBL darauf, einige Punkte klarzustellen.</p>
<p>An erster Stelle erinnert der OGBL daran, dass er eine demokratische Organisation ist und unterstreicht, dass es am Samstag nur die Immigriertenabteilung des OGBL war, die über das Wahlrecht diskutierte, und nicht der OGBL als Gewerkschaftsbund.</p>
<p>Darüber hinaus möchte der OGBL darauf aufmerksam machen, dass bei der Diskussion, die am Samstag, dem 21. Juni 2014 in Remich stattfand, die Immigriertenabteilung sich klar für „eine breite öffentliche Debatte über das Wahlrecht der Nicht-Luxemburger bei den Parlamentswahlen: aktives und passives Wahlrecht, Bedingungen zur Ausübung des Wahlrechts, welche Fristen… usw.“ ausgesprochen hat (Aktionsprogramm der Immigriertenabteilung 2014-2019).</p>
<p>Die Immigriertenabteilung des OGBL wollte vor allem auf die möglichen Gefahren hinweisen, die das Abhalten einer Volksbefragung zu diesem Thema in sich birgt (Risiko eines populistischen Missbrauchs durch Strömungen, die gegen das Ausländerwahlrecht sind).</p>
<p>Die Immigriertenabteilung hat sich nicht gegen das Organisieren einer Volksabstimmung zum Ausländerwahlrecht ausgesprochen, sondern hat auf das Risiko der Spaltung unserer Gesellschaft bei dieser Frage hingewiesen.</p>
<p>Diese Debatte wird sich innerhalb der nationalen OGBL-Instanzen fortsetzen.</p>
<p><strong>Mitgeteilt vom OGBL<br />
am 24. Juni 2014</strong></p>

<!-- This site is optimized with the Yoast SEO plugin v23.1 - https://yoast.com/wordpress/plugins/seo/ -->
<title>Für oder gegen Volksbefragung zum Ausländerwahlrecht: OGBL hat noch keine offizielle Position - OGBL</title>
<meta name="robots" content="index, follow, max-snippet:-1, max-image-preview:large, max-video-preview:-1" />
<link rel="canonical" href="https://www.ogbl.lu/communique/pour-ou-contre-un-referendum-sur-le-droit-de-vote-des-etrangers-logbl-na-pas-encore-de-position-officielle/" />
<meta property="og:locale" content="de_DE" />
<meta property="og:type" content="article" />
<meta property="og:title" content="[:fr]Pour ou contre un référendum sur le droit de vote des étrangers: l’OGBL n’a pas encore de position officielle[:de]Für oder gegen Volksbefragung zum Ausländerwahlrecht: OGBL hat noch keine offizielle Position[:en]Pour ou contre un référendum sur le droit de vote des étrangers: l’OGBL n’a pas encore de position officielle[:] - OGBL" />
<meta property="og:description" content="Die Presse hat heute Morgen über die Diskussion zum Ausländerwahlrecht berichtet, die am Samstag, dem 21. Juni 2014 in Remich …" />
<meta property="og:url" content="https://www.ogbl.lu/communique/pour-ou-contre-un-referendum-sur-le-droit-de-vote-des-etrangers-logbl-na-pas-encore-de-position-officielle/" />
<meta property="og:site_name" content="OGBL" />
<meta property="article:modified_time" content="2023-06-30T11:36:44+00:00" />
<meta name="twitter:card" content="summary_large_image" />
<meta name="twitter:label1" content="Est. reading time" />
	<meta name="twitter:data1" content="3 Minuten" />
<script type="application/ld+json" class="yoast-schema-graph">{"@context":"https://schema.org","@graph":[{"@type":"WebPage","@id":"https://www.ogbl.lu/communique/pour-ou-contre-un-referendum-sur-le-droit-de-vote-des-etrangers-logbl-na-pas-encore-de-position-officielle/","url":"https://www.ogbl.lu/communique/pour-ou-contre-un-referendum-sur-le-droit-de-vote-des-etrangers-logbl-na-pas-encore-de-position-officielle/","name":"[:fr]Pour ou contre un référendum sur le droit de vote des étrangers: l’OGBL n’a pas encore de position officielle[:de]Für oder gegen Volksbefragung zum Ausländerwahlrecht: OGBL hat noch keine offizielle Position[:en]Pour ou contre un référendum sur le droit de vote des étrangers: l’OGBL n’a pas encore de position officielle[:] - OGBL","isPartOf":{"@id":"https://www.ogbl.lu/de/#website"},"datePublished":"2014-06-24T12:36:21+00:00","dateModified":"2023-06-30T11:36:44+00:00","breadcrumb":{"@id":"https://www.ogbl.lu/communique/pour-ou-contre-un-referendum-sur-le-droit-de-vote-des-etrangers-logbl-na-pas-encore-de-position-officielle/#breadcrumb"},"inLanguage":"de-DE","potentialAction":[{"@type":"ReadAction","target":["https://www.ogbl.lu/communique/pour-ou-contre-un-referendum-sur-le-droit-de-vote-des-etrangers-logbl-na-pas-encore-de-position-officielle/"]}]},{"@type":"BreadcrumbList","@id":"https://www.ogbl.lu/communique/pour-ou-contre-un-referendum-sur-le-droit-de-vote-des-etrangers-logbl-na-pas-encore-de-position-officielle/#breadcrumb","itemListElement":[{"@type":"ListItem","position":1,"name":"Home","item":"https://www.ogbl.lu/"},{"@type":"ListItem","position":2,"name":"Pour ou contre un référendum sur le droit de vote des étrangers: l’OGBL n’a pas encore de position officielle"}]},{"@type":"WebSite","@id":"https://www.ogbl.lu/de/#website","url":"https://www.ogbl.lu/de/","name":"OGBL","description":"DIE GEWERKSCHAFT","publisher":{"@id":"https://www.ogbl.lu/de/#organization"},"potentialAction":[{"@type":"SearchAction","target":{"@type":"EntryPoint","urlTemplate":"https://www.ogbl.lu/de/?s={search_term_string}"},"query-input":"required name=search_term_string"}],"inLanguage":"de-DE"},{"@type":"Organization","@id":"https://www.ogbl.lu/de/#organization","name":"OGBL","url":"https://www.ogbl.lu/de/","logo":{"@type":"ImageObject","inLanguage":"de-DE","@id":"https://www.ogbl.lu/de/#/schema/logo/image/","url":"https://www.ogbl.lu/wp-content/uploads/2024/07/LOGO_Red_FR-svg.png","contentUrl":"https://www.ogbl.lu/wp-content/uploads/2024/07/LOGO_Red_FR-svg.png","width":369,"height":171,"caption":"OGBL"},"image":{"@id":"https://www.ogbl.lu/de/#/schema/logo/image/"}}]}</script>
<!-- / Yoast SEO plugin. -->

[:fr]Pour ou contre un référendum sur le droit de vote des étrangers: l’OGBL n’a pas encore de position officielle[:de]Für oder gegen Volksbefragung zum Ausländerwahlrecht: OGBL hat noch keine offizielle Position[:en]Pour ou contre un référendum sur le droit de vote des étrangers: l’OGBL n’a pas encore de position officielle[:] - OGBL

Die Presse hat heute Morgen über die Diskussion zum Ausländerwahlrecht berichtet, die am Samstag, dem 21. Juni 2014 in Remich …

Pour ou contre un référendum sur le droit de vote des étrangers: l’OGBL n’a pas encore de position officielle
