{"id":1720,"date":"2014-06-16T12:23:50","date_gmt":"2014-06-16T10:23:50","guid":{"rendered":"https:\/\/www.ogbl.lu\/communiques\/logbl-jeunes-prend-position-sur-la-garantie-jeunes"},"modified":"2023-06-30T13:37:47","modified_gmt":"2023-06-30T11:37:47","slug":"logbl-jeunes-prend-position-sur-la-garantie-jeunes","status":"publish","type":"communiques","link":"https:\/\/www.ogbl.lu\/de\/communique\/logbl-jeunes-prend-position-sur-la-garantie-jeunes\/","title":{"rendered":"Die OGBL-Jugend nimmt Stellung zur Jugendgarantie"},"content":{"rendered":"<p>Frankreich, das sein Programm zur Jugendgarantie Ende vergangenen Jahres eingef\u00fchrt hat, ist das erste Land, das seinen Anteil an den sechs Milliarden Euro, die die EU f\u00fcr den Kampf gegen die Jugendarbeitslosigkeit zur Verf\u00fcgung gestellt hat, in Anspruch nimmt. Die OGBL-Jugend betrachtet die Jugendgarantie als wertvolle Unterst\u00fctzung, die einen jungen Arbeitssuchenden in seiner langfristigen Integration in das Arbeitsleben begleitet. Die OGBL-Jugend freut sich dar\u00fcber, dass dieses Instrument auch in Luxemburg demn\u00e4chst eingef\u00fchrt wird.<\/p>\n<p>F\u00fcr die OGBL-Jugend kann die Jugendgarantie nur effizient sein, wenn sie auf verschiedenen Prinzipien beruht:<\/p>\n<ol>\n<li>Sie muss s\u00e4mtliche Jugendlichen miteinbeziehen, die sich am Rande des Arbeitsmarkts befinden.<\/li>\n<li>Sie muss schnell zum Einsatz kommen und muss innerhalb von 4 Monaten wirken.<\/li>\n<li>In diesem Zusammenhang sollte der Begriff \u201eJugendliche\/r\u201c etwas breiter definiert und das Recht auf die Jugendgarantie auf die 25- bis 30-J\u00e4hrigen ausgedehnt werden.<\/li>\n<li>Sie muss an jeden einzelnen Fall angepasst werden, denn die Jugendlichen sind keine einheitliche Gruppe. Sie muss auch eine ganze Reihe von passenden Ma\u00dfnahmen und Qualit\u00e4tsdienstleistungen erm\u00f6glichen.<\/li>\n<li>Dar\u00fcber hinaus sollte die Anerkennung erworbener beruflicher Kompetenzen sowie nicht formaler und informeller Errungenschaften im Rahmen der Jugendgarantie harmonisiert werden.<\/li>\n<li>Eine Jahresbilanz muss gezogen und eine qualit\u00e4tsbezogene Auswertung durchgef\u00fchrt werden, um die Umsetzung des Plans zu verfolgen.<\/li>\n<li>Dieses Instrument muss ausreichend finanziert werden.<\/li>\n<\/ol>\n<p><strong>Gute Arbeitspl\u00e4tze!<\/strong><\/p>\n<p>F\u00fcr die OGBL-Jugend darf es nicht nur darum gehen, die Zahl der Arbeitslosen zu reduzieren, sondern es muss auch etwas gegen die Unsicherheit unternommen werden, mit der die Jugendlichen vorwiegend in der \u00dcbergangsperiode in die Arbeitswelt konfrontiert sind. Der OGBL-Jugend reicht es nicht, dass Geld in die Ausbildung und die soziale Begleitung investiert wird, sondern es sollten auch Arbeitspl\u00e4tze geschaffen werden. So sollen die Unternehmen an ihre Verantwortung erinnert werden, nicht nur Jugendliche in die Lehre zu nehmen, sondern sie sollten auch dazu angeregt werden, den Jugendlichen nach ihrer Lehre einen unbefristeten Arbeitsvertrag (CDI) anzubieten.<\/p>\n<p><strong>Eine wahre Jugendgarantie muss gute Arbeitspl\u00e4tze f\u00fcr alle Jugendlichen zum Ziel haben. Die Jugendbesch\u00e4ftigung ist eine gro\u00dfe nationale Herausforderung. Die Zukunft unseres Landes ist davon abh\u00e4ngig!<\/strong><\/p>\n<p>Mitgeteilt von der OGBL-Jugendabteilung<br \/>\nam 16. Juni 2014<\/p>","protected":false},"author":1,"featured_media":0,"template":"","categorie_communiques":[132,41],"syndicat":[120],"acf":[],"yoast_head":"<!-- This site is optimized with the Yoast SEO plugin v23.1 - https:\/\/yoast.com\/wordpress\/plugins\/seo\/ -->\r\n<title>Die OGBL-Jugend nimmt Stellung zur Jugendgarantie - OGBL<\/title>\r\n<meta name=\"robots\" content=\"index, follow, max-snippet:-1, max-image-preview:large, max-video-preview:-1\" \/>\r\n<link rel=\"canonical\" href=\"https:\/\/www.ogbl.lu\/communique\/logbl-jeunes-prend-position-sur-la-garantie-jeunes\/\" \/>\r\n<meta property=\"og:locale\" content=\"de_DE\" \/>\r\n<meta property=\"og:type\" content=\"article\" \/>\r\n<meta property=\"og:title\" content=\"[:fr]L\u2019OGBL-Jeunes prend position sur la \u00abgarantie jeunes\u00bb[:de]Die OGBL-Jugend nimmt Stellung zur Jugendgarantie[:en]L\u2019OGBL-Jeunes prend position sur la \u00abgarantie jeunes\u00bb[:] - OGBL\" \/>\r\n<meta property=\"og:description\" content=\"Frankreich, das sein Programm zur Jugendgarantie Ende vergangenen Jahres eingef\u00fchrt hat, ist das erste Land, das seinen Anteil an den \u2026\" \/>\r\n<meta property=\"og:url\" content=\"https:\/\/www.ogbl.lu\/communique\/logbl-jeunes-prend-position-sur-la-garantie-jeunes\/\" \/>\r\n<meta property=\"og:site_name\" content=\"OGBL\" \/>\r\n<meta property=\"article:modified_time\" content=\"2023-06-30T11:37:47+00:00\" \/>\r\n<meta name=\"twitter:card\" content=\"summary_large_image\" \/>\r\n<meta name=\"twitter:label1\" content=\"Est. reading time\" \/>\n\t<meta name=\"twitter:data1\" content=\"4 Minuten\" \/>\r\n<script type=\"application\/ld+json\" class=\"yoast-schema-graph\">{\"@context\":\"https:\/\/schema.org\",\"@graph\":[{\"@type\":\"WebPage\",\"@id\":\"https:\/\/www.ogbl.lu\/communique\/logbl-jeunes-prend-position-sur-la-garantie-jeunes\/\",\"url\":\"https:\/\/www.ogbl.lu\/communique\/logbl-jeunes-prend-position-sur-la-garantie-jeunes\/\",\"name\":\"[:fr]L\u2019OGBL-Jeunes prend position sur la \u00abgarantie jeunes\u00bb[:de]Die OGBL-Jugend nimmt Stellung zur Jugendgarantie[:en]L\u2019OGBL-Jeunes prend position sur la \u00abgarantie jeunes\u00bb[:] - OGBL\",\"isPartOf\":{\"@id\":\"https:\/\/www.ogbl.lu\/de\/#website\"},\"datePublished\":\"2014-06-16T10:23:50+00:00\",\"dateModified\":\"2023-06-30T11:37:47+00:00\",\"breadcrumb\":{\"@id\":\"https:\/\/www.ogbl.lu\/communique\/logbl-jeunes-prend-position-sur-la-garantie-jeunes\/#breadcrumb\"},\"inLanguage\":\"de-DE\",\"potentialAction\":[{\"@type\":\"ReadAction\",\"target\":[\"https:\/\/www.ogbl.lu\/communique\/logbl-jeunes-prend-position-sur-la-garantie-jeunes\/\"]}]},{\"@type\":\"BreadcrumbList\",\"@id\":\"https:\/\/www.ogbl.lu\/communique\/logbl-jeunes-prend-position-sur-la-garantie-jeunes\/#breadcrumb\",\"itemListElement\":[{\"@type\":\"ListItem\",\"position\":1,\"name\":\"Home\",\"item\":\"https:\/\/www.ogbl.lu\/\"},{\"@type\":\"ListItem\",\"position\":2,\"name\":\"L\u2019OGBL-Jeunes prend position sur la \u00abgarantie jeunes\u00bb\"}]},{\"@type\":\"WebSite\",\"@id\":\"https:\/\/www.ogbl.lu\/de\/#website\",\"url\":\"https:\/\/www.ogbl.lu\/de\/\",\"name\":\"OGBL\",\"description\":\"DIE GEWERKSCHAFT\",\"publisher\":{\"@id\":\"https:\/\/www.ogbl.lu\/de\/#organization\"},\"potentialAction\":[{\"@type\":\"SearchAction\",\"target\":{\"@type\":\"EntryPoint\",\"urlTemplate\":\"https:\/\/www.ogbl.lu\/de\/?s={search_term_string}\"},\"query-input\":\"required name=search_term_string\"}],\"inLanguage\":\"de-DE\"},{\"@type\":\"Organization\",\"@id\":\"https:\/\/www.ogbl.lu\/de\/#organization\",\"name\":\"OGBL\",\"url\":\"https:\/\/www.ogbl.lu\/de\/\",\"logo\":{\"@type\":\"ImageObject\",\"inLanguage\":\"de-DE\",\"@id\":\"https:\/\/www.ogbl.lu\/de\/#\/schema\/logo\/image\/\",\"url\":\"https:\/\/www.ogbl.lu\/wp-content\/uploads\/2024\/07\/LOGO_Red_FR-svg.png\",\"contentUrl\":\"https:\/\/www.ogbl.lu\/wp-content\/uploads\/2024\/07\/LOGO_Red_FR-svg.png\",\"width\":369,\"height\":171,\"caption\":\"OGBL\"},\"image\":{\"@id\":\"https:\/\/www.ogbl.lu\/de\/#\/schema\/logo\/image\/\"}}]}<\/script>\r\n<!-- \/ Yoast SEO plugin. -->","yoast_head_json":{"title":"[:fr]L\u2019OGBL-Jeunes prend position sur la \u00abgarantie jeunes\u00bb[:de]Die OGBL-Jugend nimmt Stellung zur Jugendgarantie[:en]L\u2019OGBL-Jeunes prend position sur la \u00abgarantie jeunes\u00bb[:] - OGBL","robots":{"index":"index","follow":"follow","max-snippet":"max-snippet:-1","max-image-preview":"max-image-preview:large","max-video-preview":"max-video-preview:-1"},"canonical":"https:\/\/www.ogbl.lu\/communique\/logbl-jeunes-prend-position-sur-la-garantie-jeunes\/","og_locale":"de_DE","og_type":"article","og_title":"[:fr]L\u2019OGBL-Jeunes prend position sur la \u00abgarantie jeunes\u00bb[:de]Die OGBL-Jugend nimmt Stellung zur Jugendgarantie[:en]L\u2019OGBL-Jeunes prend position sur la \u00abgarantie jeunes\u00bb[:] - OGBL","og_description":"Frankreich, das sein Programm zur Jugendgarantie Ende vergangenen Jahres eingef\u00fchrt hat, ist das erste Land, das seinen Anteil an den \u2026","og_url":"https:\/\/www.ogbl.lu\/communique\/logbl-jeunes-prend-position-sur-la-garantie-jeunes\/","og_site_name":"OGBL","article_modified_time":"2023-06-30T11:37:47+00:00","twitter_card":"summary_large_image","twitter_misc":{"Est. reading time":"4 Minuten"},"schema":{"@context":"https:\/\/schema.org","@graph":[{"@type":"WebPage","@id":"https:\/\/www.ogbl.lu\/communique\/logbl-jeunes-prend-position-sur-la-garantie-jeunes\/","url":"https:\/\/www.ogbl.lu\/communique\/logbl-jeunes-prend-position-sur-la-garantie-jeunes\/","name":"[:fr]L\u2019OGBL-Jeunes prend position sur la \u00abgarantie jeunes\u00bb[:de]Die OGBL-Jugend nimmt Stellung zur Jugendgarantie[:en]L\u2019OGBL-Jeunes prend position sur la \u00abgarantie jeunes\u00bb[:] - OGBL","isPartOf":{"@id":"https:\/\/www.ogbl.lu\/de\/#website"},"datePublished":"2014-06-16T10:23:50+00:00","dateModified":"2023-06-30T11:37:47+00:00","breadcrumb":{"@id":"https:\/\/www.ogbl.lu\/communique\/logbl-jeunes-prend-position-sur-la-garantie-jeunes\/#breadcrumb"},"inLanguage":"de-DE","potentialAction":[{"@type":"ReadAction","target":["https:\/\/www.ogbl.lu\/communique\/logbl-jeunes-prend-position-sur-la-garantie-jeunes\/"]}]},{"@type":"BreadcrumbList","@id":"https:\/\/www.ogbl.lu\/communique\/logbl-jeunes-prend-position-sur-la-garantie-jeunes\/#breadcrumb","itemListElement":[{"@type":"ListItem","position":1,"name":"Home","item":"https:\/\/www.ogbl.lu\/"},{"@type":"ListItem","position":2,"name":"L\u2019OGBL-Jeunes prend position sur la \u00abgarantie jeunes\u00bb"}]},{"@type":"WebSite","@id":"https:\/\/www.ogbl.lu\/de\/#website","url":"https:\/\/www.ogbl.lu\/de\/","name":"OGBL","description":"DIE GEWERKSCHAFT","publisher":{"@id":"https:\/\/www.ogbl.lu\/de\/#organization"},"potentialAction":[{"@type":"SearchAction","target":{"@type":"EntryPoint","urlTemplate":"https:\/\/www.ogbl.lu\/de\/?s={search_term_string}"},"query-input":"required name=search_term_string"}],"inLanguage":"de-DE"},{"@type":"Organization","@id":"https:\/\/www.ogbl.lu\/de\/#organization","name":"OGBL","url":"https:\/\/www.ogbl.lu\/de\/","logo":{"@type":"ImageObject","inLanguage":"de-DE","@id":"https:\/\/www.ogbl.lu\/de\/#\/schema\/logo\/image\/","url":"https:\/\/www.ogbl.lu\/wp-content\/uploads\/2024\/07\/LOGO_Red_FR-svg.png","contentUrl":"https:\/\/www.ogbl.lu\/wp-content\/uploads\/2024\/07\/LOGO_Red_FR-svg.png","width":369,"height":171,"caption":"OGBL"},"image":{"@id":"https:\/\/www.ogbl.lu\/de\/#\/schema\/logo\/image\/"}}]}},"_links":{"self":[{"href":"https:\/\/www.ogbl.lu\/de\/wp-json\/wp\/v2\/communiques\/1720"}],"collection":[{"href":"https:\/\/www.ogbl.lu\/de\/wp-json\/wp\/v2\/communiques"}],"about":[{"href":"https:\/\/www.ogbl.lu\/de\/wp-json\/wp\/v2\/types\/communiques"}],"author":[{"embeddable":true,"href":"https:\/\/www.ogbl.lu\/de\/wp-json\/wp\/v2\/users\/1"}],"version-history":[{"count":0,"href":"https:\/\/www.ogbl.lu\/de\/wp-json\/wp\/v2\/communiques\/1720\/revisions"}],"wp:attachment":[{"href":"https:\/\/www.ogbl.lu\/de\/wp-json\/wp\/v2\/media?parent=1720"}],"wp:term":[{"taxonomy":"categorie_communiques","embeddable":true,"href":"https:\/\/www.ogbl.lu\/de\/wp-json\/wp\/v2\/categorie_communiques?post=1720"},{"taxonomy":"syndicat","embeddable":true,"href":"https:\/\/www.ogbl.lu\/de\/wp-json\/wp\/v2\/syndicat?post=1720"}],"curies":[{"name":"wp","href":"https:\/\/api.w.org\/{rel}","templated":true}]}}

<p>Frankreich, das sein Programm zur Jugendgarantie Ende vergangenen Jahres eingeführt hat, ist das erste Land, das seinen Anteil an den sechs Milliarden Euro, die die EU für den Kampf gegen die Jugendarbeitslosigkeit zur Verfügung gestellt hat, in Anspruch nimmt. Die OGBL-Jugend betrachtet die Jugendgarantie als wertvolle Unterstützung, die einen jungen Arbeitssuchenden in seiner langfristigen Integration in das Arbeitsleben begleitet. Die OGBL-Jugend freut sich darüber, dass dieses Instrument auch in Luxemburg demnächst eingeführt wird.</p>
<p>Für die OGBL-Jugend kann die Jugendgarantie nur effizient sein, wenn sie auf verschiedenen Prinzipien beruht:</p>
<ol>
<li>Sie muss sämtliche Jugendlichen miteinbeziehen, die sich am Rande des Arbeitsmarkts befinden.</li>
<li>Sie muss schnell zum Einsatz kommen und muss innerhalb von 4 Monaten wirken.</li>
<li>In diesem Zusammenhang sollte der Begriff „Jugendliche/r“ etwas breiter definiert und das Recht auf die Jugendgarantie auf die 25- bis 30-Jährigen ausgedehnt werden.</li>
<li>Sie muss an jeden einzelnen Fall angepasst werden, denn die Jugendlichen sind keine einheitliche Gruppe. Sie muss auch eine ganze Reihe von passenden Maßnahmen und Qualitätsdienstleistungen ermöglichen.</li>
<li>Darüber hinaus sollte die Anerkennung erworbener beruflicher Kompetenzen sowie nicht formaler und informeller Errungenschaften im Rahmen der Jugendgarantie harmonisiert werden.</li>
<li>Eine Jahresbilanz muss gezogen und eine qualitätsbezogene Auswertung durchgeführt werden, um die Umsetzung des Plans zu verfolgen.</li>
<li>Dieses Instrument muss ausreichend finanziert werden.</li>
</ol>
<p><strong>Gute Arbeitsplätze!</strong></p>
<p>Für die OGBL-Jugend darf es nicht nur darum gehen, die Zahl der Arbeitslosen zu reduzieren, sondern es muss auch etwas gegen die Unsicherheit unternommen werden, mit der die Jugendlichen vorwiegend in der Übergangsperiode in die Arbeitswelt konfrontiert sind. Der OGBL-Jugend reicht es nicht, dass Geld in die Ausbildung und die soziale Begleitung investiert wird, sondern es sollten auch Arbeitsplätze geschaffen werden. So sollen die Unternehmen an ihre Verantwortung erinnert werden, nicht nur Jugendliche in die Lehre zu nehmen, sondern sie sollten auch dazu angeregt werden, den Jugendlichen nach ihrer Lehre einen unbefristeten Arbeitsvertrag (CDI) anzubieten.</p>
<p><strong>Eine wahre Jugendgarantie muss gute Arbeitsplätze für alle Jugendlichen zum Ziel haben. Die Jugendbeschäftigung ist eine große nationale Herausforderung. Die Zukunft unseres Landes ist davon abhängig!</strong></p>
<p>Mitgeteilt von der OGBL-Jugendabteilung<br />
am 16. Juni 2014</p>

<!-- This site is optimized with the Yoast SEO plugin v23.1 - https://yoast.com/wordpress/plugins/seo/ -->
<title>Die OGBL-Jugend nimmt Stellung zur Jugendgarantie - OGBL</title>
<meta name="robots" content="index, follow, max-snippet:-1, max-image-preview:large, max-video-preview:-1" />
<link rel="canonical" href="https://www.ogbl.lu/communique/logbl-jeunes-prend-position-sur-la-garantie-jeunes/" />
<meta property="og:locale" content="de_DE" />
<meta property="og:type" content="article" />
<meta property="og:title" content="[:fr]L’OGBL-Jeunes prend position sur la «garantie jeunes»[:de]Die OGBL-Jugend nimmt Stellung zur Jugendgarantie[:en]L’OGBL-Jeunes prend position sur la «garantie jeunes»[:] - OGBL" />
<meta property="og:description" content="Frankreich, das sein Programm zur Jugendgarantie Ende vergangenen Jahres eingeführt hat, ist das erste Land, das seinen Anteil an den …" />
<meta property="og:url" content="https://www.ogbl.lu/communique/logbl-jeunes-prend-position-sur-la-garantie-jeunes/" />
<meta property="og:site_name" content="OGBL" />
<meta property="article:modified_time" content="2023-06-30T11:37:47+00:00" />
<meta name="twitter:card" content="summary_large_image" />
<meta name="twitter:label1" content="Est. reading time" />
	<meta name="twitter:data1" content="4 Minuten" />
<script type="application/ld+json" class="yoast-schema-graph">{"@context":"https://schema.org","@graph":[{"@type":"WebPage","@id":"https://www.ogbl.lu/communique/logbl-jeunes-prend-position-sur-la-garantie-jeunes/","url":"https://www.ogbl.lu/communique/logbl-jeunes-prend-position-sur-la-garantie-jeunes/","name":"[:fr]L’OGBL-Jeunes prend position sur la «garantie jeunes»[:de]Die OGBL-Jugend nimmt Stellung zur Jugendgarantie[:en]L’OGBL-Jeunes prend position sur la «garantie jeunes»[:] - OGBL","isPartOf":{"@id":"https://www.ogbl.lu/de/#website"},"datePublished":"2014-06-16T10:23:50+00:00","dateModified":"2023-06-30T11:37:47+00:00","breadcrumb":{"@id":"https://www.ogbl.lu/communique/logbl-jeunes-prend-position-sur-la-garantie-jeunes/#breadcrumb"},"inLanguage":"de-DE","potentialAction":[{"@type":"ReadAction","target":["https://www.ogbl.lu/communique/logbl-jeunes-prend-position-sur-la-garantie-jeunes/"]}]},{"@type":"BreadcrumbList","@id":"https://www.ogbl.lu/communique/logbl-jeunes-prend-position-sur-la-garantie-jeunes/#breadcrumb","itemListElement":[{"@type":"ListItem","position":1,"name":"Home","item":"https://www.ogbl.lu/"},{"@type":"ListItem","position":2,"name":"L’OGBL-Jeunes prend position sur la «garantie jeunes»"}]},{"@type":"WebSite","@id":"https://www.ogbl.lu/de/#website","url":"https://www.ogbl.lu/de/","name":"OGBL","description":"DIE GEWERKSCHAFT","publisher":{"@id":"https://www.ogbl.lu/de/#organization"},"potentialAction":[{"@type":"SearchAction","target":{"@type":"EntryPoint","urlTemplate":"https://www.ogbl.lu/de/?s={search_term_string}"},"query-input":"required name=search_term_string"}],"inLanguage":"de-DE"},{"@type":"Organization","@id":"https://www.ogbl.lu/de/#organization","name":"OGBL","url":"https://www.ogbl.lu/de/","logo":{"@type":"ImageObject","inLanguage":"de-DE","@id":"https://www.ogbl.lu/de/#/schema/logo/image/","url":"https://www.ogbl.lu/wp-content/uploads/2024/07/LOGO_Red_FR-svg.png","contentUrl":"https://www.ogbl.lu/wp-content/uploads/2024/07/LOGO_Red_FR-svg.png","width":369,"height":171,"caption":"OGBL"},"image":{"@id":"https://www.ogbl.lu/de/#/schema/logo/image/"}}]}</script>
<!-- / Yoast SEO plugin. -->

Frankreich, das sein Programm zur Jugendgarantie Ende vergangenen Jahres eingeführt hat, ist das erste Land, das seinen Anteil an den …
