{"id":1621,"date":"2013-12-19T11:58:52","date_gmt":"2013-12-19T10:58:52","guid":{"rendered":"https:\/\/www.ogbl.lu\/communiques\/comite-national-programme-gouvernemental-bilan-des-elections-sociales"},"modified":"2023-06-30T14:03:55","modified_gmt":"2023-06-30T12:03:55","slug":"comite-national-programme-gouvernemental-bilan-des-elections-sociales","status":"publish","type":"communiques","link":"https:\/\/www.ogbl.lu\/de\/communique\/comite-national-programme-gouvernemental-bilan-des-elections-sociales\/","title":{"rendered":"Nationalvorstand: Regierungsprogramm, Bilanz der Sozialwahlen, &#8230;"},"content":{"rendered":"<p>Anl\u00e4sslich seiner letzten Zusammenkunft des Jahres hat der Nationalvorstand des OGBL das Regierungsprogramm, die Ergebnisse der Sozialwahlen sowie die Lage im Stahl, Luftfahrt- und Reinigungssektor analysiert.<\/p>\n<p>Was das Regierungsprogramm anbelangt stellt der OGBL fest, dass es in verschiedenen Punkten wie etwa bez\u00fcglich der Entwicklung des Finanzplatzes ganz ins Detail geht, in vielen anderen aber sehr vage bleibt.<\/p>\n<p>Deshalb nimmt der OGBL vorerst eine abwartende Haltung ein und bleibt wachsam.<br \/>\nAlle gro\u00dfen Themenbereiche wurden durchgenommen, von der demokratischen Erneuerung \u00fcber das Steuerwesen bis hin zur Industrie-, Wirtschafts-, Sozial-, Familien-, Besch\u00e4ftigungs- und Bildungspolitik. Zum aktuellen Zeitpunkt stellen sich zahlreiche Fragen, die in den kommenden Wochen beziehungsweise Monaten beantwortet werden m\u00fcssen.<\/p>\n<p>Wenn auch der OGBL offen f\u00fcr den Dialog mit Regierung und Patronat ist, so macht er doch darauf aufmerksam, dass er die Rechte und Errungenschaften der Arbeitnehmer, Rentner und Sozialversicherten mit aller Entschiedenheit verteidigen wird. Weiterhin wird sich der OGBL nachdr\u00fccklich der von Br\u00fcssel diktierten Austerit\u00e4tspolitik widersetzen.<\/p>\n<p>Angesichts des beachtlichen Zugewinns bei den Sozialwahlen in allen Wirtschaftssektoren und der Festigung seiner Position als st\u00e4rkste Gewerkschaft Luxemburgs, bleibt der OGBL ebenfalls die st\u00e4rkste Oppositionskraft gegen\u00fcber jeder Art von unsozialen oder arbeitnehmerfeindlichen Politik.<\/p>","protected":false},"author":1,"featured_media":0,"template":"","categorie_communiques":[41],"syndicat":[],"acf":[],"yoast_head":"<!-- This site is optimized with the Yoast SEO plugin v23.1 - https:\/\/yoast.com\/wordpress\/plugins\/seo\/ -->\r\n<title>Nationalvorstand: Regierungsprogramm, Bilanz der Sozialwahlen, ...  - OGBL<\/title>\r\n<meta name=\"robots\" content=\"index, follow, max-snippet:-1, max-image-preview:large, max-video-preview:-1\" \/>\r\n<link rel=\"canonical\" href=\"https:\/\/www.ogbl.lu\/communique\/comite-national-programme-gouvernemental-bilan-des-elections-sociales\/\" \/>\r\n<meta property=\"og:locale\" content=\"de_DE\" \/>\r\n<meta property=\"og:type\" content=\"article\" \/>\r\n<meta property=\"og:title\" content=\"[:fr]Comit\u00e9 national: programme gouvernemental, bilan des \u00e9lections sociales, ...[:de]Nationalvorstand: Regierungsprogramm, Bilanz der Sozialwahlen, ... [:en]Comit\u00e9 national: programme gouvernemental, bilan des \u00e9lections sociales, ...[:] - OGBL\" \/>\r\n<meta property=\"og:description\" content=\"Anl\u00e4sslich seiner letzten Zusammenkunft des Jahres hat der Nationalvorstand des OGBL das Regierungsprogramm, die Ergebnisse der Sozialwahlen sowie die Lage \u2026\" \/>\r\n<meta property=\"og:url\" content=\"https:\/\/www.ogbl.lu\/communique\/comite-national-programme-gouvernemental-bilan-des-elections-sociales\/\" \/>\r\n<meta property=\"og:site_name\" content=\"OGBL\" \/>\r\n<meta property=\"article:modified_time\" content=\"2023-06-30T12:03:55+00:00\" \/>\r\n<meta name=\"twitter:card\" content=\"summary_large_image\" \/>\r\n<meta name=\"twitter:label1\" content=\"Est. reading time\" \/>\n\t<meta name=\"twitter:data1\" content=\"2 Minuten\" \/>\r\n<script type=\"application\/ld+json\" class=\"yoast-schema-graph\">{\"@context\":\"https:\/\/schema.org\",\"@graph\":[{\"@type\":\"WebPage\",\"@id\":\"https:\/\/www.ogbl.lu\/communique\/comite-national-programme-gouvernemental-bilan-des-elections-sociales\/\",\"url\":\"https:\/\/www.ogbl.lu\/communique\/comite-national-programme-gouvernemental-bilan-des-elections-sociales\/\",\"name\":\"[:fr]Comit\u00e9 national: programme gouvernemental, bilan des \u00e9lections sociales, ...[:de]Nationalvorstand: Regierungsprogramm, Bilanz der Sozialwahlen, ... [:en]Comit\u00e9 national: programme gouvernemental, bilan des \u00e9lections sociales, ...[:] - OGBL\",\"isPartOf\":{\"@id\":\"https:\/\/www.ogbl.lu\/de\/#website\"},\"datePublished\":\"2013-12-19T10:58:52+00:00\",\"dateModified\":\"2023-06-30T12:03:55+00:00\",\"breadcrumb\":{\"@id\":\"https:\/\/www.ogbl.lu\/communique\/comite-national-programme-gouvernemental-bilan-des-elections-sociales\/#breadcrumb\"},\"inLanguage\":\"de-DE\",\"potentialAction\":[{\"@type\":\"ReadAction\",\"target\":[\"https:\/\/www.ogbl.lu\/communique\/comite-national-programme-gouvernemental-bilan-des-elections-sociales\/\"]}]},{\"@type\":\"BreadcrumbList\",\"@id\":\"https:\/\/www.ogbl.lu\/communique\/comite-national-programme-gouvernemental-bilan-des-elections-sociales\/#breadcrumb\",\"itemListElement\":[{\"@type\":\"ListItem\",\"position\":1,\"name\":\"Home\",\"item\":\"https:\/\/www.ogbl.lu\/\"},{\"@type\":\"ListItem\",\"position\":2,\"name\":\"Comit\u00e9 national: programme gouvernemental, bilan des \u00e9lections sociales, &#8230;\"}]},{\"@type\":\"WebSite\",\"@id\":\"https:\/\/www.ogbl.lu\/de\/#website\",\"url\":\"https:\/\/www.ogbl.lu\/de\/\",\"name\":\"OGBL\",\"description\":\"DIE GEWERKSCHAFT\",\"publisher\":{\"@id\":\"https:\/\/www.ogbl.lu\/de\/#organization\"},\"potentialAction\":[{\"@type\":\"SearchAction\",\"target\":{\"@type\":\"EntryPoint\",\"urlTemplate\":\"https:\/\/www.ogbl.lu\/de\/?s={search_term_string}\"},\"query-input\":\"required name=search_term_string\"}],\"inLanguage\":\"de-DE\"},{\"@type\":\"Organization\",\"@id\":\"https:\/\/www.ogbl.lu\/de\/#organization\",\"name\":\"OGBL\",\"url\":\"https:\/\/www.ogbl.lu\/de\/\",\"logo\":{\"@type\":\"ImageObject\",\"inLanguage\":\"de-DE\",\"@id\":\"https:\/\/www.ogbl.lu\/de\/#\/schema\/logo\/image\/\",\"url\":\"https:\/\/www.ogbl.lu\/wp-content\/uploads\/2024\/07\/LOGO_Red_FR-svg.png\",\"contentUrl\":\"https:\/\/www.ogbl.lu\/wp-content\/uploads\/2024\/07\/LOGO_Red_FR-svg.png\",\"width\":369,\"height\":171,\"caption\":\"OGBL\"},\"image\":{\"@id\":\"https:\/\/www.ogbl.lu\/de\/#\/schema\/logo\/image\/\"}}]}<\/script>\r\n<!-- \/ Yoast SEO plugin. -->","yoast_head_json":{"title":"[:fr]Comit\u00e9 national: programme gouvernemental, bilan des \u00e9lections sociales, ...[:de]Nationalvorstand: Regierungsprogramm, Bilanz der Sozialwahlen, ... [:en]Comit\u00e9 national: programme gouvernemental, bilan des \u00e9lections sociales, ...[:] - OGBL","robots":{"index":"index","follow":"follow","max-snippet":"max-snippet:-1","max-image-preview":"max-image-preview:large","max-video-preview":"max-video-preview:-1"},"canonical":"https:\/\/www.ogbl.lu\/communique\/comite-national-programme-gouvernemental-bilan-des-elections-sociales\/","og_locale":"de_DE","og_type":"article","og_title":"[:fr]Comit\u00e9 national: programme gouvernemental, bilan des \u00e9lections sociales, ...[:de]Nationalvorstand: Regierungsprogramm, Bilanz der Sozialwahlen, ... [:en]Comit\u00e9 national: programme gouvernemental, bilan des \u00e9lections sociales, ...[:] - OGBL","og_description":"Anl\u00e4sslich seiner letzten Zusammenkunft des Jahres hat der Nationalvorstand des OGBL das Regierungsprogramm, die Ergebnisse der Sozialwahlen sowie die Lage \u2026","og_url":"https:\/\/www.ogbl.lu\/communique\/comite-national-programme-gouvernemental-bilan-des-elections-sociales\/","og_site_name":"OGBL","article_modified_time":"2023-06-30T12:03:55+00:00","twitter_card":"summary_large_image","twitter_misc":{"Est. reading time":"2 Minuten"},"schema":{"@context":"https:\/\/schema.org","@graph":[{"@type":"WebPage","@id":"https:\/\/www.ogbl.lu\/communique\/comite-national-programme-gouvernemental-bilan-des-elections-sociales\/","url":"https:\/\/www.ogbl.lu\/communique\/comite-national-programme-gouvernemental-bilan-des-elections-sociales\/","name":"[:fr]Comit\u00e9 national: programme gouvernemental, bilan des \u00e9lections sociales, ...[:de]Nationalvorstand: Regierungsprogramm, Bilanz der Sozialwahlen, ... [:en]Comit\u00e9 national: programme gouvernemental, bilan des \u00e9lections sociales, ...[:] - OGBL","isPartOf":{"@id":"https:\/\/www.ogbl.lu\/de\/#website"},"datePublished":"2013-12-19T10:58:52+00:00","dateModified":"2023-06-30T12:03:55+00:00","breadcrumb":{"@id":"https:\/\/www.ogbl.lu\/communique\/comite-national-programme-gouvernemental-bilan-des-elections-sociales\/#breadcrumb"},"inLanguage":"de-DE","potentialAction":[{"@type":"ReadAction","target":["https:\/\/www.ogbl.lu\/communique\/comite-national-programme-gouvernemental-bilan-des-elections-sociales\/"]}]},{"@type":"BreadcrumbList","@id":"https:\/\/www.ogbl.lu\/communique\/comite-national-programme-gouvernemental-bilan-des-elections-sociales\/#breadcrumb","itemListElement":[{"@type":"ListItem","position":1,"name":"Home","item":"https:\/\/www.ogbl.lu\/"},{"@type":"ListItem","position":2,"name":"Comit\u00e9 national: programme gouvernemental, bilan des \u00e9lections sociales, &#8230;"}]},{"@type":"WebSite","@id":"https:\/\/www.ogbl.lu\/de\/#website","url":"https:\/\/www.ogbl.lu\/de\/","name":"OGBL","description":"DIE GEWERKSCHAFT","publisher":{"@id":"https:\/\/www.ogbl.lu\/de\/#organization"},"potentialAction":[{"@type":"SearchAction","target":{"@type":"EntryPoint","urlTemplate":"https:\/\/www.ogbl.lu\/de\/?s={search_term_string}"},"query-input":"required name=search_term_string"}],"inLanguage":"de-DE"},{"@type":"Organization","@id":"https:\/\/www.ogbl.lu\/de\/#organization","name":"OGBL","url":"https:\/\/www.ogbl.lu\/de\/","logo":{"@type":"ImageObject","inLanguage":"de-DE","@id":"https:\/\/www.ogbl.lu\/de\/#\/schema\/logo\/image\/","url":"https:\/\/www.ogbl.lu\/wp-content\/uploads\/2024\/07\/LOGO_Red_FR-svg.png","contentUrl":"https:\/\/www.ogbl.lu\/wp-content\/uploads\/2024\/07\/LOGO_Red_FR-svg.png","width":369,"height":171,"caption":"OGBL"},"image":{"@id":"https:\/\/www.ogbl.lu\/de\/#\/schema\/logo\/image\/"}}]}},"_links":{"self":[{"href":"https:\/\/www.ogbl.lu\/de\/wp-json\/wp\/v2\/communiques\/1621"}],"collection":[{"href":"https:\/\/www.ogbl.lu\/de\/wp-json\/wp\/v2\/communiques"}],"about":[{"href":"https:\/\/www.ogbl.lu\/de\/wp-json\/wp\/v2\/types\/communiques"}],"author":[{"embeddable":true,"href":"https:\/\/www.ogbl.lu\/de\/wp-json\/wp\/v2\/users\/1"}],"version-history":[{"count":0,"href":"https:\/\/www.ogbl.lu\/de\/wp-json\/wp\/v2\/communiques\/1621\/revisions"}],"wp:attachment":[{"href":"https:\/\/www.ogbl.lu\/de\/wp-json\/wp\/v2\/media?parent=1621"}],"wp:term":[{"taxonomy":"categorie_communiques","embeddable":true,"href":"https:\/\/www.ogbl.lu\/de\/wp-json\/wp\/v2\/categorie_communiques?post=1621"},{"taxonomy":"syndicat","embeddable":true,"href":"https:\/\/www.ogbl.lu\/de\/wp-json\/wp\/v2\/syndicat?post=1621"}],"curies":[{"name":"wp","href":"https:\/\/api.w.org\/{rel}","templated":true}]}}

<p>Anlässlich seiner letzten Zusammenkunft des Jahres hat der Nationalvorstand des OGBL das Regierungsprogramm, die Ergebnisse der Sozialwahlen sowie die Lage im Stahl, Luftfahrt- und Reinigungssektor analysiert.</p>
<p>Was das Regierungsprogramm anbelangt stellt der OGBL fest, dass es in verschiedenen Punkten wie etwa bezüglich der Entwicklung des Finanzplatzes ganz ins Detail geht, in vielen anderen aber sehr vage bleibt.</p>
<p>Deshalb nimmt der OGBL vorerst eine abwartende Haltung ein und bleibt wachsam.<br />
Alle großen Themenbereiche wurden durchgenommen, von der demokratischen Erneuerung über das Steuerwesen bis hin zur Industrie-, Wirtschafts-, Sozial-, Familien-, Beschäftigungs- und Bildungspolitik. Zum aktuellen Zeitpunkt stellen sich zahlreiche Fragen, die in den kommenden Wochen beziehungsweise Monaten beantwortet werden müssen.</p>
<p>Wenn auch der OGBL offen für den Dialog mit Regierung und Patronat ist, so macht er doch darauf aufmerksam, dass er die Rechte und Errungenschaften der Arbeitnehmer, Rentner und Sozialversicherten mit aller Entschiedenheit verteidigen wird. Weiterhin wird sich der OGBL nachdrücklich der von Brüssel diktierten Austeritätspolitik widersetzen.</p>
<p>Angesichts des beachtlichen Zugewinns bei den Sozialwahlen in allen Wirtschaftssektoren und der Festigung seiner Position als stärkste Gewerkschaft Luxemburgs, bleibt der OGBL ebenfalls die stärkste Oppositionskraft gegenüber jeder Art von unsozialen oder arbeitnehmerfeindlichen Politik.</p>

<!-- This site is optimized with the Yoast SEO plugin v23.1 - https://yoast.com/wordpress/plugins/seo/ -->
<title>Nationalvorstand: Regierungsprogramm, Bilanz der Sozialwahlen, ...  - OGBL</title>
<meta name="robots" content="index, follow, max-snippet:-1, max-image-preview:large, max-video-preview:-1" />
<link rel="canonical" href="https://www.ogbl.lu/communique/comite-national-programme-gouvernemental-bilan-des-elections-sociales/" />
<meta property="og:locale" content="de_DE" />
<meta property="og:type" content="article" />
<meta property="og:title" content="[:fr]Comité national: programme gouvernemental, bilan des élections sociales, ...[:de]Nationalvorstand: Regierungsprogramm, Bilanz der Sozialwahlen, ... [:en]Comité national: programme gouvernemental, bilan des élections sociales, ...[:] - OGBL" />
<meta property="og:description" content="Anlässlich seiner letzten Zusammenkunft des Jahres hat der Nationalvorstand des OGBL das Regierungsprogramm, die Ergebnisse der Sozialwahlen sowie die Lage …" />
<meta property="og:url" content="https://www.ogbl.lu/communique/comite-national-programme-gouvernemental-bilan-des-elections-sociales/" />
<meta property="og:site_name" content="OGBL" />
<meta property="article:modified_time" content="2023-06-30T12:03:55+00:00" />
<meta name="twitter:card" content="summary_large_image" />
<meta name="twitter:label1" content="Est. reading time" />
	<meta name="twitter:data1" content="2 Minuten" />
<script type="application/ld+json" class="yoast-schema-graph">{"@context":"https://schema.org","@graph":[{"@type":"WebPage","@id":"https://www.ogbl.lu/communique/comite-national-programme-gouvernemental-bilan-des-elections-sociales/","url":"https://www.ogbl.lu/communique/comite-national-programme-gouvernemental-bilan-des-elections-sociales/","name":"[:fr]Comité national: programme gouvernemental, bilan des élections sociales, ...[:de]Nationalvorstand: Regierungsprogramm, Bilanz der Sozialwahlen, ... [:en]Comité national: programme gouvernemental, bilan des élections sociales, ...[:] - OGBL","isPartOf":{"@id":"https://www.ogbl.lu/de/#website"},"datePublished":"2013-12-19T10:58:52+00:00","dateModified":"2023-06-30T12:03:55+00:00","breadcrumb":{"@id":"https://www.ogbl.lu/communique/comite-national-programme-gouvernemental-bilan-des-elections-sociales/#breadcrumb"},"inLanguage":"de-DE","potentialAction":[{"@type":"ReadAction","target":["https://www.ogbl.lu/communique/comite-national-programme-gouvernemental-bilan-des-elections-sociales/"]}]},{"@type":"BreadcrumbList","@id":"https://www.ogbl.lu/communique/comite-national-programme-gouvernemental-bilan-des-elections-sociales/#breadcrumb","itemListElement":[{"@type":"ListItem","position":1,"name":"Home","item":"https://www.ogbl.lu/"},{"@type":"ListItem","position":2,"name":"Comité national: programme gouvernemental, bilan des élections sociales, &#8230;"}]},{"@type":"WebSite","@id":"https://www.ogbl.lu/de/#website","url":"https://www.ogbl.lu/de/","name":"OGBL","description":"DIE GEWERKSCHAFT","publisher":{"@id":"https://www.ogbl.lu/de/#organization"},"potentialAction":[{"@type":"SearchAction","target":{"@type":"EntryPoint","urlTemplate":"https://www.ogbl.lu/de/?s={search_term_string}"},"query-input":"required name=search_term_string"}],"inLanguage":"de-DE"},{"@type":"Organization","@id":"https://www.ogbl.lu/de/#organization","name":"OGBL","url":"https://www.ogbl.lu/de/","logo":{"@type":"ImageObject","inLanguage":"de-DE","@id":"https://www.ogbl.lu/de/#/schema/logo/image/","url":"https://www.ogbl.lu/wp-content/uploads/2024/07/LOGO_Red_FR-svg.png","contentUrl":"https://www.ogbl.lu/wp-content/uploads/2024/07/LOGO_Red_FR-svg.png","width":369,"height":171,"caption":"OGBL"},"image":{"@id":"https://www.ogbl.lu/de/#/schema/logo/image/"}}]}</script>
<!-- / Yoast SEO plugin. -->

[:fr]Comité national: programme gouvernemental, bilan des élections sociales, ...[:de]Nationalvorstand: Regierungsprogramm, Bilanz der Sozialwahlen, ... [:en]Comité national: programme gouvernemental, bilan des élections sociales, ...[:] - OGBL

Anlässlich seiner letzten Zusammenkunft des Jahres hat der Nationalvorstand des OGBL das Regierungsprogramm, die Ergebnisse der Sozialwahlen sowie die Lage …

Comité national: programme gouvernemental, bilan des élections sociales, &#8230;
