{"id":1614,"date":"2013-12-05T12:33:37","date_gmt":"2013-12-05T11:33:37","guid":{"rendered":"https:\/\/www.ogbl.lu\/communiques\/accord-signe-pour-la-convention-collective-sas"},"modified":"2023-06-15T13:13:59","modified_gmt":"2023-06-15T11:13:59","slug":"accord-signe-pour-la-convention-collective-sas","status":"publish","type":"communiques","link":"https:\/\/www.ogbl.lu\/de\/communique\/accord-signe-pour-la-convention-collective-sas\/","title":{"rendered":"Zusatzvereinbarung zum SAS-Kollektivvertrag unterzeichnet"},"content":{"rendered":"<p>Eine Zusatzvereinbarung zum SAS-Kollektivvertrag konnte am 4. Dezember 2013 unterzeichnet werden. Der Vertrag sieht vor, dass ab Januar 2013 alle Arbeitnehmer aus dem Bereich des SAS-Kollektivvertrags Anrecht auf die Zahlung einer einmaligen Pr\u00e4mie von 1,5 %, auf ihren Brutto-Monatslohn berechnet, haben.<\/p>\n<p>Der beharrliche Widerstand des OGBL gegen das von den Patronatsb\u00fcndnissen geforderte Lohnmodell, das gegen die Interessen der Arbeitnehmer verst\u00f6\u00dft, hat schlussendlich den ersehnten Erfolg gebracht. Die Arbeitgebervertreter haben das Modell, das sie seit 2006 verlangt haben, zur\u00fcckgezogen.<\/p>\n<p>Bei k\u00fcnftigen Verhandlungen wird der OGBL weiter darauf bestehen, dass die 1,5% als fester Bestandteil in den Punktwert aufgenommen werden und die Gesundheits- und sozio-edukativen Berufe aufgewertet werden.<\/p>\n<p><strong>Mitgeteilt vom OGBL-Syndikat Gesundheit und Sozialwesen<br \/>\nam 5. Dezember 2013<\/strong><\/p>","protected":false},"author":1,"featured_media":0,"template":"","categorie_communiques":[51],"syndicat":[75],"acf":[],"yoast_head":"<!-- This site is optimized with the Yoast SEO plugin v23.1 - https:\/\/yoast.com\/wordpress\/plugins\/seo\/ -->\r\n<title>Zusatzvereinbarung zum SAS-Kollektivvertrag unterzeichnet - OGBL<\/title>\r\n<meta name=\"robots\" content=\"index, follow, max-snippet:-1, max-image-preview:large, max-video-preview:-1\" \/>\r\n<link rel=\"canonical\" href=\"https:\/\/www.ogbl.lu\/communique\/accord-signe-pour-la-convention-collective-sas\/\" \/>\r\n<meta property=\"og:locale\" content=\"de_DE\" \/>\r\n<meta property=\"og:type\" content=\"article\" \/>\r\n<meta property=\"og:title\" content=\"[:fr]Accord sign\u00e9 pour la convention collective SAS[:de]Zusatzvereinbarung zum SAS-Kollektivvertrag unterzeichnet[:] - OGBL\" \/>\r\n<meta property=\"og:description\" content=\"Eine Zusatzvereinbarung zum SAS-Kollektivvertrag konnte am 4. Dezember 2013 unterzeichnet werden. Der Vertrag sieht vor, dass ab Januar 2013 alle \u2026\" \/>\r\n<meta property=\"og:url\" content=\"https:\/\/www.ogbl.lu\/communique\/accord-signe-pour-la-convention-collective-sas\/\" \/>\r\n<meta property=\"og:site_name\" content=\"OGBL\" \/>\r\n<meta property=\"article:modified_time\" content=\"2023-06-15T11:13:59+00:00\" \/>\r\n<meta name=\"twitter:card\" content=\"summary_large_image\" \/>\r\n<meta name=\"twitter:label1\" content=\"Est. reading time\" \/>\n\t<meta name=\"twitter:data1\" content=\"1 Minute\" \/>\r\n<script type=\"application\/ld+json\" class=\"yoast-schema-graph\">{\"@context\":\"https:\/\/schema.org\",\"@graph\":[{\"@type\":\"WebPage\",\"@id\":\"https:\/\/www.ogbl.lu\/communique\/accord-signe-pour-la-convention-collective-sas\/\",\"url\":\"https:\/\/www.ogbl.lu\/communique\/accord-signe-pour-la-convention-collective-sas\/\",\"name\":\"[:fr]Accord sign\u00e9 pour la convention collective SAS[:de]Zusatzvereinbarung zum SAS-Kollektivvertrag unterzeichnet[:] - OGBL\",\"isPartOf\":{\"@id\":\"https:\/\/www.ogbl.lu\/de\/#website\"},\"datePublished\":\"2013-12-05T11:33:37+00:00\",\"dateModified\":\"2023-06-15T11:13:59+00:00\",\"breadcrumb\":{\"@id\":\"https:\/\/www.ogbl.lu\/communique\/accord-signe-pour-la-convention-collective-sas\/#breadcrumb\"},\"inLanguage\":\"de-DE\",\"potentialAction\":[{\"@type\":\"ReadAction\",\"target\":[\"https:\/\/www.ogbl.lu\/communique\/accord-signe-pour-la-convention-collective-sas\/\"]}]},{\"@type\":\"BreadcrumbList\",\"@id\":\"https:\/\/www.ogbl.lu\/communique\/accord-signe-pour-la-convention-collective-sas\/#breadcrumb\",\"itemListElement\":[{\"@type\":\"ListItem\",\"position\":1,\"name\":\"Home\",\"item\":\"https:\/\/www.ogbl.lu\/\"},{\"@type\":\"ListItem\",\"position\":2,\"name\":\"Accord sign\u00e9 pour la convention collective SAS\"}]},{\"@type\":\"WebSite\",\"@id\":\"https:\/\/www.ogbl.lu\/de\/#website\",\"url\":\"https:\/\/www.ogbl.lu\/de\/\",\"name\":\"OGBL\",\"description\":\"DIE GEWERKSCHAFT\",\"publisher\":{\"@id\":\"https:\/\/www.ogbl.lu\/de\/#organization\"},\"potentialAction\":[{\"@type\":\"SearchAction\",\"target\":{\"@type\":\"EntryPoint\",\"urlTemplate\":\"https:\/\/www.ogbl.lu\/de\/?s={search_term_string}\"},\"query-input\":\"required name=search_term_string\"}],\"inLanguage\":\"de-DE\"},{\"@type\":\"Organization\",\"@id\":\"https:\/\/www.ogbl.lu\/de\/#organization\",\"name\":\"OGBL\",\"url\":\"https:\/\/www.ogbl.lu\/de\/\",\"logo\":{\"@type\":\"ImageObject\",\"inLanguage\":\"de-DE\",\"@id\":\"https:\/\/www.ogbl.lu\/de\/#\/schema\/logo\/image\/\",\"url\":\"https:\/\/www.ogbl.lu\/wp-content\/uploads\/2024\/07\/LOGO_Red_FR-svg.png\",\"contentUrl\":\"https:\/\/www.ogbl.lu\/wp-content\/uploads\/2024\/07\/LOGO_Red_FR-svg.png\",\"width\":369,\"height\":171,\"caption\":\"OGBL\"},\"image\":{\"@id\":\"https:\/\/www.ogbl.lu\/de\/#\/schema\/logo\/image\/\"}}]}<\/script>\r\n<!-- \/ Yoast SEO plugin. -->","yoast_head_json":{"title":"[:fr]Accord sign\u00e9 pour la convention collective SAS[:de]Zusatzvereinbarung zum SAS-Kollektivvertrag unterzeichnet[:] - OGBL","robots":{"index":"index","follow":"follow","max-snippet":"max-snippet:-1","max-image-preview":"max-image-preview:large","max-video-preview":"max-video-preview:-1"},"canonical":"https:\/\/www.ogbl.lu\/communique\/accord-signe-pour-la-convention-collective-sas\/","og_locale":"de_DE","og_type":"article","og_title":"[:fr]Accord sign\u00e9 pour la convention collective SAS[:de]Zusatzvereinbarung zum SAS-Kollektivvertrag unterzeichnet[:] - OGBL","og_description":"Eine Zusatzvereinbarung zum SAS-Kollektivvertrag konnte am 4. Dezember 2013 unterzeichnet werden. Der Vertrag sieht vor, dass ab Januar 2013 alle \u2026","og_url":"https:\/\/www.ogbl.lu\/communique\/accord-signe-pour-la-convention-collective-sas\/","og_site_name":"OGBL","article_modified_time":"2023-06-15T11:13:59+00:00","twitter_card":"summary_large_image","twitter_misc":{"Est. reading time":"1 Minute"},"schema":{"@context":"https:\/\/schema.org","@graph":[{"@type":"WebPage","@id":"https:\/\/www.ogbl.lu\/communique\/accord-signe-pour-la-convention-collective-sas\/","url":"https:\/\/www.ogbl.lu\/communique\/accord-signe-pour-la-convention-collective-sas\/","name":"[:fr]Accord sign\u00e9 pour la convention collective SAS[:de]Zusatzvereinbarung zum SAS-Kollektivvertrag unterzeichnet[:] - OGBL","isPartOf":{"@id":"https:\/\/www.ogbl.lu\/de\/#website"},"datePublished":"2013-12-05T11:33:37+00:00","dateModified":"2023-06-15T11:13:59+00:00","breadcrumb":{"@id":"https:\/\/www.ogbl.lu\/communique\/accord-signe-pour-la-convention-collective-sas\/#breadcrumb"},"inLanguage":"de-DE","potentialAction":[{"@type":"ReadAction","target":["https:\/\/www.ogbl.lu\/communique\/accord-signe-pour-la-convention-collective-sas\/"]}]},{"@type":"BreadcrumbList","@id":"https:\/\/www.ogbl.lu\/communique\/accord-signe-pour-la-convention-collective-sas\/#breadcrumb","itemListElement":[{"@type":"ListItem","position":1,"name":"Home","item":"https:\/\/www.ogbl.lu\/"},{"@type":"ListItem","position":2,"name":"Accord sign\u00e9 pour la convention collective SAS"}]},{"@type":"WebSite","@id":"https:\/\/www.ogbl.lu\/de\/#website","url":"https:\/\/www.ogbl.lu\/de\/","name":"OGBL","description":"DIE GEWERKSCHAFT","publisher":{"@id":"https:\/\/www.ogbl.lu\/de\/#organization"},"potentialAction":[{"@type":"SearchAction","target":{"@type":"EntryPoint","urlTemplate":"https:\/\/www.ogbl.lu\/de\/?s={search_term_string}"},"query-input":"required name=search_term_string"}],"inLanguage":"de-DE"},{"@type":"Organization","@id":"https:\/\/www.ogbl.lu\/de\/#organization","name":"OGBL","url":"https:\/\/www.ogbl.lu\/de\/","logo":{"@type":"ImageObject","inLanguage":"de-DE","@id":"https:\/\/www.ogbl.lu\/de\/#\/schema\/logo\/image\/","url":"https:\/\/www.ogbl.lu\/wp-content\/uploads\/2024\/07\/LOGO_Red_FR-svg.png","contentUrl":"https:\/\/www.ogbl.lu\/wp-content\/uploads\/2024\/07\/LOGO_Red_FR-svg.png","width":369,"height":171,"caption":"OGBL"},"image":{"@id":"https:\/\/www.ogbl.lu\/de\/#\/schema\/logo\/image\/"}}]}},"_links":{"self":[{"href":"https:\/\/www.ogbl.lu\/de\/wp-json\/wp\/v2\/communiques\/1614"}],"collection":[{"href":"https:\/\/www.ogbl.lu\/de\/wp-json\/wp\/v2\/communiques"}],"about":[{"href":"https:\/\/www.ogbl.lu\/de\/wp-json\/wp\/v2\/types\/communiques"}],"author":[{"embeddable":true,"href":"https:\/\/www.ogbl.lu\/de\/wp-json\/wp\/v2\/users\/1"}],"version-history":[{"count":0,"href":"https:\/\/www.ogbl.lu\/de\/wp-json\/wp\/v2\/communiques\/1614\/revisions"}],"wp:attachment":[{"href":"https:\/\/www.ogbl.lu\/de\/wp-json\/wp\/v2\/media?parent=1614"}],"wp:term":[{"taxonomy":"categorie_communiques","embeddable":true,"href":"https:\/\/www.ogbl.lu\/de\/wp-json\/wp\/v2\/categorie_communiques?post=1614"},{"taxonomy":"syndicat","embeddable":true,"href":"https:\/\/www.ogbl.lu\/de\/wp-json\/wp\/v2\/syndicat?post=1614"}],"curies":[{"name":"wp","href":"https:\/\/api.w.org\/{rel}","templated":true}]}}

<p>Eine Zusatzvereinbarung zum SAS-Kollektivvertrag konnte am 4. Dezember 2013 unterzeichnet werden. Der Vertrag sieht vor, dass ab Januar 2013 alle Arbeitnehmer aus dem Bereich des SAS-Kollektivvertrags Anrecht auf die Zahlung einer einmaligen Prämie von 1,5 %, auf ihren Brutto-Monatslohn berechnet, haben.</p>
<p>Der beharrliche Widerstand des OGBL gegen das von den Patronatsbündnissen geforderte Lohnmodell, das gegen die Interessen der Arbeitnehmer verstößt, hat schlussendlich den ersehnten Erfolg gebracht. Die Arbeitgebervertreter haben das Modell, das sie seit 2006 verlangt haben, zurückgezogen.</p>
<p>Bei künftigen Verhandlungen wird der OGBL weiter darauf bestehen, dass die 1,5% als fester Bestandteil in den Punktwert aufgenommen werden und die Gesundheits- und sozio-edukativen Berufe aufgewertet werden.</p>
<p><strong>Mitgeteilt vom OGBL-Syndikat Gesundheit und Sozialwesen<br />
am 5. Dezember 2013</strong></p>

<!-- This site is optimized with the Yoast SEO plugin v23.1 - https://yoast.com/wordpress/plugins/seo/ -->
<title>Zusatzvereinbarung zum SAS-Kollektivvertrag unterzeichnet - OGBL</title>
<meta name="robots" content="index, follow, max-snippet:-1, max-image-preview:large, max-video-preview:-1" />
<link rel="canonical" href="https://www.ogbl.lu/communique/accord-signe-pour-la-convention-collective-sas/" />
<meta property="og:locale" content="de_DE" />
<meta property="og:type" content="article" />
<meta property="og:title" content="[:fr]Accord signé pour la convention collective SAS[:de]Zusatzvereinbarung zum SAS-Kollektivvertrag unterzeichnet[:] - OGBL" />
<meta property="og:description" content="Eine Zusatzvereinbarung zum SAS-Kollektivvertrag konnte am 4. Dezember 2013 unterzeichnet werden. Der Vertrag sieht vor, dass ab Januar 2013 alle …" />
<meta property="og:url" content="https://www.ogbl.lu/communique/accord-signe-pour-la-convention-collective-sas/" />
<meta property="og:site_name" content="OGBL" />
<meta property="article:modified_time" content="2023-06-15T11:13:59+00:00" />
<meta name="twitter:card" content="summary_large_image" />
<meta name="twitter:label1" content="Est. reading time" />
	<meta name="twitter:data1" content="1 Minute" />
<script type="application/ld+json" class="yoast-schema-graph">{"@context":"https://schema.org","@graph":[{"@type":"WebPage","@id":"https://www.ogbl.lu/communique/accord-signe-pour-la-convention-collective-sas/","url":"https://www.ogbl.lu/communique/accord-signe-pour-la-convention-collective-sas/","name":"[:fr]Accord signé pour la convention collective SAS[:de]Zusatzvereinbarung zum SAS-Kollektivvertrag unterzeichnet[:] - OGBL","isPartOf":{"@id":"https://www.ogbl.lu/de/#website"},"datePublished":"2013-12-05T11:33:37+00:00","dateModified":"2023-06-15T11:13:59+00:00","breadcrumb":{"@id":"https://www.ogbl.lu/communique/accord-signe-pour-la-convention-collective-sas/#breadcrumb"},"inLanguage":"de-DE","potentialAction":[{"@type":"ReadAction","target":["https://www.ogbl.lu/communique/accord-signe-pour-la-convention-collective-sas/"]}]},{"@type":"BreadcrumbList","@id":"https://www.ogbl.lu/communique/accord-signe-pour-la-convention-collective-sas/#breadcrumb","itemListElement":[{"@type":"ListItem","position":1,"name":"Home","item":"https://www.ogbl.lu/"},{"@type":"ListItem","position":2,"name":"Accord signé pour la convention collective SAS"}]},{"@type":"WebSite","@id":"https://www.ogbl.lu/de/#website","url":"https://www.ogbl.lu/de/","name":"OGBL","description":"DIE GEWERKSCHAFT","publisher":{"@id":"https://www.ogbl.lu/de/#organization"},"potentialAction":[{"@type":"SearchAction","target":{"@type":"EntryPoint","urlTemplate":"https://www.ogbl.lu/de/?s={search_term_string}"},"query-input":"required name=search_term_string"}],"inLanguage":"de-DE"},{"@type":"Organization","@id":"https://www.ogbl.lu/de/#organization","name":"OGBL","url":"https://www.ogbl.lu/de/","logo":{"@type":"ImageObject","inLanguage":"de-DE","@id":"https://www.ogbl.lu/de/#/schema/logo/image/","url":"https://www.ogbl.lu/wp-content/uploads/2024/07/LOGO_Red_FR-svg.png","contentUrl":"https://www.ogbl.lu/wp-content/uploads/2024/07/LOGO_Red_FR-svg.png","width":369,"height":171,"caption":"OGBL"},"image":{"@id":"https://www.ogbl.lu/de/#/schema/logo/image/"}}]}</script>
<!-- / Yoast SEO plugin. -->

[:fr]Accord signé pour la convention collective SAS[:de]Zusatzvereinbarung zum SAS-Kollektivvertrag unterzeichnet[:] - OGBL

Accord signé pour la convention collective SAS
