{"id":1580,"date":"2013-10-04T10:35:36","date_gmt":"2013-10-04T08:35:36","guid":{"rendered":"https:\/\/www.ogbl.lu\/communiques\/lasti-et-logbl-sont-pour-le-droit-de-vote-des-etrangers-aux-elections-legislatives"},"modified":"2023-05-23T19:44:16","modified_gmt":"2023-05-23T17:44:16","slug":"lasti-et-logbl-sont-pour-le-droit-de-vote-des-etrangers-aux-elections-legislatives","status":"publish","type":"communiques","link":"https:\/\/www.ogbl.lu\/de\/communique\/lasti-et-logbl-sont-pour-le-droit-de-vote-des-etrangers-aux-elections-legislatives\/","title":{"rendered":"ASTI und OGBL sind f\u00fcr das Ausl\u00e4nderwahlrecht bei den Parlamentswahlen"},"content":{"rendered":"<p><img loading=\"lazy\" decoding=\"async\" src=\"https:\/\/www.ogbl.lu\/wp-content\/uploads\/communiques\/logos11.jpg\" alt=\"logos1\" width=\"150\" height=\"131\" class=\"alignleft size-full wp-image-14447\" \/>  Auf Anfrage der \u00abAssociation de Soutien aux Travailleurs Immigr\u00e9s ASTI asbl\u00bb, hat der OGBL am Mittwoch, den 2. Oktober eine Delegation besagter Vereinigung zu einem Meinungsaustauch bez\u00fcglich der Asti-Position zur Beteiligung in Luxemburg lebender nicht-luxemburgischer B\u00fcrger an den Parlamentswahlen empfangen. <\/p>\n<p>Beide Organisationen haben die spezifische Gegebenheit, dass  Luxemburg 44 % ausl\u00e4ndische Einwohner z\u00e4hlt, geb\u00fchrend hervorgestrichen. Die Tatsache, dass ein Teil der Bev\u00f6lkerung von der Wahlbeteiligung ausgeschlossen ist, muss als gewichtiges Defizit f\u00fcr das Funktionieren der demokratischen Institutionen in Luxemburg angesehen werden. Die Asti und der OGBL sind f\u00fcr das Wahlrecht f\u00fcr Ausl\u00e4nder  bei den Parlamentswahlen, dies ungeachtet ihrer Nationalit\u00e4t.<\/p>\n<p>Eine breite Debatte m\u00fcsse dieser Frage gewidmet werden und die neue Abgeordnetenkammer m\u00fcsse, aus Sicht beider Organisation, diese Frage in der n\u00e4chsten Legislaturperiode insbesondere im Rahmen der anliegenden Verfassungsrevision aufgreifen. <\/p>\n<p>Letztendlich wurde die politische Interessenwahrnehmung der Grenzg\u00e4nger andiskutiert. Die Asti unterst\u00fctzt die Position des OGBL, der sich daf\u00fcr einsetzt, dass die Berufskammern st\u00e4rker in die politische Debatte eingebunden werden, zum Beispiel dadurch, dass sie das Recht bekommen Gesetzesvorschl\u00e4ge bei der Abgeordnetenkammer zu hinterlegen, insbesondere wenn sie die Rechte und Interessen der Arbeitnehmer betreffen, ob diese nun in Luxemburg wohnhaft sind oder nicht.<\/p>","protected":false},"author":1,"featured_media":4332,"template":"","categorie_communiques":[128,126,127,41],"syndicat":[113,112,100],"acf":[],"yoast_head":"<!-- This site is optimized with the Yoast SEO plugin v23.1 - https:\/\/yoast.com\/wordpress\/plugins\/seo\/ -->\r\n<title>ASTI und OGBL sind f\u00fcr das Ausl\u00e4nderwahlrecht bei den Parlamentswahlen - OGBL<\/title>\r\n<meta name=\"robots\" content=\"index, follow, max-snippet:-1, max-image-preview:large, max-video-preview:-1\" \/>\r\n<link rel=\"canonical\" href=\"https:\/\/www.ogbl.lu\/communique\/lasti-et-logbl-sont-pour-le-droit-de-vote-des-etrangers-aux-elections-legislatives\/\" \/>\r\n<meta property=\"og:locale\" content=\"de_DE\" \/>\r\n<meta property=\"og:type\" content=\"article\" \/>\r\n<meta property=\"og:title\" content=\"[:fr]L\u2019ASTI et l\u2019OGBL sont pour le droit de vote des \u00e9trangers aux \u00e9lections l\u00e9gislatives[:de]ASTI und OGBL sind f\u00fcr das Ausl\u00e4nderwahlrecht bei den Parlamentswahlen[:] - OGBL\" \/>\r\n<meta property=\"og:description\" content=\"Auf Anfrage der \u00abAssociation de Soutien aux Travailleurs Immigr\u00e9s ASTI asbl\u00bb, hat der OGBL am Mittwoch, den 2. Oktober eine \u2026\" \/>\r\n<meta property=\"og:url\" content=\"https:\/\/www.ogbl.lu\/communique\/lasti-et-logbl-sont-pour-le-droit-de-vote-des-etrangers-aux-elections-legislatives\/\" \/>\r\n<meta property=\"og:site_name\" content=\"OGBL\" \/>\r\n<meta property=\"article:modified_time\" content=\"2023-05-23T17:44:16+00:00\" \/>\r\n<meta property=\"og:image\" content=\"https:\/\/www.ogbl.lu\/wp-content\/uploads\/2013\/10\/logos11.jpg\" \/>\r\n\t<meta property=\"og:image:width\" content=\"150\" \/>\r\n\t<meta property=\"og:image:height\" content=\"131\" \/>\r\n\t<meta property=\"og:image:type\" content=\"image\/jpeg\" \/>\r\n<meta name=\"twitter:card\" content=\"summary_large_image\" \/>\r\n<meta name=\"twitter:label1\" content=\"Est. reading time\" \/>\n\t<meta name=\"twitter:data1\" content=\"2 Minuten\" \/>\r\n<script type=\"application\/ld+json\" class=\"yoast-schema-graph\">{\"@context\":\"https:\/\/schema.org\",\"@graph\":[{\"@type\":\"WebPage\",\"@id\":\"https:\/\/www.ogbl.lu\/communique\/lasti-et-logbl-sont-pour-le-droit-de-vote-des-etrangers-aux-elections-legislatives\/\",\"url\":\"https:\/\/www.ogbl.lu\/communique\/lasti-et-logbl-sont-pour-le-droit-de-vote-des-etrangers-aux-elections-legislatives\/\",\"name\":\"[:fr]L\u2019ASTI et l\u2019OGBL sont pour le droit de vote des \u00e9trangers aux \u00e9lections l\u00e9gislatives[:de]ASTI und OGBL sind f\u00fcr das Ausl\u00e4nderwahlrecht bei den Parlamentswahlen[:] - OGBL\",\"isPartOf\":{\"@id\":\"https:\/\/www.ogbl.lu\/de\/#website\"},\"primaryImageOfPage\":{\"@id\":\"https:\/\/www.ogbl.lu\/communique\/lasti-et-logbl-sont-pour-le-droit-de-vote-des-etrangers-aux-elections-legislatives\/#primaryimage\"},\"image\":{\"@id\":\"https:\/\/www.ogbl.lu\/communique\/lasti-et-logbl-sont-pour-le-droit-de-vote-des-etrangers-aux-elections-legislatives\/#primaryimage\"},\"thumbnailUrl\":\"https:\/\/www.ogbl.lu\/wp-content\/uploads\/2013\/10\/logos11.jpg\",\"datePublished\":\"2013-10-04T08:35:36+00:00\",\"dateModified\":\"2023-05-23T17:44:16+00:00\",\"breadcrumb\":{\"@id\":\"https:\/\/www.ogbl.lu\/communique\/lasti-et-logbl-sont-pour-le-droit-de-vote-des-etrangers-aux-elections-legislatives\/#breadcrumb\"},\"inLanguage\":\"de-DE\",\"potentialAction\":[{\"@type\":\"ReadAction\",\"target\":[\"https:\/\/www.ogbl.lu\/communique\/lasti-et-logbl-sont-pour-le-droit-de-vote-des-etrangers-aux-elections-legislatives\/\"]}]},{\"@type\":\"ImageObject\",\"inLanguage\":\"de-DE\",\"@id\":\"https:\/\/www.ogbl.lu\/communique\/lasti-et-logbl-sont-pour-le-droit-de-vote-des-etrangers-aux-elections-legislatives\/#primaryimage\",\"url\":\"https:\/\/www.ogbl.lu\/wp-content\/uploads\/2013\/10\/logos11.jpg\",\"contentUrl\":\"https:\/\/www.ogbl.lu\/wp-content\/uploads\/2013\/10\/logos11.jpg\",\"width\":150,\"height\":131},{\"@type\":\"BreadcrumbList\",\"@id\":\"https:\/\/www.ogbl.lu\/communique\/lasti-et-logbl-sont-pour-le-droit-de-vote-des-etrangers-aux-elections-legislatives\/#breadcrumb\",\"itemListElement\":[{\"@type\":\"ListItem\",\"position\":1,\"name\":\"Home\",\"item\":\"https:\/\/www.ogbl.lu\/\"},{\"@type\":\"ListItem\",\"position\":2,\"name\":\"L\u2019ASTI et l\u2019OGBL sont pour le droit de vote des \u00e9trangers aux \u00e9lections l\u00e9gislatives\"}]},{\"@type\":\"WebSite\",\"@id\":\"https:\/\/www.ogbl.lu\/de\/#website\",\"url\":\"https:\/\/www.ogbl.lu\/de\/\",\"name\":\"OGBL\",\"description\":\"DIE GEWERKSCHAFT\",\"publisher\":{\"@id\":\"https:\/\/www.ogbl.lu\/de\/#organization\"},\"potentialAction\":[{\"@type\":\"SearchAction\",\"target\":{\"@type\":\"EntryPoint\",\"urlTemplate\":\"https:\/\/www.ogbl.lu\/de\/?s={search_term_string}\"},\"query-input\":\"required name=search_term_string\"}],\"inLanguage\":\"de-DE\"},{\"@type\":\"Organization\",\"@id\":\"https:\/\/www.ogbl.lu\/de\/#organization\",\"name\":\"OGBL\",\"url\":\"https:\/\/www.ogbl.lu\/de\/\",\"logo\":{\"@type\":\"ImageObject\",\"inLanguage\":\"de-DE\",\"@id\":\"https:\/\/www.ogbl.lu\/de\/#\/schema\/logo\/image\/\",\"url\":\"https:\/\/www.ogbl.lu\/wp-content\/uploads\/2024\/07\/LOGO_Red_FR-svg.png\",\"contentUrl\":\"https:\/\/www.ogbl.lu\/wp-content\/uploads\/2024\/07\/LOGO_Red_FR-svg.png\",\"width\":369,\"height\":171,\"caption\":\"OGBL\"},\"image\":{\"@id\":\"https:\/\/www.ogbl.lu\/de\/#\/schema\/logo\/image\/\"}}]}<\/script>\r\n<!-- \/ Yoast SEO plugin. -->","yoast_head_json":{"title":"[:fr]L\u2019ASTI et l\u2019OGBL sont pour le droit de vote des \u00e9trangers aux \u00e9lections l\u00e9gislatives[:de]ASTI und OGBL sind f\u00fcr das Ausl\u00e4nderwahlrecht bei den Parlamentswahlen[:] - OGBL","robots":{"index":"index","follow":"follow","max-snippet":"max-snippet:-1","max-image-preview":"max-image-preview:large","max-video-preview":"max-video-preview:-1"},"canonical":"https:\/\/www.ogbl.lu\/communique\/lasti-et-logbl-sont-pour-le-droit-de-vote-des-etrangers-aux-elections-legislatives\/","og_locale":"de_DE","og_type":"article","og_title":"[:fr]L\u2019ASTI et l\u2019OGBL sont pour le droit de vote des \u00e9trangers aux \u00e9lections l\u00e9gislatives[:de]ASTI und OGBL sind f\u00fcr das Ausl\u00e4nderwahlrecht bei den Parlamentswahlen[:] - OGBL","og_description":"Auf Anfrage der \u00abAssociation de Soutien aux Travailleurs Immigr\u00e9s ASTI asbl\u00bb, hat der OGBL am Mittwoch, den 2. Oktober eine \u2026","og_url":"https:\/\/www.ogbl.lu\/communique\/lasti-et-logbl-sont-pour-le-droit-de-vote-des-etrangers-aux-elections-legislatives\/","og_site_name":"OGBL","article_modified_time":"2023-05-23T17:44:16+00:00","og_image":[{"width":150,"height":131,"url":"https:\/\/www.ogbl.lu\/wp-content\/uploads\/2013\/10\/logos11.jpg","type":"image\/jpeg"}],"twitter_card":"summary_large_image","twitter_misc":{"Est. reading time":"2 Minuten"},"schema":{"@context":"https:\/\/schema.org","@graph":[{"@type":"WebPage","@id":"https:\/\/www.ogbl.lu\/communique\/lasti-et-logbl-sont-pour-le-droit-de-vote-des-etrangers-aux-elections-legislatives\/","url":"https:\/\/www.ogbl.lu\/communique\/lasti-et-logbl-sont-pour-le-droit-de-vote-des-etrangers-aux-elections-legislatives\/","name":"[:fr]L\u2019ASTI et l\u2019OGBL sont pour le droit de vote des \u00e9trangers aux \u00e9lections l\u00e9gislatives[:de]ASTI und OGBL sind f\u00fcr das Ausl\u00e4nderwahlrecht bei den Parlamentswahlen[:] - OGBL","isPartOf":{"@id":"https:\/\/www.ogbl.lu\/de\/#website"},"primaryImageOfPage":{"@id":"https:\/\/www.ogbl.lu\/communique\/lasti-et-logbl-sont-pour-le-droit-de-vote-des-etrangers-aux-elections-legislatives\/#primaryimage"},"image":{"@id":"https:\/\/www.ogbl.lu\/communique\/lasti-et-logbl-sont-pour-le-droit-de-vote-des-etrangers-aux-elections-legislatives\/#primaryimage"},"thumbnailUrl":"https:\/\/www.ogbl.lu\/wp-content\/uploads\/2013\/10\/logos11.jpg","datePublished":"2013-10-04T08:35:36+00:00","dateModified":"2023-05-23T17:44:16+00:00","breadcrumb":{"@id":"https:\/\/www.ogbl.lu\/communique\/lasti-et-logbl-sont-pour-le-droit-de-vote-des-etrangers-aux-elections-legislatives\/#breadcrumb"},"inLanguage":"de-DE","potentialAction":[{"@type":"ReadAction","target":["https:\/\/www.ogbl.lu\/communique\/lasti-et-logbl-sont-pour-le-droit-de-vote-des-etrangers-aux-elections-legislatives\/"]}]},{"@type":"ImageObject","inLanguage":"de-DE","@id":"https:\/\/www.ogbl.lu\/communique\/lasti-et-logbl-sont-pour-le-droit-de-vote-des-etrangers-aux-elections-legislatives\/#primaryimage","url":"https:\/\/www.ogbl.lu\/wp-content\/uploads\/2013\/10\/logos11.jpg","contentUrl":"https:\/\/www.ogbl.lu\/wp-content\/uploads\/2013\/10\/logos11.jpg","width":150,"height":131},{"@type":"BreadcrumbList","@id":"https:\/\/www.ogbl.lu\/communique\/lasti-et-logbl-sont-pour-le-droit-de-vote-des-etrangers-aux-elections-legislatives\/#breadcrumb","itemListElement":[{"@type":"ListItem","position":1,"name":"Home","item":"https:\/\/www.ogbl.lu\/"},{"@type":"ListItem","position":2,"name":"L\u2019ASTI et l\u2019OGBL sont pour le droit de vote des \u00e9trangers aux \u00e9lections l\u00e9gislatives"}]},{"@type":"WebSite","@id":"https:\/\/www.ogbl.lu\/de\/#website","url":"https:\/\/www.ogbl.lu\/de\/","name":"OGBL","description":"DIE GEWERKSCHAFT","publisher":{"@id":"https:\/\/www.ogbl.lu\/de\/#organization"},"potentialAction":[{"@type":"SearchAction","target":{"@type":"EntryPoint","urlTemplate":"https:\/\/www.ogbl.lu\/de\/?s={search_term_string}"},"query-input":"required name=search_term_string"}],"inLanguage":"de-DE"},{"@type":"Organization","@id":"https:\/\/www.ogbl.lu\/de\/#organization","name":"OGBL","url":"https:\/\/www.ogbl.lu\/de\/","logo":{"@type":"ImageObject","inLanguage":"de-DE","@id":"https:\/\/www.ogbl.lu\/de\/#\/schema\/logo\/image\/","url":"https:\/\/www.ogbl.lu\/wp-content\/uploads\/2024\/07\/LOGO_Red_FR-svg.png","contentUrl":"https:\/\/www.ogbl.lu\/wp-content\/uploads\/2024\/07\/LOGO_Red_FR-svg.png","width":369,"height":171,"caption":"OGBL"},"image":{"@id":"https:\/\/www.ogbl.lu\/de\/#\/schema\/logo\/image\/"}}]}},"_links":{"self":[{"href":"https:\/\/www.ogbl.lu\/de\/wp-json\/wp\/v2\/communiques\/1580"}],"collection":[{"href":"https:\/\/www.ogbl.lu\/de\/wp-json\/wp\/v2\/communiques"}],"about":[{"href":"https:\/\/www.ogbl.lu\/de\/wp-json\/wp\/v2\/types\/communiques"}],"author":[{"embeddable":true,"href":"https:\/\/www.ogbl.lu\/de\/wp-json\/wp\/v2\/users\/1"}],"version-history":[{"count":0,"href":"https:\/\/www.ogbl.lu\/de\/wp-json\/wp\/v2\/communiques\/1580\/revisions"}],"wp:featuredmedia":[{"embeddable":true,"href":"https:\/\/www.ogbl.lu\/de\/wp-json\/wp\/v2\/media\/4332"}],"wp:attachment":[{"href":"https:\/\/www.ogbl.lu\/de\/wp-json\/wp\/v2\/media?parent=1580"}],"wp:term":[{"taxonomy":"categorie_communiques","embeddable":true,"href":"https:\/\/www.ogbl.lu\/de\/wp-json\/wp\/v2\/categorie_communiques?post=1580"},{"taxonomy":"syndicat","embeddable":true,"href":"https:\/\/www.ogbl.lu\/de\/wp-json\/wp\/v2\/syndicat?post=1580"}],"curies":[{"name":"wp","href":"https:\/\/api.w.org\/{rel}","templated":true}]}}

ASTI und OGBL sind für das Ausländerwahlrecht bei den Parlamentswahlen

<p><img loading="lazy" decoding="async" src="https://www.ogbl.lu/wp-content/uploads/communiques/logos11.jpg" alt="logos1" width="150" height="131" class="alignleft size-full wp-image-14447" />  Auf Anfrage der «Association de Soutien aux Travailleurs Immigrés ASTI asbl», hat der OGBL am Mittwoch, den 2. Oktober eine Delegation besagter Vereinigung zu einem Meinungsaustauch bezüglich der Asti-Position zur Beteiligung in Luxemburg lebender nicht-luxemburgischer Bürger an den Parlamentswahlen empfangen. </p>
<p>Beide Organisationen haben die spezifische Gegebenheit, dass  Luxemburg 44 % ausländische Einwohner zählt, gebührend hervorgestrichen. Die Tatsache, dass ein Teil der Bevölkerung von der Wahlbeteiligung ausgeschlossen ist, muss als gewichtiges Defizit für das Funktionieren der demokratischen Institutionen in Luxemburg angesehen werden. Die Asti und der OGBL sind für das Wahlrecht für Ausländer  bei den Parlamentswahlen, dies ungeachtet ihrer Nationalität.</p>
<p>Eine breite Debatte müsse dieser Frage gewidmet werden und die neue Abgeordnetenkammer müsse, aus Sicht beider Organisation, diese Frage in der nächsten Legislaturperiode insbesondere im Rahmen der anliegenden Verfassungsrevision aufgreifen. </p>
<p>Letztendlich wurde die politische Interessenwahrnehmung der Grenzgänger andiskutiert. Die Asti unterstützt die Position des OGBL, der sich dafür einsetzt, dass die Berufskammern stärker in die politische Debatte eingebunden werden, zum Beispiel dadurch, dass sie das Recht bekommen Gesetzesvorschläge bei der Abgeordnetenkammer zu hinterlegen, insbesondere wenn sie die Rechte und Interessen der Arbeitnehmer betreffen, ob diese nun in Luxemburg wohnhaft sind oder nicht.</p>

<!-- This site is optimized with the Yoast SEO plugin v23.1 - https://yoast.com/wordpress/plugins/seo/ -->
<title>ASTI und OGBL sind für das Ausländerwahlrecht bei den Parlamentswahlen - OGBL</title>
<meta name="robots" content="index, follow, max-snippet:-1, max-image-preview:large, max-video-preview:-1" />
<link rel="canonical" href="https://www.ogbl.lu/communique/lasti-et-logbl-sont-pour-le-droit-de-vote-des-etrangers-aux-elections-legislatives/" />
<meta property="og:locale" content="de_DE" />
<meta property="og:type" content="article" />
<meta property="og:title" content="[:fr]L’ASTI et l’OGBL sont pour le droit de vote des étrangers aux élections législatives[:de]ASTI und OGBL sind für das Ausländerwahlrecht bei den Parlamentswahlen[:] - OGBL" />
<meta property="og:description" content="Auf Anfrage der «Association de Soutien aux Travailleurs Immigrés ASTI asbl», hat der OGBL am Mittwoch, den 2. Oktober eine …" />
<meta property="og:url" content="https://www.ogbl.lu/communique/lasti-et-logbl-sont-pour-le-droit-de-vote-des-etrangers-aux-elections-legislatives/" />
<meta property="og:site_name" content="OGBL" />
<meta property="article:modified_time" content="2023-05-23T17:44:16+00:00" />
<meta property="og:image" content="https://www.ogbl.lu/wp-content/uploads/2013/10/logos11.jpg" />
	<meta property="og:image:width" content="150" />
	<meta property="og:image:height" content="131" />
	<meta property="og:image:type" content="image/jpeg" />
<meta name="twitter:card" content="summary_large_image" />
<meta name="twitter:label1" content="Est. reading time" />
	<meta name="twitter:data1" content="2 Minuten" />
<script type="application/ld+json" class="yoast-schema-graph">{"@context":"https://schema.org","@graph":[{"@type":"WebPage","@id":"https://www.ogbl.lu/communique/lasti-et-logbl-sont-pour-le-droit-de-vote-des-etrangers-aux-elections-legislatives/","url":"https://www.ogbl.lu/communique/lasti-et-logbl-sont-pour-le-droit-de-vote-des-etrangers-aux-elections-legislatives/","name":"[:fr]L’ASTI et l’OGBL sont pour le droit de vote des étrangers aux élections législatives[:de]ASTI und OGBL sind für das Ausländerwahlrecht bei den Parlamentswahlen[:] - OGBL","isPartOf":{"@id":"https://www.ogbl.lu/de/#website"},"primaryImageOfPage":{"@id":"https://www.ogbl.lu/communique/lasti-et-logbl-sont-pour-le-droit-de-vote-des-etrangers-aux-elections-legislatives/#primaryimage"},"image":{"@id":"https://www.ogbl.lu/communique/lasti-et-logbl-sont-pour-le-droit-de-vote-des-etrangers-aux-elections-legislatives/#primaryimage"},"thumbnailUrl":"https://www.ogbl.lu/wp-content/uploads/2013/10/logos11.jpg","datePublished":"2013-10-04T08:35:36+00:00","dateModified":"2023-05-23T17:44:16+00:00","breadcrumb":{"@id":"https://www.ogbl.lu/communique/lasti-et-logbl-sont-pour-le-droit-de-vote-des-etrangers-aux-elections-legislatives/#breadcrumb"},"inLanguage":"de-DE","potentialAction":[{"@type":"ReadAction","target":["https://www.ogbl.lu/communique/lasti-et-logbl-sont-pour-le-droit-de-vote-des-etrangers-aux-elections-legislatives/"]}]},{"@type":"ImageObject","inLanguage":"de-DE","@id":"https://www.ogbl.lu/communique/lasti-et-logbl-sont-pour-le-droit-de-vote-des-etrangers-aux-elections-legislatives/#primaryimage","url":"https://www.ogbl.lu/wp-content/uploads/2013/10/logos11.jpg","contentUrl":"https://www.ogbl.lu/wp-content/uploads/2013/10/logos11.jpg","width":150,"height":131},{"@type":"BreadcrumbList","@id":"https://www.ogbl.lu/communique/lasti-et-logbl-sont-pour-le-droit-de-vote-des-etrangers-aux-elections-legislatives/#breadcrumb","itemListElement":[{"@type":"ListItem","position":1,"name":"Home","item":"https://www.ogbl.lu/"},{"@type":"ListItem","position":2,"name":"L’ASTI et l’OGBL sont pour le droit de vote des étrangers aux élections législatives"}]},{"@type":"WebSite","@id":"https://www.ogbl.lu/de/#website","url":"https://www.ogbl.lu/de/","name":"OGBL","description":"DIE GEWERKSCHAFT","publisher":{"@id":"https://www.ogbl.lu/de/#organization"},"potentialAction":[{"@type":"SearchAction","target":{"@type":"EntryPoint","urlTemplate":"https://www.ogbl.lu/de/?s={search_term_string}"},"query-input":"required name=search_term_string"}],"inLanguage":"de-DE"},{"@type":"Organization","@id":"https://www.ogbl.lu/de/#organization","name":"OGBL","url":"https://www.ogbl.lu/de/","logo":{"@type":"ImageObject","inLanguage":"de-DE","@id":"https://www.ogbl.lu/de/#/schema/logo/image/","url":"https://www.ogbl.lu/wp-content/uploads/2024/07/LOGO_Red_FR-svg.png","contentUrl":"https://www.ogbl.lu/wp-content/uploads/2024/07/LOGO_Red_FR-svg.png","width":369,"height":171,"caption":"OGBL"},"image":{"@id":"https://www.ogbl.lu/de/#/schema/logo/image/"}}]}</script>
<!-- / Yoast SEO plugin. -->

[:fr]L’ASTI et l’OGBL sont pour le droit de vote des étrangers aux élections législatives[:de]ASTI und OGBL sind für das Ausländerwahlrecht bei den Parlamentswahlen[:] - OGBL

Auf Anfrage der «Association de Soutien aux Travailleurs Immigrés ASTI asbl», hat der OGBL am Mittwoch, den 2. Oktober eine …

L’ASTI et l’OGBL sont pour le droit de vote des étrangers aux élections législatives
