{"id":1576,"date":"2013-10-01T12:14:52","date_gmt":"2013-10-01T10:14:52","guid":{"rendered":"https:\/\/www.ogbl.lu\/communiques\/des-journees-de-travail-de-22-heures-ne-sont-plus-dactualite"},"modified":"2023-05-23T19:44:16","modified_gmt":"2023-05-23T17:44:16","slug":"des-journees-de-travail-de-22-heures-ne-sont-plus-dactualite","status":"publish","type":"communiques","link":"https:\/\/www.ogbl.lu\/de\/communique\/des-journees-de-travail-de-22-heures-ne-sont-plus-dactualite\/","title":{"rendered":"Arbeitstage von 22 Stunden vorerst vom Tisch"},"content":{"rendered":"<p><img loading=\"lazy\" decoding=\"async\" src=\"https:\/\/www.ogbl.lu\/wp-content\/uploads\/communiques\/pilote.jpg\" alt=\"pilote\" width=\"150\" height=\"150\" class=\"alignleft size-full wp-image-14438\" \/> Das Syndikat zivile Luftfahrt des OGBL begr\u00fc\u03b2t den Beschluss des Transportausschusses des Europaparlaments vom 30. Septmber 2013, mit welchem die Europaabgeordneten mehrheitlich eine Resolution angenommen haben (21 Stimmen daf\u00fcr, 13 dagegen) die es erm\u00f6glicht, die Pl\u00e4ne der Europ\u00e4ischen Kommission, die Begrenzung der Flug- und Dienstzeiten des Kabinen- und Cockpitpersonals deutlich zu verschlechtern, einstweilen zu verhindern.<\/p>\n<p>Die Textvoschl\u00e4ge, die vor allem die Zustimmung Gro\u03b2britanniens und Irland erhielten, sahen Arbeitstage von bis zu 22 Stunden vor. Heute sind Arbeitstage von bis zu 18 Stunden gesetzlich m\u00f6glich. Wissenschaftler warnten vor gesundheitlichen Folgen, denen das Flugpersonal aufgrund von \u00dcberm\u00fcdung ausgesetzt sind.<\/p>\n<p>Die Abstimmung im Transportausschuss des EU-Parlaments ist ein Durchbruch zugunsten der Sicherheit des Flugpersonals und der Passagiere.<\/p>\n<p>In einer weiteren Etappe wird die vom Transportausschuss verabschiedete Resolution voraussichtlich in der Woche vom 21. Oktober 2013 im Plenum zur Abstimmung gebracht.<\/p>\n<p>Der OGBL hat die ETF (Europ\u00e4ische Transportarbeiter F\u00f6deration) aktiv in ihren Bem\u00fchungen unterst\u00fctzt, um die geplanten Verschlechterungen der Arbeitsbedingungen zu verhindern. In diesem Sinne ist der OGBL am 6. September 2013 bei den sechs Luxemburger Europaabgeordneten interveniert und hat sie f\u00fcr die Problematik sensibilisiert.<\/p>\n<p><strong>Mitgeteilt vom OGBL-Syndikat zivile Luftfahrt<br \/>\nam 1. Oktober 2013<br \/>\n<\/strong><\/p>","protected":false},"author":1,"featured_media":4336,"template":"","categorie_communiques":[44],"syndicat":[68],"acf":[],"yoast_head":"<!-- This site is optimized with the Yoast SEO plugin v23.1 - https:\/\/yoast.com\/wordpress\/plugins\/seo\/ -->\r\n<title>Arbeitstage von 22 Stunden vorerst vom Tisch - OGBL<\/title>\r\n<meta name=\"robots\" content=\"index, follow, max-snippet:-1, max-image-preview:large, max-video-preview:-1\" \/>\r\n<link rel=\"canonical\" href=\"https:\/\/www.ogbl.lu\/communique\/des-journees-de-travail-de-22-heures-ne-sont-plus-dactualite\/\" \/>\r\n<meta property=\"og:locale\" content=\"de_DE\" \/>\r\n<meta property=\"og:type\" content=\"article\" \/>\r\n<meta property=\"og:title\" content=\"[:fr]Des journ\u00e9es de travail de 22 heures ne sont plus d\u2019actualit\u00e9[:de]Arbeitstage von 22 Stunden vorerst vom Tisch[:] - OGBL\" \/>\r\n<meta property=\"og:description\" content=\"Das Syndikat zivile Luftfahrt des OGBL begr\u00fc\u03b2t den Beschluss des Transportausschusses des Europaparlaments vom 30. Septmber 2013, mit welchem die \u2026\" \/>\r\n<meta property=\"og:url\" content=\"https:\/\/www.ogbl.lu\/communique\/des-journees-de-travail-de-22-heures-ne-sont-plus-dactualite\/\" \/>\r\n<meta property=\"og:site_name\" content=\"OGBL\" \/>\r\n<meta property=\"article:modified_time\" content=\"2023-05-23T17:44:16+00:00\" \/>\r\n<meta property=\"og:image\" content=\"https:\/\/www.ogbl.lu\/wp-content\/uploads\/2013\/10\/pilote.jpg\" \/>\r\n\t<meta property=\"og:image:width\" content=\"150\" \/>\r\n\t<meta property=\"og:image:height\" content=\"150\" \/>\r\n\t<meta property=\"og:image:type\" content=\"image\/jpeg\" \/>\r\n<meta name=\"twitter:card\" content=\"summary_large_image\" \/>\r\n<meta name=\"twitter:label1\" content=\"Est. reading time\" \/>\n\t<meta name=\"twitter:data1\" content=\"2 Minuten\" \/>\r\n<script type=\"application\/ld+json\" class=\"yoast-schema-graph\">{\"@context\":\"https:\/\/schema.org\",\"@graph\":[{\"@type\":\"WebPage\",\"@id\":\"https:\/\/www.ogbl.lu\/communique\/des-journees-de-travail-de-22-heures-ne-sont-plus-dactualite\/\",\"url\":\"https:\/\/www.ogbl.lu\/communique\/des-journees-de-travail-de-22-heures-ne-sont-plus-dactualite\/\",\"name\":\"[:fr]Des journ\u00e9es de travail de 22 heures ne sont plus d\u2019actualit\u00e9[:de]Arbeitstage von 22 Stunden vorerst vom Tisch[:] - OGBL\",\"isPartOf\":{\"@id\":\"https:\/\/www.ogbl.lu\/de\/#website\"},\"primaryImageOfPage\":{\"@id\":\"https:\/\/www.ogbl.lu\/communique\/des-journees-de-travail-de-22-heures-ne-sont-plus-dactualite\/#primaryimage\"},\"image\":{\"@id\":\"https:\/\/www.ogbl.lu\/communique\/des-journees-de-travail-de-22-heures-ne-sont-plus-dactualite\/#primaryimage\"},\"thumbnailUrl\":\"https:\/\/www.ogbl.lu\/wp-content\/uploads\/2013\/10\/pilote.jpg\",\"datePublished\":\"2013-10-01T10:14:52+00:00\",\"dateModified\":\"2023-05-23T17:44:16+00:00\",\"breadcrumb\":{\"@id\":\"https:\/\/www.ogbl.lu\/communique\/des-journees-de-travail-de-22-heures-ne-sont-plus-dactualite\/#breadcrumb\"},\"inLanguage\":\"de-DE\",\"potentialAction\":[{\"@type\":\"ReadAction\",\"target\":[\"https:\/\/www.ogbl.lu\/communique\/des-journees-de-travail-de-22-heures-ne-sont-plus-dactualite\/\"]}]},{\"@type\":\"ImageObject\",\"inLanguage\":\"de-DE\",\"@id\":\"https:\/\/www.ogbl.lu\/communique\/des-journees-de-travail-de-22-heures-ne-sont-plus-dactualite\/#primaryimage\",\"url\":\"https:\/\/www.ogbl.lu\/wp-content\/uploads\/2013\/10\/pilote.jpg\",\"contentUrl\":\"https:\/\/www.ogbl.lu\/wp-content\/uploads\/2013\/10\/pilote.jpg\",\"width\":150,\"height\":150},{\"@type\":\"BreadcrumbList\",\"@id\":\"https:\/\/www.ogbl.lu\/communique\/des-journees-de-travail-de-22-heures-ne-sont-plus-dactualite\/#breadcrumb\",\"itemListElement\":[{\"@type\":\"ListItem\",\"position\":1,\"name\":\"Home\",\"item\":\"https:\/\/www.ogbl.lu\/\"},{\"@type\":\"ListItem\",\"position\":2,\"name\":\"Des journ\u00e9es de travail de 22 heures ne sont plus d\u2019actualit\u00e9\"}]},{\"@type\":\"WebSite\",\"@id\":\"https:\/\/www.ogbl.lu\/de\/#website\",\"url\":\"https:\/\/www.ogbl.lu\/de\/\",\"name\":\"OGBL\",\"description\":\"DIE GEWERKSCHAFT\",\"publisher\":{\"@id\":\"https:\/\/www.ogbl.lu\/de\/#organization\"},\"potentialAction\":[{\"@type\":\"SearchAction\",\"target\":{\"@type\":\"EntryPoint\",\"urlTemplate\":\"https:\/\/www.ogbl.lu\/de\/?s={search_term_string}\"},\"query-input\":\"required name=search_term_string\"}],\"inLanguage\":\"de-DE\"},{\"@type\":\"Organization\",\"@id\":\"https:\/\/www.ogbl.lu\/de\/#organization\",\"name\":\"OGBL\",\"url\":\"https:\/\/www.ogbl.lu\/de\/\",\"logo\":{\"@type\":\"ImageObject\",\"inLanguage\":\"de-DE\",\"@id\":\"https:\/\/www.ogbl.lu\/de\/#\/schema\/logo\/image\/\",\"url\":\"https:\/\/www.ogbl.lu\/wp-content\/uploads\/2024\/07\/LOGO_Red_FR-svg.png\",\"contentUrl\":\"https:\/\/www.ogbl.lu\/wp-content\/uploads\/2024\/07\/LOGO_Red_FR-svg.png\",\"width\":369,\"height\":171,\"caption\":\"OGBL\"},\"image\":{\"@id\":\"https:\/\/www.ogbl.lu\/de\/#\/schema\/logo\/image\/\"}}]}<\/script>\r\n<!-- \/ Yoast SEO plugin. -->","yoast_head_json":{"title":"[:fr]Des journ\u00e9es de travail de 22 heures ne sont plus d\u2019actualit\u00e9[:de]Arbeitstage von 22 Stunden vorerst vom Tisch[:] - OGBL","robots":{"index":"index","follow":"follow","max-snippet":"max-snippet:-1","max-image-preview":"max-image-preview:large","max-video-preview":"max-video-preview:-1"},"canonical":"https:\/\/www.ogbl.lu\/communique\/des-journees-de-travail-de-22-heures-ne-sont-plus-dactualite\/","og_locale":"de_DE","og_type":"article","og_title":"[:fr]Des journ\u00e9es de travail de 22 heures ne sont plus d\u2019actualit\u00e9[:de]Arbeitstage von 22 Stunden vorerst vom Tisch[:] - OGBL","og_description":"Das Syndikat zivile Luftfahrt des OGBL begr\u00fc\u03b2t den Beschluss des Transportausschusses des Europaparlaments vom 30. Septmber 2013, mit welchem die \u2026","og_url":"https:\/\/www.ogbl.lu\/communique\/des-journees-de-travail-de-22-heures-ne-sont-plus-dactualite\/","og_site_name":"OGBL","article_modified_time":"2023-05-23T17:44:16+00:00","og_image":[{"width":150,"height":150,"url":"https:\/\/www.ogbl.lu\/wp-content\/uploads\/2013\/10\/pilote.jpg","type":"image\/jpeg"}],"twitter_card":"summary_large_image","twitter_misc":{"Est. reading time":"2 Minuten"},"schema":{"@context":"https:\/\/schema.org","@graph":[{"@type":"WebPage","@id":"https:\/\/www.ogbl.lu\/communique\/des-journees-de-travail-de-22-heures-ne-sont-plus-dactualite\/","url":"https:\/\/www.ogbl.lu\/communique\/des-journees-de-travail-de-22-heures-ne-sont-plus-dactualite\/","name":"[:fr]Des journ\u00e9es de travail de 22 heures ne sont plus d\u2019actualit\u00e9[:de]Arbeitstage von 22 Stunden vorerst vom Tisch[:] - OGBL","isPartOf":{"@id":"https:\/\/www.ogbl.lu\/de\/#website"},"primaryImageOfPage":{"@id":"https:\/\/www.ogbl.lu\/communique\/des-journees-de-travail-de-22-heures-ne-sont-plus-dactualite\/#primaryimage"},"image":{"@id":"https:\/\/www.ogbl.lu\/communique\/des-journees-de-travail-de-22-heures-ne-sont-plus-dactualite\/#primaryimage"},"thumbnailUrl":"https:\/\/www.ogbl.lu\/wp-content\/uploads\/2013\/10\/pilote.jpg","datePublished":"2013-10-01T10:14:52+00:00","dateModified":"2023-05-23T17:44:16+00:00","breadcrumb":{"@id":"https:\/\/www.ogbl.lu\/communique\/des-journees-de-travail-de-22-heures-ne-sont-plus-dactualite\/#breadcrumb"},"inLanguage":"de-DE","potentialAction":[{"@type":"ReadAction","target":["https:\/\/www.ogbl.lu\/communique\/des-journees-de-travail-de-22-heures-ne-sont-plus-dactualite\/"]}]},{"@type":"ImageObject","inLanguage":"de-DE","@id":"https:\/\/www.ogbl.lu\/communique\/des-journees-de-travail-de-22-heures-ne-sont-plus-dactualite\/#primaryimage","url":"https:\/\/www.ogbl.lu\/wp-content\/uploads\/2013\/10\/pilote.jpg","contentUrl":"https:\/\/www.ogbl.lu\/wp-content\/uploads\/2013\/10\/pilote.jpg","width":150,"height":150},{"@type":"BreadcrumbList","@id":"https:\/\/www.ogbl.lu\/communique\/des-journees-de-travail-de-22-heures-ne-sont-plus-dactualite\/#breadcrumb","itemListElement":[{"@type":"ListItem","position":1,"name":"Home","item":"https:\/\/www.ogbl.lu\/"},{"@type":"ListItem","position":2,"name":"Des journ\u00e9es de travail de 22 heures ne sont plus d\u2019actualit\u00e9"}]},{"@type":"WebSite","@id":"https:\/\/www.ogbl.lu\/de\/#website","url":"https:\/\/www.ogbl.lu\/de\/","name":"OGBL","description":"DIE GEWERKSCHAFT","publisher":{"@id":"https:\/\/www.ogbl.lu\/de\/#organization"},"potentialAction":[{"@type":"SearchAction","target":{"@type":"EntryPoint","urlTemplate":"https:\/\/www.ogbl.lu\/de\/?s={search_term_string}"},"query-input":"required name=search_term_string"}],"inLanguage":"de-DE"},{"@type":"Organization","@id":"https:\/\/www.ogbl.lu\/de\/#organization","name":"OGBL","url":"https:\/\/www.ogbl.lu\/de\/","logo":{"@type":"ImageObject","inLanguage":"de-DE","@id":"https:\/\/www.ogbl.lu\/de\/#\/schema\/logo\/image\/","url":"https:\/\/www.ogbl.lu\/wp-content\/uploads\/2024\/07\/LOGO_Red_FR-svg.png","contentUrl":"https:\/\/www.ogbl.lu\/wp-content\/uploads\/2024\/07\/LOGO_Red_FR-svg.png","width":369,"height":171,"caption":"OGBL"},"image":{"@id":"https:\/\/www.ogbl.lu\/de\/#\/schema\/logo\/image\/"}}]}},"_links":{"self":[{"href":"https:\/\/www.ogbl.lu\/de\/wp-json\/wp\/v2\/communiques\/1576"}],"collection":[{"href":"https:\/\/www.ogbl.lu\/de\/wp-json\/wp\/v2\/communiques"}],"about":[{"href":"https:\/\/www.ogbl.lu\/de\/wp-json\/wp\/v2\/types\/communiques"}],"author":[{"embeddable":true,"href":"https:\/\/www.ogbl.lu\/de\/wp-json\/wp\/v2\/users\/1"}],"version-history":[{"count":0,"href":"https:\/\/www.ogbl.lu\/de\/wp-json\/wp\/v2\/communiques\/1576\/revisions"}],"wp:featuredmedia":[{"embeddable":true,"href":"https:\/\/www.ogbl.lu\/de\/wp-json\/wp\/v2\/media\/4336"}],"wp:attachment":[{"href":"https:\/\/www.ogbl.lu\/de\/wp-json\/wp\/v2\/media?parent=1576"}],"wp:term":[{"taxonomy":"categorie_communiques","embeddable":true,"href":"https:\/\/www.ogbl.lu\/de\/wp-json\/wp\/v2\/categorie_communiques?post=1576"},{"taxonomy":"syndicat","embeddable":true,"href":"https:\/\/www.ogbl.lu\/de\/wp-json\/wp\/v2\/syndicat?post=1576"}],"curies":[{"name":"wp","href":"https:\/\/api.w.org\/{rel}","templated":true}]}}

<p><img loading="lazy" decoding="async" src="https://www.ogbl.lu/wp-content/uploads/communiques/pilote.jpg" alt="pilote" width="150" height="150" class="alignleft size-full wp-image-14438" /> Das Syndikat zivile Luftfahrt des OGBL begrüβt den Beschluss des Transportausschusses des Europaparlaments vom 30. Septmber 2013, mit welchem die Europaabgeordneten mehrheitlich eine Resolution angenommen haben (21 Stimmen dafür, 13 dagegen) die es ermöglicht, die Pläne der Europäischen Kommission, die Begrenzung der Flug- und Dienstzeiten des Kabinen- und Cockpitpersonals deutlich zu verschlechtern, einstweilen zu verhindern.</p>
<p>Die Textvoschläge, die vor allem die Zustimmung Groβbritanniens und Irland erhielten, sahen Arbeitstage von bis zu 22 Stunden vor. Heute sind Arbeitstage von bis zu 18 Stunden gesetzlich möglich. Wissenschaftler warnten vor gesundheitlichen Folgen, denen das Flugpersonal aufgrund von Übermüdung ausgesetzt sind.</p>
<p>Die Abstimmung im Transportausschuss des EU-Parlaments ist ein Durchbruch zugunsten der Sicherheit des Flugpersonals und der Passagiere.</p>
<p>In einer weiteren Etappe wird die vom Transportausschuss verabschiedete Resolution voraussichtlich in der Woche vom 21. Oktober 2013 im Plenum zur Abstimmung gebracht.</p>
<p>Der OGBL hat die ETF (Europäische Transportarbeiter Föderation) aktiv in ihren Bemühungen unterstützt, um die geplanten Verschlechterungen der Arbeitsbedingungen zu verhindern. In diesem Sinne ist der OGBL am 6. September 2013 bei den sechs Luxemburger Europaabgeordneten interveniert und hat sie für die Problematik sensibilisiert.</p>
<p><strong>Mitgeteilt vom OGBL-Syndikat zivile Luftfahrt<br />
am 1. Oktober 2013<br />
</strong></p>

<!-- This site is optimized with the Yoast SEO plugin v23.1 - https://yoast.com/wordpress/plugins/seo/ -->
<title>Arbeitstage von 22 Stunden vorerst vom Tisch - OGBL</title>
<meta name="robots" content="index, follow, max-snippet:-1, max-image-preview:large, max-video-preview:-1" />
<link rel="canonical" href="https://www.ogbl.lu/communique/des-journees-de-travail-de-22-heures-ne-sont-plus-dactualite/" />
<meta property="og:locale" content="de_DE" />
<meta property="og:type" content="article" />
<meta property="og:title" content="[:fr]Des journées de travail de 22 heures ne sont plus d’actualité[:de]Arbeitstage von 22 Stunden vorerst vom Tisch[:] - OGBL" />
<meta property="og:description" content="Das Syndikat zivile Luftfahrt des OGBL begrüβt den Beschluss des Transportausschusses des Europaparlaments vom 30. Septmber 2013, mit welchem die …" />
<meta property="og:url" content="https://www.ogbl.lu/communique/des-journees-de-travail-de-22-heures-ne-sont-plus-dactualite/" />
<meta property="og:site_name" content="OGBL" />
<meta property="article:modified_time" content="2023-05-23T17:44:16+00:00" />
<meta property="og:image" content="https://www.ogbl.lu/wp-content/uploads/2013/10/pilote.jpg" />
	<meta property="og:image:width" content="150" />
	<meta property="og:image:height" content="150" />
	<meta property="og:image:type" content="image/jpeg" />
<meta name="twitter:card" content="summary_large_image" />
<meta name="twitter:label1" content="Est. reading time" />
	<meta name="twitter:data1" content="2 Minuten" />
<script type="application/ld+json" class="yoast-schema-graph">{"@context":"https://schema.org","@graph":[{"@type":"WebPage","@id":"https://www.ogbl.lu/communique/des-journees-de-travail-de-22-heures-ne-sont-plus-dactualite/","url":"https://www.ogbl.lu/communique/des-journees-de-travail-de-22-heures-ne-sont-plus-dactualite/","name":"[:fr]Des journées de travail de 22 heures ne sont plus d’actualité[:de]Arbeitstage von 22 Stunden vorerst vom Tisch[:] - OGBL","isPartOf":{"@id":"https://www.ogbl.lu/de/#website"},"primaryImageOfPage":{"@id":"https://www.ogbl.lu/communique/des-journees-de-travail-de-22-heures-ne-sont-plus-dactualite/#primaryimage"},"image":{"@id":"https://www.ogbl.lu/communique/des-journees-de-travail-de-22-heures-ne-sont-plus-dactualite/#primaryimage"},"thumbnailUrl":"https://www.ogbl.lu/wp-content/uploads/2013/10/pilote.jpg","datePublished":"2013-10-01T10:14:52+00:00","dateModified":"2023-05-23T17:44:16+00:00","breadcrumb":{"@id":"https://www.ogbl.lu/communique/des-journees-de-travail-de-22-heures-ne-sont-plus-dactualite/#breadcrumb"},"inLanguage":"de-DE","potentialAction":[{"@type":"ReadAction","target":["https://www.ogbl.lu/communique/des-journees-de-travail-de-22-heures-ne-sont-plus-dactualite/"]}]},{"@type":"ImageObject","inLanguage":"de-DE","@id":"https://www.ogbl.lu/communique/des-journees-de-travail-de-22-heures-ne-sont-plus-dactualite/#primaryimage","url":"https://www.ogbl.lu/wp-content/uploads/2013/10/pilote.jpg","contentUrl":"https://www.ogbl.lu/wp-content/uploads/2013/10/pilote.jpg","width":150,"height":150},{"@type":"BreadcrumbList","@id":"https://www.ogbl.lu/communique/des-journees-de-travail-de-22-heures-ne-sont-plus-dactualite/#breadcrumb","itemListElement":[{"@type":"ListItem","position":1,"name":"Home","item":"https://www.ogbl.lu/"},{"@type":"ListItem","position":2,"name":"Des journées de travail de 22 heures ne sont plus d’actualité"}]},{"@type":"WebSite","@id":"https://www.ogbl.lu/de/#website","url":"https://www.ogbl.lu/de/","name":"OGBL","description":"DIE GEWERKSCHAFT","publisher":{"@id":"https://www.ogbl.lu/de/#organization"},"potentialAction":[{"@type":"SearchAction","target":{"@type":"EntryPoint","urlTemplate":"https://www.ogbl.lu/de/?s={search_term_string}"},"query-input":"required name=search_term_string"}],"inLanguage":"de-DE"},{"@type":"Organization","@id":"https://www.ogbl.lu/de/#organization","name":"OGBL","url":"https://www.ogbl.lu/de/","logo":{"@type":"ImageObject","inLanguage":"de-DE","@id":"https://www.ogbl.lu/de/#/schema/logo/image/","url":"https://www.ogbl.lu/wp-content/uploads/2024/07/LOGO_Red_FR-svg.png","contentUrl":"https://www.ogbl.lu/wp-content/uploads/2024/07/LOGO_Red_FR-svg.png","width":369,"height":171,"caption":"OGBL"},"image":{"@id":"https://www.ogbl.lu/de/#/schema/logo/image/"}}]}</script>
<!-- / Yoast SEO plugin. -->

[:fr]Des journées de travail de 22 heures ne sont plus d’actualité[:de]Arbeitstage von 22 Stunden vorerst vom Tisch[:] - OGBL

Das Syndikat zivile Luftfahrt des OGBL begrüβt den Beschluss des Transportausschusses des Europaparlaments vom 30. Septmber 2013, mit welchem die …

Des journées de travail de 22 heures ne sont plus d’actualité
