{"id":1480,"date":"2013-06-12T12:09:00","date_gmt":"2013-06-12T10:09:00","guid":{"rendered":"https:\/\/www.ogbl.lu\/communiques\/echec-des-negociations-collectives-chez-heintz-van-landewyck"},"modified":"2023-06-02T13:40:32","modified_gmt":"2023-06-02T11:40:32","slug":"echec-des-negociations-collectives-chez-heintz-van-landewyck","status":"publish","type":"communiques","link":"https:\/\/www.ogbl.lu\/de\/communique\/echec-des-negociations-collectives-chez-heintz-van-landewyck\/","title":{"rendered":"Scheitern der Tarifverhandlungen bei Heintz van Landewyck"},"content":{"rendered":"<p><figure id=\"attachment_13373\" aria-describedby=\"caption-attachment-13373\" style=\"width: 150px\" class=\"wp-caption alignleft\"><img loading=\"lazy\" decoding=\"async\" class=\"size-full wp-image-13373 \" title=\"romain_daubenfeld_vignette\" src=\"https:\/\/www.ogbl.lu\/wp-content\/uploads\/communiques\/romain_daubenfeld_vignette.jpg\" alt=\"\" width=\"150\" height=\"150\" \/><figcaption id=\"caption-attachment-13373\" class=\"wp-caption-text\">Romain Daubenfeld, Zentralsekret\u00e4r<\/figcaption><\/figure><\/p>\n<p>Am Freitag, den 7. Juni scheiterten die Verhandlungen f\u00fcr einen neuen Kollektivvertrag.<\/p>\n<p>Nachdem die Arbeitgeber unannehmbare Bedingungen f\u00fcr die Unterschrift des Kollektivvertrags stellten, verlie\u00dfen sie den Verhandlungstisch.<\/p>\n<p>In einigen Punkten konnte Einigung erzielt werden aber die Direktion vermischte Lohnindexierung mit Lohnerh\u00f6hungen.<\/p>\n<p>So schlug die Direktion f\u00fcr das Jahr 2013 eine einmalige Pr\u00e4mienzahlung vor (letztes Angebot: 100 \u20ac), sowie f\u00fcr das Jahr 2014 eine Lohnerh\u00f6hung von 1,5% unter der Bedingung, dass das System der Lohnindexierung abgeschafft werde.<\/p>\n<p>Die OGBL-Vertreter erkl\u00e4rten, dass die automatische Lohnindexierung kein Instrument der Lohnpolitik, sondern lediglich ein Kompensationsmechanismus zum Erhalt der Kaufkraft ist. Au\u00dferdem garantiert die Lohnindexierung den Erhalt des sozialen Friedens.<\/p>\n<p>Die Arbeitnehmerseite verurteilt diese Haltung des Arbeitgebers als skandal\u00f6ses Verhalten gegen\u00fcber seinen Besch\u00e4ftigten.<\/p>\n<p>Sogar wenn das Unternehmen im Jahr 2013 Investitionen in H\u00f6he von 5.000.000 \u20ac in Luxemburg t\u00e4tigen wird \u2013 obwohl, nach Aussage der Direktion, die Gesch\u00e4ftsentwicklung eher m\u00e4\u00dfig sein soll \u2013, darf man nicht vergessen, dass es sich um ein rentables Unternehmen mit erheblichen Gewinnmargen handelt.<\/p>\n<p>Deshalb haben die Gewerkschaften beschlossen, das Nationale Schlichtungsamt anzurufen. Dies nachdem 95% des Personals ihnen diesbez\u00fcglich ein klares Mandat erteilt haben.<\/p>\n<p><strong>Mitgeteilt vom OGBL-Syndikat Nahrung, Genuss und Gastst\u00e4tten<\/strong><br \/>\n<strong> am 12. Juni 2013<\/strong><\/p>","protected":false},"author":1,"featured_media":4408,"template":"","categorie_communiques":[162],"syndicat":[165],"acf":[],"yoast_head":"<!-- This site is optimized with the Yoast SEO plugin v23.1 - https:\/\/yoast.com\/wordpress\/plugins\/seo\/ -->\r\n<title>Scheitern der Tarifverhandlungen bei Heintz van Landewyck - OGBL<\/title>\r\n<meta name=\"robots\" content=\"index, follow, max-snippet:-1, max-image-preview:large, max-video-preview:-1\" \/>\r\n<link rel=\"canonical\" href=\"https:\/\/www.ogbl.lu\/communique\/echec-des-negociations-collectives-chez-heintz-van-landewyck\/\" \/>\r\n<meta property=\"og:locale\" content=\"de_DE\" \/>\r\n<meta property=\"og:type\" content=\"article\" \/>\r\n<meta property=\"og:title\" content=\"[:fr]\u00c9chec des n\u00e9gociations collectives chez Heintz van Landewyck[:de]Scheitern der Tarifverhandlungen bei Heintz van Landewyck[:en]\u00c9chec des n\u00e9gociations collectives chez Heintz van Landewyck[:] - OGBL\" \/>\r\n<meta property=\"og:description\" content=\"Am Freitag, den 7. Juni scheiterten die Verhandlungen f\u00fcr einen neuen Kollektivvertrag. Nachdem die Arbeitgeber unannehmbare Bedingungen f\u00fcr die Unterschrift \u2026\" \/>\r\n<meta property=\"og:url\" content=\"https:\/\/www.ogbl.lu\/communique\/echec-des-negociations-collectives-chez-heintz-van-landewyck\/\" \/>\r\n<meta property=\"og:site_name\" content=\"OGBL\" \/>\r\n<meta property=\"article:modified_time\" content=\"2023-06-02T11:40:32+00:00\" \/>\r\n<meta property=\"og:image\" content=\"https:\/\/www.ogbl.lu\/wp-content\/uploads\/2013\/06\/romain_daubenfeld_vignette.jpg\" \/>\r\n\t<meta property=\"og:image:width\" content=\"150\" \/>\r\n\t<meta property=\"og:image:height\" content=\"150\" \/>\r\n\t<meta property=\"og:image:type\" content=\"image\/jpeg\" \/>\r\n<meta name=\"twitter:card\" content=\"summary_large_image\" \/>\r\n<meta name=\"twitter:label1\" content=\"Est. reading time\" \/>\n\t<meta name=\"twitter:data1\" content=\"2 Minuten\" \/>\r\n<script type=\"application\/ld+json\" class=\"yoast-schema-graph\">{\"@context\":\"https:\/\/schema.org\",\"@graph\":[{\"@type\":\"WebPage\",\"@id\":\"https:\/\/www.ogbl.lu\/communique\/echec-des-negociations-collectives-chez-heintz-van-landewyck\/\",\"url\":\"https:\/\/www.ogbl.lu\/communique\/echec-des-negociations-collectives-chez-heintz-van-landewyck\/\",\"name\":\"[:fr]\u00c9chec des n\u00e9gociations collectives chez Heintz van Landewyck[:de]Scheitern der Tarifverhandlungen bei Heintz van Landewyck[:en]\u00c9chec des n\u00e9gociations collectives chez Heintz van Landewyck[:] - OGBL\",\"isPartOf\":{\"@id\":\"https:\/\/www.ogbl.lu\/de\/#website\"},\"primaryImageOfPage\":{\"@id\":\"https:\/\/www.ogbl.lu\/communique\/echec-des-negociations-collectives-chez-heintz-van-landewyck\/#primaryimage\"},\"image\":{\"@id\":\"https:\/\/www.ogbl.lu\/communique\/echec-des-negociations-collectives-chez-heintz-van-landewyck\/#primaryimage\"},\"thumbnailUrl\":\"https:\/\/www.ogbl.lu\/wp-content\/uploads\/2013\/06\/romain_daubenfeld_vignette.jpg\",\"datePublished\":\"2013-06-12T10:09:00+00:00\",\"dateModified\":\"2023-06-02T11:40:32+00:00\",\"breadcrumb\":{\"@id\":\"https:\/\/www.ogbl.lu\/communique\/echec-des-negociations-collectives-chez-heintz-van-landewyck\/#breadcrumb\"},\"inLanguage\":\"de-DE\",\"potentialAction\":[{\"@type\":\"ReadAction\",\"target\":[\"https:\/\/www.ogbl.lu\/communique\/echec-des-negociations-collectives-chez-heintz-van-landewyck\/\"]}]},{\"@type\":\"ImageObject\",\"inLanguage\":\"de-DE\",\"@id\":\"https:\/\/www.ogbl.lu\/communique\/echec-des-negociations-collectives-chez-heintz-van-landewyck\/#primaryimage\",\"url\":\"https:\/\/www.ogbl.lu\/wp-content\/uploads\/2013\/06\/romain_daubenfeld_vignette.jpg\",\"contentUrl\":\"https:\/\/www.ogbl.lu\/wp-content\/uploads\/2013\/06\/romain_daubenfeld_vignette.jpg\",\"width\":150,\"height\":150},{\"@type\":\"BreadcrumbList\",\"@id\":\"https:\/\/www.ogbl.lu\/communique\/echec-des-negociations-collectives-chez-heintz-van-landewyck\/#breadcrumb\",\"itemListElement\":[{\"@type\":\"ListItem\",\"position\":1,\"name\":\"Home\",\"item\":\"https:\/\/www.ogbl.lu\/\"},{\"@type\":\"ListItem\",\"position\":2,\"name\":\"\u00c9chec des n\u00e9gociations collectives chez Heintz van Landewyck\"}]},{\"@type\":\"WebSite\",\"@id\":\"https:\/\/www.ogbl.lu\/de\/#website\",\"url\":\"https:\/\/www.ogbl.lu\/de\/\",\"name\":\"OGBL\",\"description\":\"DIE GEWERKSCHAFT\",\"publisher\":{\"@id\":\"https:\/\/www.ogbl.lu\/de\/#organization\"},\"potentialAction\":[{\"@type\":\"SearchAction\",\"target\":{\"@type\":\"EntryPoint\",\"urlTemplate\":\"https:\/\/www.ogbl.lu\/de\/?s={search_term_string}\"},\"query-input\":\"required name=search_term_string\"}],\"inLanguage\":\"de-DE\"},{\"@type\":\"Organization\",\"@id\":\"https:\/\/www.ogbl.lu\/de\/#organization\",\"name\":\"OGBL\",\"url\":\"https:\/\/www.ogbl.lu\/de\/\",\"logo\":{\"@type\":\"ImageObject\",\"inLanguage\":\"de-DE\",\"@id\":\"https:\/\/www.ogbl.lu\/de\/#\/schema\/logo\/image\/\",\"url\":\"https:\/\/www.ogbl.lu\/wp-content\/uploads\/2024\/07\/LOGO_Red_FR-svg.png\",\"contentUrl\":\"https:\/\/www.ogbl.lu\/wp-content\/uploads\/2024\/07\/LOGO_Red_FR-svg.png\",\"width\":369,\"height\":171,\"caption\":\"OGBL\"},\"image\":{\"@id\":\"https:\/\/www.ogbl.lu\/de\/#\/schema\/logo\/image\/\"}}]}<\/script>\r\n<!-- \/ Yoast SEO plugin. -->","yoast_head_json":{"title":"[:fr]\u00c9chec des n\u00e9gociations collectives chez Heintz van Landewyck[:de]Scheitern der Tarifverhandlungen bei Heintz van Landewyck[:en]\u00c9chec des n\u00e9gociations collectives chez Heintz van Landewyck[:] - OGBL","robots":{"index":"index","follow":"follow","max-snippet":"max-snippet:-1","max-image-preview":"max-image-preview:large","max-video-preview":"max-video-preview:-1"},"canonical":"https:\/\/www.ogbl.lu\/communique\/echec-des-negociations-collectives-chez-heintz-van-landewyck\/","og_locale":"de_DE","og_type":"article","og_title":"[:fr]\u00c9chec des n\u00e9gociations collectives chez Heintz van Landewyck[:de]Scheitern der Tarifverhandlungen bei Heintz van Landewyck[:en]\u00c9chec des n\u00e9gociations collectives chez Heintz van Landewyck[:] - OGBL","og_description":"Am Freitag, den 7. Juni scheiterten die Verhandlungen f\u00fcr einen neuen Kollektivvertrag. Nachdem die Arbeitgeber unannehmbare Bedingungen f\u00fcr die Unterschrift \u2026","og_url":"https:\/\/www.ogbl.lu\/communique\/echec-des-negociations-collectives-chez-heintz-van-landewyck\/","og_site_name":"OGBL","article_modified_time":"2023-06-02T11:40:32+00:00","og_image":[{"width":150,"height":150,"url":"https:\/\/www.ogbl.lu\/wp-content\/uploads\/2013\/06\/romain_daubenfeld_vignette.jpg","type":"image\/jpeg"}],"twitter_card":"summary_large_image","twitter_misc":{"Est. reading time":"2 Minuten"},"schema":{"@context":"https:\/\/schema.org","@graph":[{"@type":"WebPage","@id":"https:\/\/www.ogbl.lu\/communique\/echec-des-negociations-collectives-chez-heintz-van-landewyck\/","url":"https:\/\/www.ogbl.lu\/communique\/echec-des-negociations-collectives-chez-heintz-van-landewyck\/","name":"[:fr]\u00c9chec des n\u00e9gociations collectives chez Heintz van Landewyck[:de]Scheitern der Tarifverhandlungen bei Heintz van Landewyck[:en]\u00c9chec des n\u00e9gociations collectives chez Heintz van Landewyck[:] - OGBL","isPartOf":{"@id":"https:\/\/www.ogbl.lu\/de\/#website"},"primaryImageOfPage":{"@id":"https:\/\/www.ogbl.lu\/communique\/echec-des-negociations-collectives-chez-heintz-van-landewyck\/#primaryimage"},"image":{"@id":"https:\/\/www.ogbl.lu\/communique\/echec-des-negociations-collectives-chez-heintz-van-landewyck\/#primaryimage"},"thumbnailUrl":"https:\/\/www.ogbl.lu\/wp-content\/uploads\/2013\/06\/romain_daubenfeld_vignette.jpg","datePublished":"2013-06-12T10:09:00+00:00","dateModified":"2023-06-02T11:40:32+00:00","breadcrumb":{"@id":"https:\/\/www.ogbl.lu\/communique\/echec-des-negociations-collectives-chez-heintz-van-landewyck\/#breadcrumb"},"inLanguage":"de-DE","potentialAction":[{"@type":"ReadAction","target":["https:\/\/www.ogbl.lu\/communique\/echec-des-negociations-collectives-chez-heintz-van-landewyck\/"]}]},{"@type":"ImageObject","inLanguage":"de-DE","@id":"https:\/\/www.ogbl.lu\/communique\/echec-des-negociations-collectives-chez-heintz-van-landewyck\/#primaryimage","url":"https:\/\/www.ogbl.lu\/wp-content\/uploads\/2013\/06\/romain_daubenfeld_vignette.jpg","contentUrl":"https:\/\/www.ogbl.lu\/wp-content\/uploads\/2013\/06\/romain_daubenfeld_vignette.jpg","width":150,"height":150},{"@type":"BreadcrumbList","@id":"https:\/\/www.ogbl.lu\/communique\/echec-des-negociations-collectives-chez-heintz-van-landewyck\/#breadcrumb","itemListElement":[{"@type":"ListItem","position":1,"name":"Home","item":"https:\/\/www.ogbl.lu\/"},{"@type":"ListItem","position":2,"name":"\u00c9chec des n\u00e9gociations collectives chez Heintz van Landewyck"}]},{"@type":"WebSite","@id":"https:\/\/www.ogbl.lu\/de\/#website","url":"https:\/\/www.ogbl.lu\/de\/","name":"OGBL","description":"DIE GEWERKSCHAFT","publisher":{"@id":"https:\/\/www.ogbl.lu\/de\/#organization"},"potentialAction":[{"@type":"SearchAction","target":{"@type":"EntryPoint","urlTemplate":"https:\/\/www.ogbl.lu\/de\/?s={search_term_string}"},"query-input":"required name=search_term_string"}],"inLanguage":"de-DE"},{"@type":"Organization","@id":"https:\/\/www.ogbl.lu\/de\/#organization","name":"OGBL","url":"https:\/\/www.ogbl.lu\/de\/","logo":{"@type":"ImageObject","inLanguage":"de-DE","@id":"https:\/\/www.ogbl.lu\/de\/#\/schema\/logo\/image\/","url":"https:\/\/www.ogbl.lu\/wp-content\/uploads\/2024\/07\/LOGO_Red_FR-svg.png","contentUrl":"https:\/\/www.ogbl.lu\/wp-content\/uploads\/2024\/07\/LOGO_Red_FR-svg.png","width":369,"height":171,"caption":"OGBL"},"image":{"@id":"https:\/\/www.ogbl.lu\/de\/#\/schema\/logo\/image\/"}}]}},"_links":{"self":[{"href":"https:\/\/www.ogbl.lu\/de\/wp-json\/wp\/v2\/communiques\/1480"}],"collection":[{"href":"https:\/\/www.ogbl.lu\/de\/wp-json\/wp\/v2\/communiques"}],"about":[{"href":"https:\/\/www.ogbl.lu\/de\/wp-json\/wp\/v2\/types\/communiques"}],"author":[{"embeddable":true,"href":"https:\/\/www.ogbl.lu\/de\/wp-json\/wp\/v2\/users\/1"}],"version-history":[{"count":0,"href":"https:\/\/www.ogbl.lu\/de\/wp-json\/wp\/v2\/communiques\/1480\/revisions"}],"wp:featuredmedia":[{"embeddable":true,"href":"https:\/\/www.ogbl.lu\/de\/wp-json\/wp\/v2\/media\/4408"}],"wp:attachment":[{"href":"https:\/\/www.ogbl.lu\/de\/wp-json\/wp\/v2\/media?parent=1480"}],"wp:term":[{"taxonomy":"categorie_communiques","embeddable":true,"href":"https:\/\/www.ogbl.lu\/de\/wp-json\/wp\/v2\/categorie_communiques?post=1480"},{"taxonomy":"syndicat","embeddable":true,"href":"https:\/\/www.ogbl.lu\/de\/wp-json\/wp\/v2\/syndicat?post=1480"}],"curies":[{"name":"wp","href":"https:\/\/api.w.org\/{rel}","templated":true}]}}

<p><figure id="attachment_13373" aria-describedby="caption-attachment-13373" style="width: 150px" class="wp-caption alignleft"><img loading="lazy" decoding="async" class="size-full wp-image-13373 " title="romain_daubenfeld_vignette" src="https://www.ogbl.lu/wp-content/uploads/communiques/romain_daubenfeld_vignette.jpg" alt="" width="150" height="150" /><figcaption id="caption-attachment-13373" class="wp-caption-text">Romain Daubenfeld, Zentralsekretär</figcaption></figure></p>
<p>Am Freitag, den 7. Juni scheiterten die Verhandlungen für einen neuen Kollektivvertrag.</p>
<p>Nachdem die Arbeitgeber unannehmbare Bedingungen für die Unterschrift des Kollektivvertrags stellten, verließen sie den Verhandlungstisch.</p>
<p>In einigen Punkten konnte Einigung erzielt werden aber die Direktion vermischte Lohnindexierung mit Lohnerhöhungen.</p>
<p>So schlug die Direktion für das Jahr 2013 eine einmalige Prämienzahlung vor (letztes Angebot: 100 €), sowie für das Jahr 2014 eine Lohnerhöhung von 1,5% unter der Bedingung, dass das System der Lohnindexierung abgeschafft werde.</p>
<p>Die OGBL-Vertreter erklärten, dass die automatische Lohnindexierung kein Instrument der Lohnpolitik, sondern lediglich ein Kompensationsmechanismus zum Erhalt der Kaufkraft ist. Außerdem garantiert die Lohnindexierung den Erhalt des sozialen Friedens.</p>
<p>Die Arbeitnehmerseite verurteilt diese Haltung des Arbeitgebers als skandalöses Verhalten gegenüber seinen Beschäftigten.</p>
<p>Sogar wenn das Unternehmen im Jahr 2013 Investitionen in Höhe von 5.000.000 € in Luxemburg tätigen wird – obwohl, nach Aussage der Direktion, die Geschäftsentwicklung eher mäßig sein soll –, darf man nicht vergessen, dass es sich um ein rentables Unternehmen mit erheblichen Gewinnmargen handelt.</p>
<p>Deshalb haben die Gewerkschaften beschlossen, das Nationale Schlichtungsamt anzurufen. Dies nachdem 95% des Personals ihnen diesbezüglich ein klares Mandat erteilt haben.</p>
<p><strong>Mitgeteilt vom OGBL-Syndikat Nahrung, Genuss und Gaststätten</strong><br />
<strong> am 12. Juni 2013</strong></p>

<!-- This site is optimized with the Yoast SEO plugin v23.1 - https://yoast.com/wordpress/plugins/seo/ -->
<title>Scheitern der Tarifverhandlungen bei Heintz van Landewyck - OGBL</title>
<meta name="robots" content="index, follow, max-snippet:-1, max-image-preview:large, max-video-preview:-1" />
<link rel="canonical" href="https://www.ogbl.lu/communique/echec-des-negociations-collectives-chez-heintz-van-landewyck/" />
<meta property="og:locale" content="de_DE" />
<meta property="og:type" content="article" />
<meta property="og:title" content="[:fr]Échec des négociations collectives chez Heintz van Landewyck[:de]Scheitern der Tarifverhandlungen bei Heintz van Landewyck[:en]Échec des négociations collectives chez Heintz van Landewyck[:] - OGBL" />
<meta property="og:description" content="Am Freitag, den 7. Juni scheiterten die Verhandlungen für einen neuen Kollektivvertrag. Nachdem die Arbeitgeber unannehmbare Bedingungen für die Unterschrift …" />
<meta property="og:url" content="https://www.ogbl.lu/communique/echec-des-negociations-collectives-chez-heintz-van-landewyck/" />
<meta property="og:site_name" content="OGBL" />
<meta property="article:modified_time" content="2023-06-02T11:40:32+00:00" />
<meta property="og:image" content="https://www.ogbl.lu/wp-content/uploads/2013/06/romain_daubenfeld_vignette.jpg" />
	<meta property="og:image:width" content="150" />
	<meta property="og:image:height" content="150" />
	<meta property="og:image:type" content="image/jpeg" />
<meta name="twitter:card" content="summary_large_image" />
<meta name="twitter:label1" content="Est. reading time" />
	<meta name="twitter:data1" content="2 Minuten" />
<script type="application/ld+json" class="yoast-schema-graph">{"@context":"https://schema.org","@graph":[{"@type":"WebPage","@id":"https://www.ogbl.lu/communique/echec-des-negociations-collectives-chez-heintz-van-landewyck/","url":"https://www.ogbl.lu/communique/echec-des-negociations-collectives-chez-heintz-van-landewyck/","name":"[:fr]Échec des négociations collectives chez Heintz van Landewyck[:de]Scheitern der Tarifverhandlungen bei Heintz van Landewyck[:en]Échec des négociations collectives chez Heintz van Landewyck[:] - OGBL","isPartOf":{"@id":"https://www.ogbl.lu/de/#website"},"primaryImageOfPage":{"@id":"https://www.ogbl.lu/communique/echec-des-negociations-collectives-chez-heintz-van-landewyck/#primaryimage"},"image":{"@id":"https://www.ogbl.lu/communique/echec-des-negociations-collectives-chez-heintz-van-landewyck/#primaryimage"},"thumbnailUrl":"https://www.ogbl.lu/wp-content/uploads/2013/06/romain_daubenfeld_vignette.jpg","datePublished":"2013-06-12T10:09:00+00:00","dateModified":"2023-06-02T11:40:32+00:00","breadcrumb":{"@id":"https://www.ogbl.lu/communique/echec-des-negociations-collectives-chez-heintz-van-landewyck/#breadcrumb"},"inLanguage":"de-DE","potentialAction":[{"@type":"ReadAction","target":["https://www.ogbl.lu/communique/echec-des-negociations-collectives-chez-heintz-van-landewyck/"]}]},{"@type":"ImageObject","inLanguage":"de-DE","@id":"https://www.ogbl.lu/communique/echec-des-negociations-collectives-chez-heintz-van-landewyck/#primaryimage","url":"https://www.ogbl.lu/wp-content/uploads/2013/06/romain_daubenfeld_vignette.jpg","contentUrl":"https://www.ogbl.lu/wp-content/uploads/2013/06/romain_daubenfeld_vignette.jpg","width":150,"height":150},{"@type":"BreadcrumbList","@id":"https://www.ogbl.lu/communique/echec-des-negociations-collectives-chez-heintz-van-landewyck/#breadcrumb","itemListElement":[{"@type":"ListItem","position":1,"name":"Home","item":"https://www.ogbl.lu/"},{"@type":"ListItem","position":2,"name":"Échec des négociations collectives chez Heintz van Landewyck"}]},{"@type":"WebSite","@id":"https://www.ogbl.lu/de/#website","url":"https://www.ogbl.lu/de/","name":"OGBL","description":"DIE GEWERKSCHAFT","publisher":{"@id":"https://www.ogbl.lu/de/#organization"},"potentialAction":[{"@type":"SearchAction","target":{"@type":"EntryPoint","urlTemplate":"https://www.ogbl.lu/de/?s={search_term_string}"},"query-input":"required name=search_term_string"}],"inLanguage":"de-DE"},{"@type":"Organization","@id":"https://www.ogbl.lu/de/#organization","name":"OGBL","url":"https://www.ogbl.lu/de/","logo":{"@type":"ImageObject","inLanguage":"de-DE","@id":"https://www.ogbl.lu/de/#/schema/logo/image/","url":"https://www.ogbl.lu/wp-content/uploads/2024/07/LOGO_Red_FR-svg.png","contentUrl":"https://www.ogbl.lu/wp-content/uploads/2024/07/LOGO_Red_FR-svg.png","width":369,"height":171,"caption":"OGBL"},"image":{"@id":"https://www.ogbl.lu/de/#/schema/logo/image/"}}]}</script>
<!-- / Yoast SEO plugin. -->

[:fr]Échec des négociations collectives chez Heintz van Landewyck[:de]Scheitern der Tarifverhandlungen bei Heintz van Landewyck[:en]Échec des négociations collectives chez Heintz van Landewyck[:] - OGBL

Am Freitag, den 7. Juni scheiterten die Verhandlungen für einen neuen Kollektivvertrag. Nachdem die Arbeitgeber unannehmbare Bedingungen für die Unterschrift …

Échec des négociations collectives chez Heintz van Landewyck
