{"id":1112,"date":"2012-02-27T16:06:32","date_gmt":"2012-02-27T15:06:32","guid":{"rendered":"https:\/\/www.ogbl.lu\/communiques\/logbl-demande-au-gouvernement-de-modifier-la-loi-et-de-mettre-fin-aux-discriminations"},"modified":"2023-05-30T10:27:33","modified_gmt":"2023-05-30T08:27:33","slug":"logbl-demande-au-gouvernement-de-modifier-la-loi-et-de-mettre-fin-aux-discriminations","status":"publish","type":"communiques","link":"https:\/\/www.ogbl.lu\/de\/communique\/logbl-demande-au-gouvernement-de-modifier-la-loi-et-de-mettre-fin-aux-discriminations\/","title":{"rendered":"Der OGBL fordert die Regierung auf das Gesetz zu \u00e4ndern und den Diskriminierungen ein Ende zu setzen"},"content":{"rendered":"<p><a href=\"https:\/\/www.ogbl.lu\/wp-content\/uploads\/communiques\/etudiants1.jpg\"><img loading=\"lazy\" decoding=\"async\" class=\"alignleft size-full wp-image-6678\" title=\"etudiants\" src=\"https:\/\/www.ogbl.lu\/wp-content\/uploads\/communiques\/etudiants1.jpg\" alt=\"\" width=\"225\" height=\"150\" \/><\/a>Die Europ\u00e4ische Kommission hat heute Morgen eine im Artikel 258 des Vertrags \u00fcber die Funktionsweise der europ\u00e4ischen Union vorgesehene \u201emit Gr\u00fcnden versehene Stellungnahme\u201c an Luxemburg gerichtet und die Regierung aufgefordert, die Diskriminierung der Grenzg\u00e4nger und ihrer Familienangeh\u00f6rigen bei der Vergabe von Studienbeihilfen sowie Familienleistungen wie dem sogenannten \u201eKinderbonus\u201c zu beenden.<br \/>\nDies ist eine neue Etappe in dem von der Kommission gegen Luxemburg eingeleiteten Verfahren aufgrund der Beschwerde, die der OGBL Anfang August 2010 bei der Europ\u00e4ischen Kommission eingereicht hatte.<\/p>\n<p>Anstatt sich stur zu stellen und eine Verurteilung durch den Europ\u00e4ischen Gerichtshof zu riskieren, m\u00fcsste die Regierung endlich eingestehen, dass das Gesetz vom 26. Juli 2010 ein juristischer und politischer Fehler war, den es schnellstens zu beheben gilt.<\/p>\n<p>Der OGBL appelliert deshalb eindringlich an die Regierung das Gesetz zu \u00e4ndern und es in \u00dcbereinstimmung mit den EU-Bestimmungen zu bringen.<\/p>\n<p><strong>Mitgeteilt vom OGBL<\/strong><br \/>\n<strong> am 27. Februar 2012<\/strong><\/p>","protected":false},"author":1,"featured_media":4688,"template":"","categorie_communiques":[128,126,127],"syndicat":[113,112,100],"acf":[],"yoast_head":"<!-- This site is optimized with the Yoast SEO plugin v23.1 - https:\/\/yoast.com\/wordpress\/plugins\/seo\/ -->\r\n<title>Der OGBL fordert die Regierung auf das Gesetz zu \u00e4ndern und den Diskriminierungen ein Ende zu setzen - OGBL<\/title>\r\n<meta name=\"robots\" content=\"index, follow, max-snippet:-1, max-image-preview:large, max-video-preview:-1\" \/>\r\n<link rel=\"canonical\" href=\"https:\/\/www.ogbl.lu\/communique\/logbl-demande-au-gouvernement-de-modifier-la-loi-et-de-mettre-fin-aux-discriminations\/\" \/>\r\n<meta property=\"og:locale\" content=\"de_DE\" \/>\r\n<meta property=\"og:type\" content=\"article\" \/>\r\n<meta property=\"og:title\" content=\"[:fr]L\u2019OGBL demande au gouvernement de modifier la loi et de mettre fin aux discriminations[:de]Der OGBL fordert die Regierung auf das Gesetz zu \u00e4ndern und den Diskriminierungen ein Ende zu setzen[:en]L\u2019OGBL demande au gouvernement de modifier la loi et de mettre fin aux discriminations[:] - OGBL\" \/>\r\n<meta property=\"og:description\" content=\"Die Europ\u00e4ische Kommission hat heute Morgen eine im Artikel 258 des Vertrags \u00fcber die Funktionsweise der europ\u00e4ischen Union vorgesehene \u201emit \u2026\" \/>\r\n<meta property=\"og:url\" content=\"https:\/\/www.ogbl.lu\/communique\/logbl-demande-au-gouvernement-de-modifier-la-loi-et-de-mettre-fin-aux-discriminations\/\" \/>\r\n<meta property=\"og:site_name\" content=\"OGBL\" \/>\r\n<meta property=\"article:modified_time\" content=\"2023-05-30T08:27:33+00:00\" \/>\r\n<meta property=\"og:image\" content=\"https:\/\/www.ogbl.lu\/wp-content\/uploads\/2012\/02\/etudiants1.jpg\" \/>\r\n\t<meta property=\"og:image:width\" content=\"225\" \/>\r\n\t<meta property=\"og:image:height\" content=\"150\" \/>\r\n\t<meta property=\"og:image:type\" content=\"image\/jpeg\" \/>\r\n<meta name=\"twitter:card\" content=\"summary_large_image\" \/>\r\n<meta name=\"twitter:label1\" content=\"Est. reading time\" \/>\n\t<meta name=\"twitter:data1\" content=\"2 Minuten\" \/>\r\n<script type=\"application\/ld+json\" class=\"yoast-schema-graph\">{\"@context\":\"https:\/\/schema.org\",\"@graph\":[{\"@type\":\"WebPage\",\"@id\":\"https:\/\/www.ogbl.lu\/communique\/logbl-demande-au-gouvernement-de-modifier-la-loi-et-de-mettre-fin-aux-discriminations\/\",\"url\":\"https:\/\/www.ogbl.lu\/communique\/logbl-demande-au-gouvernement-de-modifier-la-loi-et-de-mettre-fin-aux-discriminations\/\",\"name\":\"[:fr]L\u2019OGBL demande au gouvernement de modifier la loi et de mettre fin aux discriminations[:de]Der OGBL fordert die Regierung auf das Gesetz zu \u00e4ndern und den Diskriminierungen ein Ende zu setzen[:en]L\u2019OGBL demande au gouvernement de modifier la loi et de mettre fin aux discriminations[:] - OGBL\",\"isPartOf\":{\"@id\":\"https:\/\/www.ogbl.lu\/de\/#website\"},\"primaryImageOfPage\":{\"@id\":\"https:\/\/www.ogbl.lu\/communique\/logbl-demande-au-gouvernement-de-modifier-la-loi-et-de-mettre-fin-aux-discriminations\/#primaryimage\"},\"image\":{\"@id\":\"https:\/\/www.ogbl.lu\/communique\/logbl-demande-au-gouvernement-de-modifier-la-loi-et-de-mettre-fin-aux-discriminations\/#primaryimage\"},\"thumbnailUrl\":\"https:\/\/www.ogbl.lu\/wp-content\/uploads\/2012\/02\/etudiants1.jpg\",\"datePublished\":\"2012-02-27T15:06:32+00:00\",\"dateModified\":\"2023-05-30T08:27:33+00:00\",\"breadcrumb\":{\"@id\":\"https:\/\/www.ogbl.lu\/communique\/logbl-demande-au-gouvernement-de-modifier-la-loi-et-de-mettre-fin-aux-discriminations\/#breadcrumb\"},\"inLanguage\":\"de-DE\",\"potentialAction\":[{\"@type\":\"ReadAction\",\"target\":[\"https:\/\/www.ogbl.lu\/communique\/logbl-demande-au-gouvernement-de-modifier-la-loi-et-de-mettre-fin-aux-discriminations\/\"]}]},{\"@type\":\"ImageObject\",\"inLanguage\":\"de-DE\",\"@id\":\"https:\/\/www.ogbl.lu\/communique\/logbl-demande-au-gouvernement-de-modifier-la-loi-et-de-mettre-fin-aux-discriminations\/#primaryimage\",\"url\":\"https:\/\/www.ogbl.lu\/wp-content\/uploads\/2012\/02\/etudiants1.jpg\",\"contentUrl\":\"https:\/\/www.ogbl.lu\/wp-content\/uploads\/2012\/02\/etudiants1.jpg\",\"width\":225,\"height\":150},{\"@type\":\"BreadcrumbList\",\"@id\":\"https:\/\/www.ogbl.lu\/communique\/logbl-demande-au-gouvernement-de-modifier-la-loi-et-de-mettre-fin-aux-discriminations\/#breadcrumb\",\"itemListElement\":[{\"@type\":\"ListItem\",\"position\":1,\"name\":\"Home\",\"item\":\"https:\/\/www.ogbl.lu\/\"},{\"@type\":\"ListItem\",\"position\":2,\"name\":\"L\u2019OGBL demande au gouvernement de modifier la loi et de mettre fin aux discriminations\"}]},{\"@type\":\"WebSite\",\"@id\":\"https:\/\/www.ogbl.lu\/de\/#website\",\"url\":\"https:\/\/www.ogbl.lu\/de\/\",\"name\":\"OGBL\",\"description\":\"DIE GEWERKSCHAFT\",\"publisher\":{\"@id\":\"https:\/\/www.ogbl.lu\/de\/#organization\"},\"potentialAction\":[{\"@type\":\"SearchAction\",\"target\":{\"@type\":\"EntryPoint\",\"urlTemplate\":\"https:\/\/www.ogbl.lu\/de\/?s={search_term_string}\"},\"query-input\":\"required name=search_term_string\"}],\"inLanguage\":\"de-DE\"},{\"@type\":\"Organization\",\"@id\":\"https:\/\/www.ogbl.lu\/de\/#organization\",\"name\":\"OGBL\",\"url\":\"https:\/\/www.ogbl.lu\/de\/\",\"logo\":{\"@type\":\"ImageObject\",\"inLanguage\":\"de-DE\",\"@id\":\"https:\/\/www.ogbl.lu\/de\/#\/schema\/logo\/image\/\",\"url\":\"https:\/\/www.ogbl.lu\/wp-content\/uploads\/2024\/07\/LOGO_Red_FR-svg.png\",\"contentUrl\":\"https:\/\/www.ogbl.lu\/wp-content\/uploads\/2024\/07\/LOGO_Red_FR-svg.png\",\"width\":369,\"height\":171,\"caption\":\"OGBL\"},\"image\":{\"@id\":\"https:\/\/www.ogbl.lu\/de\/#\/schema\/logo\/image\/\"}}]}<\/script>\r\n<!-- \/ Yoast SEO plugin. -->","yoast_head_json":{"title":"[:fr]L\u2019OGBL demande au gouvernement de modifier la loi et de mettre fin aux discriminations[:de]Der OGBL fordert die Regierung auf das Gesetz zu \u00e4ndern und den Diskriminierungen ein Ende zu setzen[:en]L\u2019OGBL demande au gouvernement de modifier la loi et de mettre fin aux discriminations[:] - OGBL","robots":{"index":"index","follow":"follow","max-snippet":"max-snippet:-1","max-image-preview":"max-image-preview:large","max-video-preview":"max-video-preview:-1"},"canonical":"https:\/\/www.ogbl.lu\/communique\/logbl-demande-au-gouvernement-de-modifier-la-loi-et-de-mettre-fin-aux-discriminations\/","og_locale":"de_DE","og_type":"article","og_title":"[:fr]L\u2019OGBL demande au gouvernement de modifier la loi et de mettre fin aux discriminations[:de]Der OGBL fordert die Regierung auf das Gesetz zu \u00e4ndern und den Diskriminierungen ein Ende zu setzen[:en]L\u2019OGBL demande au gouvernement de modifier la loi et de mettre fin aux discriminations[:] - OGBL","og_description":"Die Europ\u00e4ische Kommission hat heute Morgen eine im Artikel 258 des Vertrags \u00fcber die Funktionsweise der europ\u00e4ischen Union vorgesehene \u201emit \u2026","og_url":"https:\/\/www.ogbl.lu\/communique\/logbl-demande-au-gouvernement-de-modifier-la-loi-et-de-mettre-fin-aux-discriminations\/","og_site_name":"OGBL","article_modified_time":"2023-05-30T08:27:33+00:00","og_image":[{"width":225,"height":150,"url":"https:\/\/www.ogbl.lu\/wp-content\/uploads\/2012\/02\/etudiants1.jpg","type":"image\/jpeg"}],"twitter_card":"summary_large_image","twitter_misc":{"Est. reading time":"2 Minuten"},"schema":{"@context":"https:\/\/schema.org","@graph":[{"@type":"WebPage","@id":"https:\/\/www.ogbl.lu\/communique\/logbl-demande-au-gouvernement-de-modifier-la-loi-et-de-mettre-fin-aux-discriminations\/","url":"https:\/\/www.ogbl.lu\/communique\/logbl-demande-au-gouvernement-de-modifier-la-loi-et-de-mettre-fin-aux-discriminations\/","name":"[:fr]L\u2019OGBL demande au gouvernement de modifier la loi et de mettre fin aux discriminations[:de]Der OGBL fordert die Regierung auf das Gesetz zu \u00e4ndern und den Diskriminierungen ein Ende zu setzen[:en]L\u2019OGBL demande au gouvernement de modifier la loi et de mettre fin aux discriminations[:] - OGBL","isPartOf":{"@id":"https:\/\/www.ogbl.lu\/de\/#website"},"primaryImageOfPage":{"@id":"https:\/\/www.ogbl.lu\/communique\/logbl-demande-au-gouvernement-de-modifier-la-loi-et-de-mettre-fin-aux-discriminations\/#primaryimage"},"image":{"@id":"https:\/\/www.ogbl.lu\/communique\/logbl-demande-au-gouvernement-de-modifier-la-loi-et-de-mettre-fin-aux-discriminations\/#primaryimage"},"thumbnailUrl":"https:\/\/www.ogbl.lu\/wp-content\/uploads\/2012\/02\/etudiants1.jpg","datePublished":"2012-02-27T15:06:32+00:00","dateModified":"2023-05-30T08:27:33+00:00","breadcrumb":{"@id":"https:\/\/www.ogbl.lu\/communique\/logbl-demande-au-gouvernement-de-modifier-la-loi-et-de-mettre-fin-aux-discriminations\/#breadcrumb"},"inLanguage":"de-DE","potentialAction":[{"@type":"ReadAction","target":["https:\/\/www.ogbl.lu\/communique\/logbl-demande-au-gouvernement-de-modifier-la-loi-et-de-mettre-fin-aux-discriminations\/"]}]},{"@type":"ImageObject","inLanguage":"de-DE","@id":"https:\/\/www.ogbl.lu\/communique\/logbl-demande-au-gouvernement-de-modifier-la-loi-et-de-mettre-fin-aux-discriminations\/#primaryimage","url":"https:\/\/www.ogbl.lu\/wp-content\/uploads\/2012\/02\/etudiants1.jpg","contentUrl":"https:\/\/www.ogbl.lu\/wp-content\/uploads\/2012\/02\/etudiants1.jpg","width":225,"height":150},{"@type":"BreadcrumbList","@id":"https:\/\/www.ogbl.lu\/communique\/logbl-demande-au-gouvernement-de-modifier-la-loi-et-de-mettre-fin-aux-discriminations\/#breadcrumb","itemListElement":[{"@type":"ListItem","position":1,"name":"Home","item":"https:\/\/www.ogbl.lu\/"},{"@type":"ListItem","position":2,"name":"L\u2019OGBL demande au gouvernement de modifier la loi et de mettre fin aux discriminations"}]},{"@type":"WebSite","@id":"https:\/\/www.ogbl.lu\/de\/#website","url":"https:\/\/www.ogbl.lu\/de\/","name":"OGBL","description":"DIE GEWERKSCHAFT","publisher":{"@id":"https:\/\/www.ogbl.lu\/de\/#organization"},"potentialAction":[{"@type":"SearchAction","target":{"@type":"EntryPoint","urlTemplate":"https:\/\/www.ogbl.lu\/de\/?s={search_term_string}"},"query-input":"required name=search_term_string"}],"inLanguage":"de-DE"},{"@type":"Organization","@id":"https:\/\/www.ogbl.lu\/de\/#organization","name":"OGBL","url":"https:\/\/www.ogbl.lu\/de\/","logo":{"@type":"ImageObject","inLanguage":"de-DE","@id":"https:\/\/www.ogbl.lu\/de\/#\/schema\/logo\/image\/","url":"https:\/\/www.ogbl.lu\/wp-content\/uploads\/2024\/07\/LOGO_Red_FR-svg.png","contentUrl":"https:\/\/www.ogbl.lu\/wp-content\/uploads\/2024\/07\/LOGO_Red_FR-svg.png","width":369,"height":171,"caption":"OGBL"},"image":{"@id":"https:\/\/www.ogbl.lu\/de\/#\/schema\/logo\/image\/"}}]}},"_links":{"self":[{"href":"https:\/\/www.ogbl.lu\/de\/wp-json\/wp\/v2\/communiques\/1112"}],"collection":[{"href":"https:\/\/www.ogbl.lu\/de\/wp-json\/wp\/v2\/communiques"}],"about":[{"href":"https:\/\/www.ogbl.lu\/de\/wp-json\/wp\/v2\/types\/communiques"}],"author":[{"embeddable":true,"href":"https:\/\/www.ogbl.lu\/de\/wp-json\/wp\/v2\/users\/1"}],"version-history":[{"count":0,"href":"https:\/\/www.ogbl.lu\/de\/wp-json\/wp\/v2\/communiques\/1112\/revisions"}],"wp:featuredmedia":[{"embeddable":true,"href":"https:\/\/www.ogbl.lu\/de\/wp-json\/wp\/v2\/media\/4688"}],"wp:attachment":[{"href":"https:\/\/www.ogbl.lu\/de\/wp-json\/wp\/v2\/media?parent=1112"}],"wp:term":[{"taxonomy":"categorie_communiques","embeddable":true,"href":"https:\/\/www.ogbl.lu\/de\/wp-json\/wp\/v2\/categorie_communiques?post=1112"},{"taxonomy":"syndicat","embeddable":true,"href":"https:\/\/www.ogbl.lu\/de\/wp-json\/wp\/v2\/syndicat?post=1112"}],"curies":[{"name":"wp","href":"https:\/\/api.w.org\/{rel}","templated":true}]}}

Der OGBL fordert die Regierung auf das Gesetz zu ändern und den Diskriminierungen ein Ende zu setzen

<p><a href="https://www.ogbl.lu/wp-content/uploads/communiques/etudiants1.jpg"><img loading="lazy" decoding="async" class="alignleft size-full wp-image-6678" title="etudiants" src="https://www.ogbl.lu/wp-content/uploads/communiques/etudiants1.jpg" alt="" width="225" height="150" /></a>Die Europäische Kommission hat heute Morgen eine im Artikel 258 des Vertrags über die Funktionsweise der europäischen Union vorgesehene „mit Gründen versehene Stellungnahme“ an Luxemburg gerichtet und die Regierung aufgefordert, die Diskriminierung der Grenzgänger und ihrer Familienangehörigen bei der Vergabe von Studienbeihilfen sowie Familienleistungen wie dem sogenannten „Kinderbonus“ zu beenden.<br />
Dies ist eine neue Etappe in dem von der Kommission gegen Luxemburg eingeleiteten Verfahren aufgrund der Beschwerde, die der OGBL Anfang August 2010 bei der Europäischen Kommission eingereicht hatte.</p>
<p>Anstatt sich stur zu stellen und eine Verurteilung durch den Europäischen Gerichtshof zu riskieren, müsste die Regierung endlich eingestehen, dass das Gesetz vom 26. Juli 2010 ein juristischer und politischer Fehler war, den es schnellstens zu beheben gilt.</p>
<p>Der OGBL appelliert deshalb eindringlich an die Regierung das Gesetz zu ändern und es in Übereinstimmung mit den EU-Bestimmungen zu bringen.</p>
<p><strong>Mitgeteilt vom OGBL</strong><br />
<strong> am 27. Februar 2012</strong></p>

<!-- This site is optimized with the Yoast SEO plugin v23.1 - https://yoast.com/wordpress/plugins/seo/ -->
<title>Der OGBL fordert die Regierung auf das Gesetz zu ändern und den Diskriminierungen ein Ende zu setzen - OGBL</title>
<meta name="robots" content="index, follow, max-snippet:-1, max-image-preview:large, max-video-preview:-1" />
<link rel="canonical" href="https://www.ogbl.lu/communique/logbl-demande-au-gouvernement-de-modifier-la-loi-et-de-mettre-fin-aux-discriminations/" />
<meta property="og:locale" content="de_DE" />
<meta property="og:type" content="article" />
<meta property="og:title" content="[:fr]L’OGBL demande au gouvernement de modifier la loi et de mettre fin aux discriminations[:de]Der OGBL fordert die Regierung auf das Gesetz zu ändern und den Diskriminierungen ein Ende zu setzen[:en]L’OGBL demande au gouvernement de modifier la loi et de mettre fin aux discriminations[:] - OGBL" />
<meta property="og:description" content="Die Europäische Kommission hat heute Morgen eine im Artikel 258 des Vertrags über die Funktionsweise der europäischen Union vorgesehene „mit …" />
<meta property="og:url" content="https://www.ogbl.lu/communique/logbl-demande-au-gouvernement-de-modifier-la-loi-et-de-mettre-fin-aux-discriminations/" />
<meta property="og:site_name" content="OGBL" />
<meta property="article:modified_time" content="2023-05-30T08:27:33+00:00" />
<meta property="og:image" content="https://www.ogbl.lu/wp-content/uploads/2012/02/etudiants1.jpg" />
	<meta property="og:image:width" content="225" />
	<meta property="og:image:height" content="150" />
	<meta property="og:image:type" content="image/jpeg" />
<meta name="twitter:card" content="summary_large_image" />
<meta name="twitter:label1" content="Est. reading time" />
	<meta name="twitter:data1" content="2 Minuten" />
<script type="application/ld+json" class="yoast-schema-graph">{"@context":"https://schema.org","@graph":[{"@type":"WebPage","@id":"https://www.ogbl.lu/communique/logbl-demande-au-gouvernement-de-modifier-la-loi-et-de-mettre-fin-aux-discriminations/","url":"https://www.ogbl.lu/communique/logbl-demande-au-gouvernement-de-modifier-la-loi-et-de-mettre-fin-aux-discriminations/","name":"[:fr]L’OGBL demande au gouvernement de modifier la loi et de mettre fin aux discriminations[:de]Der OGBL fordert die Regierung auf das Gesetz zu ändern und den Diskriminierungen ein Ende zu setzen[:en]L’OGBL demande au gouvernement de modifier la loi et de mettre fin aux discriminations[:] - OGBL","isPartOf":{"@id":"https://www.ogbl.lu/de/#website"},"primaryImageOfPage":{"@id":"https://www.ogbl.lu/communique/logbl-demande-au-gouvernement-de-modifier-la-loi-et-de-mettre-fin-aux-discriminations/#primaryimage"},"image":{"@id":"https://www.ogbl.lu/communique/logbl-demande-au-gouvernement-de-modifier-la-loi-et-de-mettre-fin-aux-discriminations/#primaryimage"},"thumbnailUrl":"https://www.ogbl.lu/wp-content/uploads/2012/02/etudiants1.jpg","datePublished":"2012-02-27T15:06:32+00:00","dateModified":"2023-05-30T08:27:33+00:00","breadcrumb":{"@id":"https://www.ogbl.lu/communique/logbl-demande-au-gouvernement-de-modifier-la-loi-et-de-mettre-fin-aux-discriminations/#breadcrumb"},"inLanguage":"de-DE","potentialAction":[{"@type":"ReadAction","target":["https://www.ogbl.lu/communique/logbl-demande-au-gouvernement-de-modifier-la-loi-et-de-mettre-fin-aux-discriminations/"]}]},{"@type":"ImageObject","inLanguage":"de-DE","@id":"https://www.ogbl.lu/communique/logbl-demande-au-gouvernement-de-modifier-la-loi-et-de-mettre-fin-aux-discriminations/#primaryimage","url":"https://www.ogbl.lu/wp-content/uploads/2012/02/etudiants1.jpg","contentUrl":"https://www.ogbl.lu/wp-content/uploads/2012/02/etudiants1.jpg","width":225,"height":150},{"@type":"BreadcrumbList","@id":"https://www.ogbl.lu/communique/logbl-demande-au-gouvernement-de-modifier-la-loi-et-de-mettre-fin-aux-discriminations/#breadcrumb","itemListElement":[{"@type":"ListItem","position":1,"name":"Home","item":"https://www.ogbl.lu/"},{"@type":"ListItem","position":2,"name":"L’OGBL demande au gouvernement de modifier la loi et de mettre fin aux discriminations"}]},{"@type":"WebSite","@id":"https://www.ogbl.lu/de/#website","url":"https://www.ogbl.lu/de/","name":"OGBL","description":"DIE GEWERKSCHAFT","publisher":{"@id":"https://www.ogbl.lu/de/#organization"},"potentialAction":[{"@type":"SearchAction","target":{"@type":"EntryPoint","urlTemplate":"https://www.ogbl.lu/de/?s={search_term_string}"},"query-input":"required name=search_term_string"}],"inLanguage":"de-DE"},{"@type":"Organization","@id":"https://www.ogbl.lu/de/#organization","name":"OGBL","url":"https://www.ogbl.lu/de/","logo":{"@type":"ImageObject","inLanguage":"de-DE","@id":"https://www.ogbl.lu/de/#/schema/logo/image/","url":"https://www.ogbl.lu/wp-content/uploads/2024/07/LOGO_Red_FR-svg.png","contentUrl":"https://www.ogbl.lu/wp-content/uploads/2024/07/LOGO_Red_FR-svg.png","width":369,"height":171,"caption":"OGBL"},"image":{"@id":"https://www.ogbl.lu/de/#/schema/logo/image/"}}]}</script>
<!-- / Yoast SEO plugin. -->

[:fr]L’OGBL demande au gouvernement de modifier la loi et de mettre fin aux discriminations[:de]Der OGBL fordert die Regierung auf das Gesetz zu ändern und den Diskriminierungen ein Ende zu setzen[:en]L’OGBL demande au gouvernement de modifier la loi et de mettre fin aux discriminations[:] - OGBL

Die Europäische Kommission hat heute Morgen eine im Artikel 258 des Vertrags über die Funktionsweise der europäischen Union vorgesehene „mit …
