{"id":1073,"date":"2012-01-16T12:11:47","date_gmt":"2012-01-16T11:11:47","guid":{"rendered":"https:\/\/www.ogbl.lu\/communiques\/la-dac-menace-de-ne-pas-prolonger-les-licences-des-controleurs-de-la-tour"},"modified":"2023-05-23T19:44:25","modified_gmt":"2023-05-23T17:44:25","slug":"la-dac-menace-de-ne-pas-prolonger-les-licences-des-controleurs-de-la-tour","status":"publish","type":"communiques","link":"https:\/\/www.ogbl.lu\/de\/communique\/la-dac-menace-de-ne-pas-prolonger-les-licences-des-controleurs-de-la-tour\/","title":{"rendered":"Direktor der DAC droht Fluglotsen mit Nicht-Verl\u00e4ngerung der Lizenz"},"content":{"rendered":"<p><img loading=\"lazy\" decoding=\"async\" class=\"alignleft size-full wp-image-4916\" title=\"airport\" src=\"https:\/\/www.ogbl.lu\/wp-content\/uploads\/communiques\/airport.jpg\" alt=\"\" width=\"150\" height=\"150\" \/>Der Streit zwischen dem Direktor der Zivilluftfahrtbeh\u00f6rde DAC (Direction de l\u2019Aviation civile) und der Flughafenverwaltung ANA (Administration de la Navigation A\u00e9rienne) sowie dem Transportministerium spitzt sich zu.<\/p>\n<p>Alle Fluglotsen erhielten heute einen Einschreibebrief in welchem der Direktor der DAC dieselben auffordert, ihm unverz\u00fcglich eine detaillierte Auflistung der Anwesenheitsstunden am Arbeitsplatz f\u00fcr das Jahr 2011 sowie f\u00fcr die Periode vom 1. bis 16. Januar 2012 zukommen zu lassen, andernfalls er deren Lizenzen nicht verl\u00e4ngern werde. Die Vorgehensweise des DAC-Direktors steht in flagrantem Widerspruch zur Abmachung, die noch am Freitag mit dem Transportministerium und der Direktion der ANA getroffen wurde, der zufolge die DAC l\u00e4ngst im Besitz der angeforderten Unterlagen ist.<\/p>\n<p>Sollte der Direktor der DAC seine Drohung wahrmachen, w\u00fcrde dies konkret bedeuten, dass die Aktivit\u00e4ten am Tower auf Findel ab morgen, 24.00 Uhr, eingestellt werden m\u00fcssten. Dies h\u00e4tte zur Folge, dass ab morgen Mitternacht kein Flugzeug mehr auf Findel landen und starten k\u00f6nnte.<\/p>\n<p>Der OGBL verurteilt die Vorgehensweise des Direktors der DAC aufs sch\u00e4rfste, sie schadet der gesamten Flughafenaktivit\u00e4t. Der OGBL verlangt endlich einen konstruktiven Dialog seitens des DAC-Direktors.<\/p>\n<p><strong>Mitgeteilt vom OGBL-Syndikat zivile Luftfahrt<br \/>\nam 16. Januar 2012<\/strong><\/p>","protected":false},"author":1,"featured_media":4718,"template":"","categorie_communiques":[44],"syndicat":[68],"acf":[],"yoast_head":"<!-- This site is optimized with the Yoast SEO plugin v23.1 - https:\/\/yoast.com\/wordpress\/plugins\/seo\/ -->\r\n<title>Direktor der DAC droht Fluglotsen mit Nicht-Verl\u00e4ngerung der Lizenz - OGBL<\/title>\r\n<meta name=\"robots\" content=\"index, follow, max-snippet:-1, max-image-preview:large, max-video-preview:-1\" \/>\r\n<link rel=\"canonical\" href=\"https:\/\/www.ogbl.lu\/communique\/la-dac-menace-de-ne-pas-prolonger-les-licences-des-controleurs-de-la-tour\/\" \/>\r\n<meta property=\"og:locale\" content=\"de_DE\" \/>\r\n<meta property=\"og:type\" content=\"article\" \/>\r\n<meta property=\"og:title\" content=\"[:fr]La DAC menace de ne pas prolonger les licences des contr\u00f4leurs de la tour[:de]Direktor der DAC droht Fluglotsen mit Nicht-Verl\u00e4ngerung der Lizenz[:] - OGBL\" \/>\r\n<meta property=\"og:description\" content=\"Der Streit zwischen dem Direktor der Zivilluftfahrtbeh\u00f6rde DAC (Direction de l\u2019Aviation civile) und der Flughafenverwaltung ANA (Administration de la Navigation \u2026\" \/>\r\n<meta property=\"og:url\" content=\"https:\/\/www.ogbl.lu\/communique\/la-dac-menace-de-ne-pas-prolonger-les-licences-des-controleurs-de-la-tour\/\" \/>\r\n<meta property=\"og:site_name\" content=\"OGBL\" \/>\r\n<meta property=\"article:modified_time\" content=\"2023-05-23T17:44:25+00:00\" \/>\r\n<meta property=\"og:image\" content=\"https:\/\/www.ogbl.lu\/wp-content\/uploads\/2012\/01\/airport.jpg\" \/>\r\n\t<meta property=\"og:image:width\" content=\"150\" \/>\r\n\t<meta property=\"og:image:height\" content=\"150\" \/>\r\n\t<meta property=\"og:image:type\" content=\"image\/jpeg\" \/>\r\n<meta name=\"twitter:card\" content=\"summary_large_image\" \/>\r\n<meta name=\"twitter:label1\" content=\"Est. reading time\" \/>\n\t<meta name=\"twitter:data1\" content=\"2 Minuten\" \/>\r\n<script type=\"application\/ld+json\" class=\"yoast-schema-graph\">{\"@context\":\"https:\/\/schema.org\",\"@graph\":[{\"@type\":\"WebPage\",\"@id\":\"https:\/\/www.ogbl.lu\/communique\/la-dac-menace-de-ne-pas-prolonger-les-licences-des-controleurs-de-la-tour\/\",\"url\":\"https:\/\/www.ogbl.lu\/communique\/la-dac-menace-de-ne-pas-prolonger-les-licences-des-controleurs-de-la-tour\/\",\"name\":\"[:fr]La DAC menace de ne pas prolonger les licences des contr\u00f4leurs de la tour[:de]Direktor der DAC droht Fluglotsen mit Nicht-Verl\u00e4ngerung der Lizenz[:] - OGBL\",\"isPartOf\":{\"@id\":\"https:\/\/www.ogbl.lu\/de\/#website\"},\"primaryImageOfPage\":{\"@id\":\"https:\/\/www.ogbl.lu\/communique\/la-dac-menace-de-ne-pas-prolonger-les-licences-des-controleurs-de-la-tour\/#primaryimage\"},\"image\":{\"@id\":\"https:\/\/www.ogbl.lu\/communique\/la-dac-menace-de-ne-pas-prolonger-les-licences-des-controleurs-de-la-tour\/#primaryimage\"},\"thumbnailUrl\":\"https:\/\/www.ogbl.lu\/wp-content\/uploads\/2012\/01\/airport.jpg\",\"datePublished\":\"2012-01-16T11:11:47+00:00\",\"dateModified\":\"2023-05-23T17:44:25+00:00\",\"breadcrumb\":{\"@id\":\"https:\/\/www.ogbl.lu\/communique\/la-dac-menace-de-ne-pas-prolonger-les-licences-des-controleurs-de-la-tour\/#breadcrumb\"},\"inLanguage\":\"de-DE\",\"potentialAction\":[{\"@type\":\"ReadAction\",\"target\":[\"https:\/\/www.ogbl.lu\/communique\/la-dac-menace-de-ne-pas-prolonger-les-licences-des-controleurs-de-la-tour\/\"]}]},{\"@type\":\"ImageObject\",\"inLanguage\":\"de-DE\",\"@id\":\"https:\/\/www.ogbl.lu\/communique\/la-dac-menace-de-ne-pas-prolonger-les-licences-des-controleurs-de-la-tour\/#primaryimage\",\"url\":\"https:\/\/www.ogbl.lu\/wp-content\/uploads\/2012\/01\/airport.jpg\",\"contentUrl\":\"https:\/\/www.ogbl.lu\/wp-content\/uploads\/2012\/01\/airport.jpg\",\"width\":150,\"height\":150},{\"@type\":\"BreadcrumbList\",\"@id\":\"https:\/\/www.ogbl.lu\/communique\/la-dac-menace-de-ne-pas-prolonger-les-licences-des-controleurs-de-la-tour\/#breadcrumb\",\"itemListElement\":[{\"@type\":\"ListItem\",\"position\":1,\"name\":\"Home\",\"item\":\"https:\/\/www.ogbl.lu\/\"},{\"@type\":\"ListItem\",\"position\":2,\"name\":\"La DAC menace de ne pas prolonger les licences des contr\u00f4leurs de la tour\"}]},{\"@type\":\"WebSite\",\"@id\":\"https:\/\/www.ogbl.lu\/de\/#website\",\"url\":\"https:\/\/www.ogbl.lu\/de\/\",\"name\":\"OGBL\",\"description\":\"DIE GEWERKSCHAFT\",\"publisher\":{\"@id\":\"https:\/\/www.ogbl.lu\/de\/#organization\"},\"potentialAction\":[{\"@type\":\"SearchAction\",\"target\":{\"@type\":\"EntryPoint\",\"urlTemplate\":\"https:\/\/www.ogbl.lu\/de\/?s={search_term_string}\"},\"query-input\":\"required name=search_term_string\"}],\"inLanguage\":\"de-DE\"},{\"@type\":\"Organization\",\"@id\":\"https:\/\/www.ogbl.lu\/de\/#organization\",\"name\":\"OGBL\",\"url\":\"https:\/\/www.ogbl.lu\/de\/\",\"logo\":{\"@type\":\"ImageObject\",\"inLanguage\":\"de-DE\",\"@id\":\"https:\/\/www.ogbl.lu\/de\/#\/schema\/logo\/image\/\",\"url\":\"https:\/\/www.ogbl.lu\/wp-content\/uploads\/2024\/07\/LOGO_Red_FR-svg.png\",\"contentUrl\":\"https:\/\/www.ogbl.lu\/wp-content\/uploads\/2024\/07\/LOGO_Red_FR-svg.png\",\"width\":369,\"height\":171,\"caption\":\"OGBL\"},\"image\":{\"@id\":\"https:\/\/www.ogbl.lu\/de\/#\/schema\/logo\/image\/\"}}]}<\/script>\r\n<!-- \/ Yoast SEO plugin. -->","yoast_head_json":{"title":"[:fr]La DAC menace de ne pas prolonger les licences des contr\u00f4leurs de la tour[:de]Direktor der DAC droht Fluglotsen mit Nicht-Verl\u00e4ngerung der Lizenz[:] - OGBL","robots":{"index":"index","follow":"follow","max-snippet":"max-snippet:-1","max-image-preview":"max-image-preview:large","max-video-preview":"max-video-preview:-1"},"canonical":"https:\/\/www.ogbl.lu\/communique\/la-dac-menace-de-ne-pas-prolonger-les-licences-des-controleurs-de-la-tour\/","og_locale":"de_DE","og_type":"article","og_title":"[:fr]La DAC menace de ne pas prolonger les licences des contr\u00f4leurs de la tour[:de]Direktor der DAC droht Fluglotsen mit Nicht-Verl\u00e4ngerung der Lizenz[:] - OGBL","og_description":"Der Streit zwischen dem Direktor der Zivilluftfahrtbeh\u00f6rde DAC (Direction de l\u2019Aviation civile) und der Flughafenverwaltung ANA (Administration de la Navigation \u2026","og_url":"https:\/\/www.ogbl.lu\/communique\/la-dac-menace-de-ne-pas-prolonger-les-licences-des-controleurs-de-la-tour\/","og_site_name":"OGBL","article_modified_time":"2023-05-23T17:44:25+00:00","og_image":[{"width":150,"height":150,"url":"https:\/\/www.ogbl.lu\/wp-content\/uploads\/2012\/01\/airport.jpg","type":"image\/jpeg"}],"twitter_card":"summary_large_image","twitter_misc":{"Est. reading time":"2 Minuten"},"schema":{"@context":"https:\/\/schema.org","@graph":[{"@type":"WebPage","@id":"https:\/\/www.ogbl.lu\/communique\/la-dac-menace-de-ne-pas-prolonger-les-licences-des-controleurs-de-la-tour\/","url":"https:\/\/www.ogbl.lu\/communique\/la-dac-menace-de-ne-pas-prolonger-les-licences-des-controleurs-de-la-tour\/","name":"[:fr]La DAC menace de ne pas prolonger les licences des contr\u00f4leurs de la tour[:de]Direktor der DAC droht Fluglotsen mit Nicht-Verl\u00e4ngerung der Lizenz[:] - OGBL","isPartOf":{"@id":"https:\/\/www.ogbl.lu\/de\/#website"},"primaryImageOfPage":{"@id":"https:\/\/www.ogbl.lu\/communique\/la-dac-menace-de-ne-pas-prolonger-les-licences-des-controleurs-de-la-tour\/#primaryimage"},"image":{"@id":"https:\/\/www.ogbl.lu\/communique\/la-dac-menace-de-ne-pas-prolonger-les-licences-des-controleurs-de-la-tour\/#primaryimage"},"thumbnailUrl":"https:\/\/www.ogbl.lu\/wp-content\/uploads\/2012\/01\/airport.jpg","datePublished":"2012-01-16T11:11:47+00:00","dateModified":"2023-05-23T17:44:25+00:00","breadcrumb":{"@id":"https:\/\/www.ogbl.lu\/communique\/la-dac-menace-de-ne-pas-prolonger-les-licences-des-controleurs-de-la-tour\/#breadcrumb"},"inLanguage":"de-DE","potentialAction":[{"@type":"ReadAction","target":["https:\/\/www.ogbl.lu\/communique\/la-dac-menace-de-ne-pas-prolonger-les-licences-des-controleurs-de-la-tour\/"]}]},{"@type":"ImageObject","inLanguage":"de-DE","@id":"https:\/\/www.ogbl.lu\/communique\/la-dac-menace-de-ne-pas-prolonger-les-licences-des-controleurs-de-la-tour\/#primaryimage","url":"https:\/\/www.ogbl.lu\/wp-content\/uploads\/2012\/01\/airport.jpg","contentUrl":"https:\/\/www.ogbl.lu\/wp-content\/uploads\/2012\/01\/airport.jpg","width":150,"height":150},{"@type":"BreadcrumbList","@id":"https:\/\/www.ogbl.lu\/communique\/la-dac-menace-de-ne-pas-prolonger-les-licences-des-controleurs-de-la-tour\/#breadcrumb","itemListElement":[{"@type":"ListItem","position":1,"name":"Home","item":"https:\/\/www.ogbl.lu\/"},{"@type":"ListItem","position":2,"name":"La DAC menace de ne pas prolonger les licences des contr\u00f4leurs de la tour"}]},{"@type":"WebSite","@id":"https:\/\/www.ogbl.lu\/de\/#website","url":"https:\/\/www.ogbl.lu\/de\/","name":"OGBL","description":"DIE GEWERKSCHAFT","publisher":{"@id":"https:\/\/www.ogbl.lu\/de\/#organization"},"potentialAction":[{"@type":"SearchAction","target":{"@type":"EntryPoint","urlTemplate":"https:\/\/www.ogbl.lu\/de\/?s={search_term_string}"},"query-input":"required name=search_term_string"}],"inLanguage":"de-DE"},{"@type":"Organization","@id":"https:\/\/www.ogbl.lu\/de\/#organization","name":"OGBL","url":"https:\/\/www.ogbl.lu\/de\/","logo":{"@type":"ImageObject","inLanguage":"de-DE","@id":"https:\/\/www.ogbl.lu\/de\/#\/schema\/logo\/image\/","url":"https:\/\/www.ogbl.lu\/wp-content\/uploads\/2024\/07\/LOGO_Red_FR-svg.png","contentUrl":"https:\/\/www.ogbl.lu\/wp-content\/uploads\/2024\/07\/LOGO_Red_FR-svg.png","width":369,"height":171,"caption":"OGBL"},"image":{"@id":"https:\/\/www.ogbl.lu\/de\/#\/schema\/logo\/image\/"}}]}},"_links":{"self":[{"href":"https:\/\/www.ogbl.lu\/de\/wp-json\/wp\/v2\/communiques\/1073"}],"collection":[{"href":"https:\/\/www.ogbl.lu\/de\/wp-json\/wp\/v2\/communiques"}],"about":[{"href":"https:\/\/www.ogbl.lu\/de\/wp-json\/wp\/v2\/types\/communiques"}],"author":[{"embeddable":true,"href":"https:\/\/www.ogbl.lu\/de\/wp-json\/wp\/v2\/users\/1"}],"version-history":[{"count":0,"href":"https:\/\/www.ogbl.lu\/de\/wp-json\/wp\/v2\/communiques\/1073\/revisions"}],"wp:featuredmedia":[{"embeddable":true,"href":"https:\/\/www.ogbl.lu\/de\/wp-json\/wp\/v2\/media\/4718"}],"wp:attachment":[{"href":"https:\/\/www.ogbl.lu\/de\/wp-json\/wp\/v2\/media?parent=1073"}],"wp:term":[{"taxonomy":"categorie_communiques","embeddable":true,"href":"https:\/\/www.ogbl.lu\/de\/wp-json\/wp\/v2\/categorie_communiques?post=1073"},{"taxonomy":"syndicat","embeddable":true,"href":"https:\/\/www.ogbl.lu\/de\/wp-json\/wp\/v2\/syndicat?post=1073"}],"curies":[{"name":"wp","href":"https:\/\/api.w.org\/{rel}","templated":true}]}}

Direktor der DAC droht Fluglotsen mit Nicht-Verlängerung der Lizenz

<p><img loading="lazy" decoding="async" class="alignleft size-full wp-image-4916" title="airport" src="https://www.ogbl.lu/wp-content/uploads/communiques/airport.jpg" alt="" width="150" height="150" />Der Streit zwischen dem Direktor der Zivilluftfahrtbehörde DAC (Direction de l’Aviation civile) und der Flughafenverwaltung ANA (Administration de la Navigation Aérienne) sowie dem Transportministerium spitzt sich zu.</p>
<p>Alle Fluglotsen erhielten heute einen Einschreibebrief in welchem der Direktor der DAC dieselben auffordert, ihm unverzüglich eine detaillierte Auflistung der Anwesenheitsstunden am Arbeitsplatz für das Jahr 2011 sowie für die Periode vom 1. bis 16. Januar 2012 zukommen zu lassen, andernfalls er deren Lizenzen nicht verlängern werde. Die Vorgehensweise des DAC-Direktors steht in flagrantem Widerspruch zur Abmachung, die noch am Freitag mit dem Transportministerium und der Direktion der ANA getroffen wurde, der zufolge die DAC längst im Besitz der angeforderten Unterlagen ist.</p>
<p>Sollte der Direktor der DAC seine Drohung wahrmachen, würde dies konkret bedeuten, dass die Aktivitäten am Tower auf Findel ab morgen, 24.00 Uhr, eingestellt werden müssten. Dies hätte zur Folge, dass ab morgen Mitternacht kein Flugzeug mehr auf Findel landen und starten könnte.</p>
<p>Der OGBL verurteilt die Vorgehensweise des Direktors der DAC aufs schärfste, sie schadet der gesamten Flughafenaktivität. Der OGBL verlangt endlich einen konstruktiven Dialog seitens des DAC-Direktors.</p>
<p><strong>Mitgeteilt vom OGBL-Syndikat zivile Luftfahrt<br />
am 16. Januar 2012</strong></p>

<!-- This site is optimized with the Yoast SEO plugin v23.1 - https://yoast.com/wordpress/plugins/seo/ -->
<title>Direktor der DAC droht Fluglotsen mit Nicht-Verlängerung der Lizenz - OGBL</title>
<meta name="robots" content="index, follow, max-snippet:-1, max-image-preview:large, max-video-preview:-1" />
<link rel="canonical" href="https://www.ogbl.lu/communique/la-dac-menace-de-ne-pas-prolonger-les-licences-des-controleurs-de-la-tour/" />
<meta property="og:locale" content="de_DE" />
<meta property="og:type" content="article" />
<meta property="og:title" content="[:fr]La DAC menace de ne pas prolonger les licences des contrôleurs de la tour[:de]Direktor der DAC droht Fluglotsen mit Nicht-Verlängerung der Lizenz[:] - OGBL" />
<meta property="og:description" content="Der Streit zwischen dem Direktor der Zivilluftfahrtbehörde DAC (Direction de l’Aviation civile) und der Flughafenverwaltung ANA (Administration de la Navigation …" />
<meta property="og:url" content="https://www.ogbl.lu/communique/la-dac-menace-de-ne-pas-prolonger-les-licences-des-controleurs-de-la-tour/" />
<meta property="og:site_name" content="OGBL" />
<meta property="article:modified_time" content="2023-05-23T17:44:25+00:00" />
<meta property="og:image" content="https://www.ogbl.lu/wp-content/uploads/2012/01/airport.jpg" />
	<meta property="og:image:width" content="150" />
	<meta property="og:image:height" content="150" />
	<meta property="og:image:type" content="image/jpeg" />
<meta name="twitter:card" content="summary_large_image" />
<meta name="twitter:label1" content="Est. reading time" />
	<meta name="twitter:data1" content="2 Minuten" />
<script type="application/ld+json" class="yoast-schema-graph">{"@context":"https://schema.org","@graph":[{"@type":"WebPage","@id":"https://www.ogbl.lu/communique/la-dac-menace-de-ne-pas-prolonger-les-licences-des-controleurs-de-la-tour/","url":"https://www.ogbl.lu/communique/la-dac-menace-de-ne-pas-prolonger-les-licences-des-controleurs-de-la-tour/","name":"[:fr]La DAC menace de ne pas prolonger les licences des contrôleurs de la tour[:de]Direktor der DAC droht Fluglotsen mit Nicht-Verlängerung der Lizenz[:] - OGBL","isPartOf":{"@id":"https://www.ogbl.lu/de/#website"},"primaryImageOfPage":{"@id":"https://www.ogbl.lu/communique/la-dac-menace-de-ne-pas-prolonger-les-licences-des-controleurs-de-la-tour/#primaryimage"},"image":{"@id":"https://www.ogbl.lu/communique/la-dac-menace-de-ne-pas-prolonger-les-licences-des-controleurs-de-la-tour/#primaryimage"},"thumbnailUrl":"https://www.ogbl.lu/wp-content/uploads/2012/01/airport.jpg","datePublished":"2012-01-16T11:11:47+00:00","dateModified":"2023-05-23T17:44:25+00:00","breadcrumb":{"@id":"https://www.ogbl.lu/communique/la-dac-menace-de-ne-pas-prolonger-les-licences-des-controleurs-de-la-tour/#breadcrumb"},"inLanguage":"de-DE","potentialAction":[{"@type":"ReadAction","target":["https://www.ogbl.lu/communique/la-dac-menace-de-ne-pas-prolonger-les-licences-des-controleurs-de-la-tour/"]}]},{"@type":"ImageObject","inLanguage":"de-DE","@id":"https://www.ogbl.lu/communique/la-dac-menace-de-ne-pas-prolonger-les-licences-des-controleurs-de-la-tour/#primaryimage","url":"https://www.ogbl.lu/wp-content/uploads/2012/01/airport.jpg","contentUrl":"https://www.ogbl.lu/wp-content/uploads/2012/01/airport.jpg","width":150,"height":150},{"@type":"BreadcrumbList","@id":"https://www.ogbl.lu/communique/la-dac-menace-de-ne-pas-prolonger-les-licences-des-controleurs-de-la-tour/#breadcrumb","itemListElement":[{"@type":"ListItem","position":1,"name":"Home","item":"https://www.ogbl.lu/"},{"@type":"ListItem","position":2,"name":"La DAC menace de ne pas prolonger les licences des contrôleurs de la tour"}]},{"@type":"WebSite","@id":"https://www.ogbl.lu/de/#website","url":"https://www.ogbl.lu/de/","name":"OGBL","description":"DIE GEWERKSCHAFT","publisher":{"@id":"https://www.ogbl.lu/de/#organization"},"potentialAction":[{"@type":"SearchAction","target":{"@type":"EntryPoint","urlTemplate":"https://www.ogbl.lu/de/?s={search_term_string}"},"query-input":"required name=search_term_string"}],"inLanguage":"de-DE"},{"@type":"Organization","@id":"https://www.ogbl.lu/de/#organization","name":"OGBL","url":"https://www.ogbl.lu/de/","logo":{"@type":"ImageObject","inLanguage":"de-DE","@id":"https://www.ogbl.lu/de/#/schema/logo/image/","url":"https://www.ogbl.lu/wp-content/uploads/2024/07/LOGO_Red_FR-svg.png","contentUrl":"https://www.ogbl.lu/wp-content/uploads/2024/07/LOGO_Red_FR-svg.png","width":369,"height":171,"caption":"OGBL"},"image":{"@id":"https://www.ogbl.lu/de/#/schema/logo/image/"}}]}</script>
<!-- / Yoast SEO plugin. -->

[:fr]La DAC menace de ne pas prolonger les licences des contrôleurs de la tour[:de]Direktor der DAC droht Fluglotsen mit Nicht-Verlängerung der Lizenz[:] - OGBL

Der Streit zwischen dem Direktor der Zivilluftfahrtbehörde DAC (Direction de l’Aviation civile) und der Flughafenverwaltung ANA (Administration de la Navigation …

La DAC menace de ne pas prolonger les licences des contrôleurs de la tour
